{"id":96243,"date":"2023-08-14T13:44:56","date_gmt":"2023-08-14T11:44:56","guid":{"rendered":"https:\/\/www.luxor.cz\/blog\/produkt\/hitparada-60-leta-2cd\/"},"modified":"2023-08-14T13:44:57","modified_gmt":"2023-08-14T11:44:57","slug":"hitparada-60-leta-2cd","status":"publish","type":"product","link":"https:\/\/www.luxor.cz\/blog\/produkt\/hitparada-60-leta-2cd\/","title":{"rendered":"Hitpar\u00e1da 60. l\u00e9ta &#8211; 2CD"},"content":{"rendered":"<p>Produkt &#8222;Hitpar\u00e1da 60. l\u00e9ta &#8211; 2CD&#8220; spad\u00e1 do \u017e\u00e1nru CD. Jedn\u00e1 se o po\u010din nakladatelstv\u00ed &#8222;Supraphon&#8220; z roku 2004.<\/p>\n","protected":false},"excerpt":{"rendered":"<p>Produkt &#8222;Hitpar\u00e1da 60. l\u00e9ta &#8211; 2CD&#8220; spad\u00e1 do \u017e\u00e1nru CD. Jedn\u00e1 se o po\u010din nakladatelstv\u00ed &#8222;Supraphon&#8220; z roku 2004.<\/p>\n","protected":false},"featured_media":0,"comment_status":"closed","ping_status":"open","template":"","meta":{"_acf_changed":false,"_monsterinsights_skip_tracking":false,"_monsterinsights_sitenote_active":false,"_monsterinsights_sitenote_note":"","_monsterinsights_sitenote_category":0,"_EventAllDay":false,"_EventTimezone":"","_EventStartDate":"","_EventEndDate":"","_EventStartDateUTC":"","_EventEndDateUTC":"","_EventShowMap":false,"_EventShowMapLink":false,"_EventURL":"","_EventCost":"","_EventCostDescription":"","_EventCurrencySymbol":"","_EventCurrencyCode":"","_EventCurrencyPosition":"","_EventDateTimeSeparator":"","_EventTimeRangeSeparator":"","_EventOrganizerID":[],"_EventVenueID":[],"_OrganizerEmail":"","_OrganizerPhone":"","_OrganizerWebsite":"","_VenueAddress":"","_VenueCity":"","_VenueCountry":"","_VenueProvince":"","_VenueState":"","_VenueZip":"","_VenuePhone":"","_VenueURL":"","_VenueStateProvince":"","_VenueLat":"","_VenueLng":"","_VenueShowMap":false,"_VenueShowMapLink":false,"twitterCardType":"","cardImageID":0,"cardImage":"","cardTitle":"","cardDesc":"","cardImageAlt":"","cardPlayer":"","cardPlayerWidth":0,"cardPlayerHeight":0,"cardPlayerStream":"","cardPlayerCodec":""},"product_cat":[],"product_tag":[],"class_list":["post-96243","product","type-product","status-publish","hentry"],"acf":{"description":"Produkt \"Hitpar\u00e1da 60. l\u00e9ta - 2CD\" spad\u00e1 do \u017e\u00e1nru CD. Jedn\u00e1 se o po\u010din nakladatelstv\u00ed \"Supraphon\" z roku 2004.","item_id":"LX1688572","productname":"Hitpar\u00e1da 60. l\u00e9ta - 2CD","product":"Hitpar\u00e1da 60. l\u00e9ta - 2CD","url":"https:\/\/www.luxor.cz\/v\/1688572\/hitparada-60-leta-2cd","imgurl":"https:\/\/img.luxor.cz\/orig\/produkty\/099925554224.jpg","price_vat":"281.00","margin":"","vat":"","paramname1":"","paramval1":"","paramname2":"","paramval2":"","paramname3":"","paramval3":"","paramname4":"","paramval4":"","paramname5":"","paramval5":"","paramname6":"","paramval6":"","paramname7":"","paramval7":"","paramname8":"","paramval8":"","paramname9":"","paramval9":"","paramname10":"","paramval10":"","ean":"099925554224","manufacturer":"Supraphon","categorytext":""},"_links":{"self":[{"href":"https:\/\/www.luxor.cz\/blog\/wp-json\/wp\/v2\/product\/96243","targetHints":{"allow":["GET"]}}],"collection":[{"href":"https:\/\/www.luxor.cz\/blog\/wp-json\/wp\/v2\/product"}],"about":[{"href":"https:\/\/www.luxor.cz\/blog\/wp-json\/wp\/v2\/types\/product"}],"replies":[{"embeddable":true,"href":"https:\/\/www.luxor.cz\/blog\/wp-json\/wp\/v2\/comments?post=96243"}],"wp:attachment":[{"href":"https:\/\/www.luxor.cz\/blog\/wp-json\/wp\/v2\/media?parent=96243"}],"wp:term":[{"taxonomy":"product_cat","embeddable":true,"href":"https:\/\/www.luxor.cz\/blog\/wp-json\/wp\/v2\/product_cat?post=96243"},{"taxonomy":"product_tag","embeddable":true,"href":"https:\/\/www.luxor.cz\/blog\/wp-json\/wp\/v2\/product_tag?post=96243"}],"curies":[{"name":"wp","href":"https:\/\/api.w.org\/{rel}","templated":true}]}}