{"id":93639,"date":"2023-08-14T13:24:24","date_gmt":"2023-08-14T11:24:24","guid":{"rendered":"https:\/\/www.luxor.cz\/blog\/produkt\/eticka-vychova-pracovni-listy-6-7-rocnik\/"},"modified":"2023-08-14T13:24:24","modified_gmt":"2023-08-14T11:24:24","slug":"eticka-vychova-pracovni-listy-6-7-rocnik","status":"publish","type":"product","link":"https:\/\/www.luxor.cz\/blog\/produkt\/eticka-vychova-pracovni-listy-6-7-rocnik\/","title":{"rendered":"Etick\u00e1 v\u00fdchova &#8211; Pracovn\u00ed listy 6.-7. ro\u010dn\u00edk"},"content":{"rendered":"<p>Pracovn\u00ed listy jsou zam\u011b\u0159eny na rozvoj znalost\u00ed a dovednost\u00ed \u017e\u00e1k\u016f. Jsou sou\u010d\u00e1st\u00ed \u0159ady u\u010debnic pro etickou v\u00fdchovu.<\/p>\n","protected":false},"excerpt":{"rendered":"<p>Pracovn\u00ed listy jsou zam\u011b\u0159eny na rozvoj znalost\u00ed a dovednost\u00ed \u017e\u00e1k\u016f. Jsou sou\u010d\u00e1st\u00ed \u0159ady u\u010debnic pro etickou v\u00fdchovu.<\/p>\n","protected":false},"featured_media":0,"comment_status":"closed","ping_status":"open","template":"","meta":{"_acf_changed":false,"_monsterinsights_skip_tracking":false,"_monsterinsights_sitenote_active":false,"_monsterinsights_sitenote_note":"","_monsterinsights_sitenote_category":0,"_EventAllDay":false,"_EventTimezone":"","_EventStartDate":"","_EventEndDate":"","_EventStartDateUTC":"","_EventEndDateUTC":"","_EventShowMap":false,"_EventShowMapLink":false,"_EventURL":"","_EventCost":"","_EventCostDescription":"","_EventCurrencySymbol":"","_EventCurrencyCode":"","_EventCurrencyPosition":"","_EventDateTimeSeparator":"","_EventTimeRangeSeparator":"","_EventOrganizerID":[],"_EventVenueID":[],"_OrganizerEmail":"","_OrganizerPhone":"","_OrganizerWebsite":"","_VenueAddress":"","_VenueCity":"","_VenueCountry":"","_VenueProvince":"","_VenueState":"","_VenueZip":"","_VenuePhone":"","_VenueURL":"","_VenueStateProvince":"","_VenueLat":"","_VenueLng":"","_VenueShowMap":false,"_VenueShowMapLink":false,"twitterCardType":"","cardImageID":0,"cardImage":"","cardTitle":"","cardDesc":"","cardImageAlt":"","cardPlayer":"","cardPlayerWidth":0,"cardPlayerHeight":0,"cardPlayerStream":"","cardPlayerCodec":""},"product_cat":[],"product_tag":[],"class_list":["post-93639","product","type-product","status-publish","hentry"],"acf":{"description":"Pracovn\u00ed listy jsou zam\u011b\u0159eny na rozvoj znalost\u00ed a dovednost\u00ed \u017e\u00e1k\u016f. Jsou sou\u010d\u00e1st\u00ed \u0159ady u\u010debnic pro etickou v\u00fdchovu.","item_id":"LX1676793","productname":"Etick\u00e1 v\u00fdchova - Pracovn\u00ed listy 6.-7. ro\u010dn\u00edk","product":"Etick\u00e1 v\u00fdchova - Pracovn\u00ed listy 6.-7. ro\u010dn\u00edk","url":"https:\/\/www.luxor.cz\/v\/1676793\/eticka-vychova-pracovni-listy-6-7-rocnik","imgurl":"https:\/\/img.luxor.cz\/orig\/produkty\/9788087449608.jpg","price_vat":"200.00","margin":"","vat":"","paramname1":"","paramval1":"","paramname2":"","paramval2":"","paramname3":"","paramval3":"","paramname4":"","paramval4":"","paramname5":"","paramval5":"","paramname6":"","paramval6":"","paramname7":"","paramval7":"","paramname8":"","paramval8":"","paramname9":"","paramval9":"","paramname10":"","paramval10":"","ean":"9788087449608","manufacturer":"Computer Media","categorytext":""},"_links":{"self":[{"href":"https:\/\/www.luxor.cz\/blog\/wp-json\/wp\/v2\/product\/93639","targetHints":{"allow":["GET"]}}],"collection":[{"href":"https:\/\/www.luxor.cz\/blog\/wp-json\/wp\/v2\/product"}],"about":[{"href":"https:\/\/www.luxor.cz\/blog\/wp-json\/wp\/v2\/types\/product"}],"replies":[{"embeddable":true,"href":"https:\/\/www.luxor.cz\/blog\/wp-json\/wp\/v2\/comments?post=93639"}],"wp:attachment":[{"href":"https:\/\/www.luxor.cz\/blog\/wp-json\/wp\/v2\/media?parent=93639"}],"wp:term":[{"taxonomy":"product_cat","embeddable":true,"href":"https:\/\/www.luxor.cz\/blog\/wp-json\/wp\/v2\/product_cat?post=93639"},{"taxonomy":"product_tag","embeddable":true,"href":"https:\/\/www.luxor.cz\/blog\/wp-json\/wp\/v2\/product_tag?post=93639"}],"curies":[{"name":"wp","href":"https:\/\/api.w.org\/{rel}","templated":true}]}}