{"id":88397,"date":"2023-08-14T12:23:42","date_gmt":"2023-08-14T10:23:42","guid":{"rendered":"https:\/\/www.luxor.cz\/blog\/produkt\/harry-potter-magical-creatures-rarach-18-cm\/"},"modified":"2023-08-14T12:23:44","modified_gmt":"2023-08-14T10:23:44","slug":"harry-potter-magical-creatures-rarach-18-cm","status":"publish","type":"product","link":"https:\/\/www.luxor.cz\/blog\/produkt\/harry-potter-magical-creatures-rarach-18-cm\/","title":{"rendered":"Harry Potter: Magical creatures &#8211; Rarach 18 cm"},"content":{"rendered":"<p>Detailn\u011b zpracovan\u00e1 a ru\u010dn\u011b malovan\u00e1 so\u0161ka raracha \u2013 mal\u00e9ho ale nezbedn\u00e9ho tvora. P\u0159esto\u017ee nem\u00e1 k\u0159\u00eddla, ovl\u00e1d\u00e1 um\u011bn\u00ed levitace. Rara\u0161i se dorozum\u00edvaj\u00ed pisklav\u00fdm \u0161vito\u0159en\u00edm, kter\u00e9 je srozumiteln\u00e9 jen jin\u00fdm rarach\u016fm. Nej\u010dast\u011bj\u0161\u00edm m\u00edstem v\u00fdskytu je anglick\u00fd C<\/p>\n","protected":false},"excerpt":{"rendered":"<p>Detailn\u011b zpracovan\u00e1 a ru\u010dn\u011b malovan\u00e1 so\u0161ka raracha \u2013 mal\u00e9ho ale nezbedn\u00e9ho tvora. P\u0159esto\u017ee nem\u00e1 k\u0159\u00eddla, ovl\u00e1d\u00e1 um\u011bn\u00ed levitace. Rara\u0161i se dorozum\u00edvaj\u00ed pisklav\u00fdm \u0161vito\u0159en\u00edm, kter\u00e9 je srozumiteln\u00e9 jen jin\u00fdm rarach\u016fm. Nej\u010dast\u011bj\u0161\u00edm [&hellip;]<\/p>\n","protected":false},"featured_media":0,"comment_status":"closed","ping_status":"open","template":"","meta":{"_acf_changed":false,"_monsterinsights_skip_tracking":false,"_monsterinsights_sitenote_active":false,"_monsterinsights_sitenote_note":"","_monsterinsights_sitenote_category":0,"_EventAllDay":false,"_EventTimezone":"","_EventStartDate":"","_EventEndDate":"","_EventStartDateUTC":"","_EventEndDateUTC":"","_EventShowMap":false,"_EventShowMapLink":false,"_EventURL":"","_EventCost":"","_EventCostDescription":"","_EventCurrencySymbol":"","_EventCurrencyCode":"","_EventCurrencyPosition":"","_EventDateTimeSeparator":"","_EventTimeRangeSeparator":"","_EventOrganizerID":[],"_EventVenueID":[],"_OrganizerEmail":"","_OrganizerPhone":"","_OrganizerWebsite":"","_VenueAddress":"","_VenueCity":"","_VenueCountry":"","_VenueProvince":"","_VenueState":"","_VenueZip":"","_VenuePhone":"","_VenueURL":"","_VenueStateProvince":"","_VenueLat":"","_VenueLng":"","_VenueShowMap":false,"_VenueShowMapLink":false,"twitterCardType":"","cardImageID":0,"cardImage":"","cardTitle":"","cardDesc":"","cardImageAlt":"","cardPlayer":"","cardPlayerWidth":0,"cardPlayerHeight":0,"cardPlayerStream":"","cardPlayerCodec":""},"product_cat":[],"product_tag":[],"class_list":["post-88397","product","type-product","status-publish","hentry"],"acf":{"description":"Detailn\u011b zpracovan\u00e1 a ru\u010dn\u011b malovan\u00e1 so\u0161ka raracha \u2013 mal\u00e9ho ale nezbedn\u00e9ho tvora. P\u0159esto\u017ee nem\u00e1 k\u0159\u00eddla, ovl\u00e1d\u00e1 um\u011bn\u00ed levitace. Rara\u0161i se dorozum\u00edvaj\u00ed pisklav\u00fdm \u0161vito\u0159en\u00edm, kter\u00e9 je srozumiteln\u00e9 jen jin\u00fdm rarach\u016fm. Nej\u010dast\u011bj\u0161\u00edm m\u00edstem v\u00fdskytu je anglick\u00fd C","item_id":"LX1648808","productname":"Harry Potter: Magical creatures - Rarach 18 cm","product":"Harry Potter: Magical creatures - Rarach 18 cm","url":"https:\/\/www.luxor.cz\/v\/1648808\/harry-potter-magical-creatures-rarach-18-cm","imgurl":"https:\/\/img.luxor.cz\/orig\/produkty\/849421004873.jpg","price_vat":"959.00","margin":"","vat":"","paramname1":"","paramval1":"","paramname2":"","paramval2":"","paramname3":"","paramval3":"","paramname4":"","paramval4":"","paramname5":"","paramval5":"","paramname6":"","paramval6":"","paramname7":"","paramval7":"","paramname8":"","paramval8":"","paramname9":"","paramval9":"","paramname10":"","paramval10":"","ean":"849421004873","manufacturer":"Noble Collection","categorytext":""},"_links":{"self":[{"href":"https:\/\/www.luxor.cz\/blog\/wp-json\/wp\/v2\/product\/88397","targetHints":{"allow":["GET"]}}],"collection":[{"href":"https:\/\/www.luxor.cz\/blog\/wp-json\/wp\/v2\/product"}],"about":[{"href":"https:\/\/www.luxor.cz\/blog\/wp-json\/wp\/v2\/types\/product"}],"replies":[{"embeddable":true,"href":"https:\/\/www.luxor.cz\/blog\/wp-json\/wp\/v2\/comments?post=88397"}],"wp:attachment":[{"href":"https:\/\/www.luxor.cz\/blog\/wp-json\/wp\/v2\/media?parent=88397"}],"wp:term":[{"taxonomy":"product_cat","embeddable":true,"href":"https:\/\/www.luxor.cz\/blog\/wp-json\/wp\/v2\/product_cat?post=88397"},{"taxonomy":"product_tag","embeddable":true,"href":"https:\/\/www.luxor.cz\/blog\/wp-json\/wp\/v2\/product_tag?post=88397"}],"curies":[{"name":"wp","href":"https:\/\/api.w.org\/{rel}","templated":true}]}}