{"id":87465,"date":"2023-08-14T12:18:59","date_gmt":"2023-08-14T10:18:59","guid":{"rendered":"https:\/\/www.luxor.cz\/blog\/produkt\/babicko-vypravej-mi-o-sobe\/"},"modified":"2023-08-14T12:19:04","modified_gmt":"2023-08-14T10:19:04","slug":"babicko-vypravej-mi-o-sobe","status":"publish","type":"product","link":"https:\/\/www.luxor.cz\/blog\/produkt\/babicko-vypravej-mi-o-sobe\/","title":{"rendered":"Babi\u010dko, vypr\u00e1v\u011bj mi o sob\u011b"},"content":{"rendered":"<p>Tato kn\u00ed\u017eka je kr\u00e1sn\u00fdm d\u00e1rkem pln\u00fdm l\u00e1sky, kterou mohou vnou\u010data v\u011bnovat k vypln\u011bn\u00ed sv\u00e9 babi\u010dce nebo naopak babi\u010dka vypln\u011bnou sv\u00fdch vnou\u010dat\u016fm. Obsahuje v\u0161echny ot\u00e1zky, na kter\u00e9 jste se v\u017edycky cht\u011bli sv\u00e9 babi\u010dky zeptat.<\/p>\n<p>Babi\u010dko, jak jste d\u0159\u00edve slavili narozeniny a V\u00e1noce? \u010c\u00edm jsi cht\u011bla b\u00fdt, kdy\u017e jsi byla mal\u00e1? Kdo byla tv\u00e1 prvn\u00ed l\u00e1ska? Jak jsi poznala d\u011bde\u010dka? Jak\u00e9 bylo tvoje d\u011btstv\u00ed? Co je pro tebe v \u017eivot\u011b je nejd\u016fle\u017eit\u011bj\u0161\u00ed? Co bys ve sv\u00e9m \u017eivot\u011b ud\u011blala jinak, kdy\u017e bys m\u011bla znovu \u0161anci? Jak\u00fd to je pocit m\u00edt vnou\u010data? A mnoho dal\u0161\u00edch&#8230;<\/p>\n<p>Darujte kn\u00ed\u017eku sv\u00e9 babi\u010dce k narozenin\u00e1m, sv\u00e1tku, V\u00e1noc\u016fm nebo jen tak a za\u010dn\u011bte si spole\u010dn\u011b vypr\u00e1v\u011bt a vzpom\u00ednat&#8230; Uchov\u00e1te si tak nav\u017edy kr\u00e1sn\u00e9 a vz\u00e1cn\u00e9 vzpom\u00ednky.<\/p>\n","protected":false},"excerpt":{"rendered":"<p>Tato kn\u00ed\u017eka je kr\u00e1sn\u00fdm d\u00e1rkem pln\u00fdm l\u00e1sky, kterou mohou vnou\u010data v\u011bnovat k vypln\u011bn\u00ed sv\u00e9 babi\u010dce nebo naopak babi\u010dka vypln\u011bnou sv\u00fdch vnou\u010dat\u016fm. Obsahuje v\u0161echny ot\u00e1zky, na kter\u00e9 jste se v\u017edycky cht\u011bli [&hellip;]<\/p>\n","protected":false},"featured_media":0,"comment_status":"closed","ping_status":"open","template":"","meta":{"_acf_changed":false,"_monsterinsights_skip_tracking":false,"_monsterinsights_sitenote_active":false,"_monsterinsights_sitenote_note":"","_monsterinsights_sitenote_category":0,"_EventAllDay":false,"_EventTimezone":"","_EventStartDate":"","_EventEndDate":"","_EventStartDateUTC":"","_EventEndDateUTC":"","_EventShowMap":false,"_EventShowMapLink":false,"_EventURL":"","_EventCost":"","_EventCostDescription":"","_EventCurrencySymbol":"","_EventCurrencyCode":"","_EventCurrencyPosition":"","_EventDateTimeSeparator":"","_EventTimeRangeSeparator":"","_EventOrganizerID":[],"_EventVenueID":[],"_OrganizerEmail":"","_OrganizerPhone":"","_OrganizerWebsite":"","_VenueAddress":"","_VenueCity":"","_VenueCountry":"","_VenueProvince":"","_VenueState":"","_VenueZip":"","_VenuePhone":"","_VenueURL":"","_VenueStateProvince":"","_VenueLat":"","_VenueLng":"","_VenueShowMap":false,"_VenueShowMapLink":false,"twitterCardType":"","cardImageID":0,"cardImage":"","cardTitle":"","cardDesc":"","cardImageAlt":"","cardPlayer":"","cardPlayerWidth":0,"cardPlayerHeight":0,"cardPlayerStream":"","cardPlayerCodec":""},"product_cat":[],"product_tag":[],"class_list":["post-87465","product","type-product","status-publish","hentry"],"acf":{"description":"Tato kn\u00ed\u017eka je kr\u00e1sn\u00fdm d\u00e1rkem pln\u00fdm l\u00e1sky, kterou mohou vnou\u010data v\u011bnovat k vypln\u011bn\u00ed sv\u00e9 babi\u010dce nebo naopak babi\u010dka vypln\u011bnou sv\u00fdch vnou\u010dat\u016fm. Obsahuje v\u0161echny ot\u00e1zky, na kter\u00e9 jste se v\u017edycky cht\u011bli sv\u00e9 babi\u010dky zeptat.\n\nBabi\u010dko, jak jste d\u0159\u00edve slavili narozeniny a V\u00e1noce? \u010c\u00edm jsi cht\u011bla b\u00fdt, kdy\u017e jsi byla mal\u00e1? Kdo byla tv\u00e1 prvn\u00ed l\u00e1ska? Jak jsi poznala d\u011bde\u010dka? Jak\u00e9 bylo tvoje d\u011btstv\u00ed? Co je pro tebe v \u017eivot\u011b je nejd\u016fle\u017eit\u011bj\u0161\u00ed? Co bys ve sv\u00e9m \u017eivot\u011b ud\u011blala jinak, kdy\u017e bys m\u011bla znovu \u0161anci? Jak\u00fd to je pocit m\u00edt vnou\u010data? A mnoho dal\u0161\u00edch...\n\nDarujte kn\u00ed\u017eku sv\u00e9 babi\u010dce k narozenin\u00e1m, sv\u00e1tku, V\u00e1noc\u016fm nebo jen tak a za\u010dn\u011bte si spole\u010dn\u011b vypr\u00e1v\u011bt a vzpom\u00ednat... Uchov\u00e1te si tak nav\u017edy kr\u00e1sn\u00e9 a vz\u00e1cn\u00e9 vzpom\u00ednky.","item_id":"LX1651690","productname":"Babi\u010dko, vypr\u00e1v\u011bj mi o sob\u011b","product":"Babi\u010dko, vypr\u00e1v\u011bj mi o sob\u011b","url":"https:\/\/www.luxor.cz\/v\/1651690\/babicko-vypravej-mi-o-sobe","imgurl":"https:\/\/img.luxor.cz\/orig\/produkty\/9788027129218.jpg","price_vat":"205.00","margin":"","vat":"","paramname1":"","paramval1":"","paramname2":"","paramval2":"","paramname3":"","paramval3":"","paramname4":"","paramval4":"","paramname5":"","paramval5":"","paramname6":"","paramval6":"","paramname7":"","paramval7":"","paramname8":"","paramval8":"","paramname9":"","paramval9":"","paramname10":"","paramval10":"","ean":"9788027129218","manufacturer":"Grada","categorytext":""},"_links":{"self":[{"href":"https:\/\/www.luxor.cz\/blog\/wp-json\/wp\/v2\/product\/87465","targetHints":{"allow":["GET"]}}],"collection":[{"href":"https:\/\/www.luxor.cz\/blog\/wp-json\/wp\/v2\/product"}],"about":[{"href":"https:\/\/www.luxor.cz\/blog\/wp-json\/wp\/v2\/types\/product"}],"replies":[{"embeddable":true,"href":"https:\/\/www.luxor.cz\/blog\/wp-json\/wp\/v2\/comments?post=87465"}],"wp:attachment":[{"href":"https:\/\/www.luxor.cz\/blog\/wp-json\/wp\/v2\/media?parent=87465"}],"wp:term":[{"taxonomy":"product_cat","embeddable":true,"href":"https:\/\/www.luxor.cz\/blog\/wp-json\/wp\/v2\/product_cat?post=87465"},{"taxonomy":"product_tag","embeddable":true,"href":"https:\/\/www.luxor.cz\/blog\/wp-json\/wp\/v2\/product_tag?post=87465"}],"curies":[{"name":"wp","href":"https:\/\/api.w.org\/{rel}","templated":true}]}}