{"id":76777,"date":"2023-08-14T11:24:51","date_gmt":"2023-08-14T09:24:51","guid":{"rendered":"https:\/\/www.luxor.cz\/blog\/produkt\/joga-v-indii\/"},"modified":"2023-08-14T11:24:55","modified_gmt":"2023-08-14T09:24:55","slug":"joga-v-indii","status":"publish","type":"product","link":"https:\/\/www.luxor.cz\/blog\/produkt\/joga-v-indii\/","title":{"rendered":"Joga v Indii"},"content":{"rendered":"<p>Vtipn\u00e9 vypr\u00e1v\u011bn\u00ed modern\u00ed mlad\u00e9 \u017eeny, kter\u00e1 se vyd\u00e1 do Indie studovat j\u00f3gu. Zkou\u0161\u00ed kr\u00e1\u010det exotickou duchovn\u00ed cestou, ale p\u0159itom tou\u017e\u00ed po partnerovi a norm\u00e1ln\u00edm \u0161\u0165astn\u00e9m \u017eivot\u011b. Na t\u00e9to knize je zaj\u00edmav\u00e9 spojen\u00ed odleh\u010den\u00e9ho, \u00fasm\u011bvn\u00e9ho p\u0159\u00edstupu a z\u00e1rove\u0148 re\u00e1ln\u00e9ho popisu r\u016fzn\u00fdch duchovn\u00edch \u0161kol a jejich my\u0161lenek.Popisuje taky p\u0159\u00edme u\u010den\u00ed a cvi\u010den\u00ed v a\u0161r\u00e1mu u Osha.<\/p>\n","protected":false},"excerpt":{"rendered":"<p>Vtipn\u00e9 vypr\u00e1v\u011bn\u00ed modern\u00ed mlad\u00e9 \u017eeny, kter\u00e1 se vyd\u00e1 do Indie studovat j\u00f3gu. Zkou\u0161\u00ed kr\u00e1\u010det exotickou duchovn\u00ed cestou, ale p\u0159itom tou\u017e\u00ed po partnerovi a norm\u00e1ln\u00edm \u0161\u0165astn\u00e9m \u017eivot\u011b. Na t\u00e9to knize je [&hellip;]<\/p>\n","protected":false},"featured_media":0,"comment_status":"closed","ping_status":"open","template":"","meta":{"_acf_changed":false,"_monsterinsights_skip_tracking":false,"_monsterinsights_sitenote_active":false,"_monsterinsights_sitenote_note":"","_monsterinsights_sitenote_category":0,"_EventAllDay":false,"_EventTimezone":"","_EventStartDate":"","_EventEndDate":"","_EventStartDateUTC":"","_EventEndDateUTC":"","_EventShowMap":false,"_EventShowMapLink":false,"_EventURL":"","_EventCost":"","_EventCostDescription":"","_EventCurrencySymbol":"","_EventCurrencyCode":"","_EventCurrencyPosition":"","_EventDateTimeSeparator":"","_EventTimeRangeSeparator":"","_EventOrganizerID":[],"_EventVenueID":[],"_OrganizerEmail":"","_OrganizerPhone":"","_OrganizerWebsite":"","_VenueAddress":"","_VenueCity":"","_VenueCountry":"","_VenueProvince":"","_VenueState":"","_VenueZip":"","_VenuePhone":"","_VenueURL":"","_VenueStateProvince":"","_VenueLat":"","_VenueLng":"","_VenueShowMap":false,"_VenueShowMapLink":false,"twitterCardType":"","cardImageID":0,"cardImage":"","cardTitle":"","cardDesc":"","cardImageAlt":"","cardPlayer":"","cardPlayerWidth":0,"cardPlayerHeight":0,"cardPlayerStream":"","cardPlayerCodec":""},"product_cat":[],"product_tag":[],"class_list":["post-76777","product","type-product","status-publish","hentry"],"acf":{"description":"Vtipn\u00e9 vypr\u00e1v\u011bn\u00ed modern\u00ed mlad\u00e9 \u017eeny, kter\u00e1 se vyd\u00e1 do Indie studovat j\u00f3gu. Zkou\u0161\u00ed kr\u00e1\u010det exotickou duchovn\u00ed cestou, ale p\u0159itom tou\u017e\u00ed po partnerovi a norm\u00e1ln\u00edm \u0161\u0165astn\u00e9m \u017eivot\u011b. Na t\u00e9to knize je zaj\u00edmav\u00e9 spojen\u00ed odleh\u010den\u00e9ho, \u00fasm\u011bvn\u00e9ho p\u0159\u00edstupu a z\u00e1rove\u0148 re\u00e1ln\u00e9ho popisu r\u016fzn\u00fdch duchovn\u00edch \u0161kol a jejich my\u0161lenek.Popisuje taky p\u0159\u00edme u\u010den\u00ed a cvi\u010den\u00ed v a\u0161r\u00e1mu u Osha.","item_id":"LX1616155","productname":"Joga v Indii","product":"Joga v Indii","url":"https:\/\/www.luxor.cz\/v\/1616155\/joga-v-indii","imgurl":"https:\/\/img.luxor.cz\/orig\/produkty\/9788081001734.jpg","price_vat":"383.00","margin":"","vat":"","paramname1":"","paramval1":"","paramname2":"","paramval2":"","paramname3":"","paramval3":"","paramname4":"","paramval4":"","paramname5":"","paramval5":"","paramname6":"","paramval6":"","paramname7":"","paramval7":"","paramname8":"","paramval8":"","paramname9":"","paramval9":"","paramname10":"","paramval10":"","ean":"9788081001734","manufacturer":"Eugenika","categorytext":""},"_links":{"self":[{"href":"https:\/\/www.luxor.cz\/blog\/wp-json\/wp\/v2\/product\/76777","targetHints":{"allow":["GET"]}}],"collection":[{"href":"https:\/\/www.luxor.cz\/blog\/wp-json\/wp\/v2\/product"}],"about":[{"href":"https:\/\/www.luxor.cz\/blog\/wp-json\/wp\/v2\/types\/product"}],"replies":[{"embeddable":true,"href":"https:\/\/www.luxor.cz\/blog\/wp-json\/wp\/v2\/comments?post=76777"}],"wp:attachment":[{"href":"https:\/\/www.luxor.cz\/blog\/wp-json\/wp\/v2\/media?parent=76777"}],"wp:term":[{"taxonomy":"product_cat","embeddable":true,"href":"https:\/\/www.luxor.cz\/blog\/wp-json\/wp\/v2\/product_cat?post=76777"},{"taxonomy":"product_tag","embeddable":true,"href":"https:\/\/www.luxor.cz\/blog\/wp-json\/wp\/v2\/product_tag?post=76777"}],"curies":[{"name":"wp","href":"https:\/\/api.w.org\/{rel}","templated":true}]}}