{"id":75933,"date":"2023-08-14T11:20:45","date_gmt":"2023-08-14T09:20:45","guid":{"rendered":"https:\/\/www.luxor.cz\/blog\/produkt\/cesky-jazyk-pro-ss-mluvnice-komunikace-a-sloh-prirucka-ucitele\/"},"modified":"2023-08-14T11:20:49","modified_gmt":"2023-08-14T09:20:49","slug":"cesky-jazyk-pro-ss-mluvnice-komunikace-a-sloh-prirucka-ucitele","status":"publish","type":"product","link":"https:\/\/www.luxor.cz\/blog\/produkt\/cesky-jazyk-pro-ss-mluvnice-komunikace-a-sloh-prirucka-ucitele\/","title":{"rendered":"\u010cesk\u00fd jazyk pro S\u0160 &#8211; Mluvnice, Komunikace a sloh &#8211; p\u0159\u00edru\u010dka u\u010ditele"},"content":{"rendered":"<p>P\u0159\u00edru\u010dka u\u010ditele je zpracov\u00e1na jako jedna publikace k ob\u011bma u\u010debnic\u00edm \u010cesk\u00fd jazyk pro st\u0159edn\u00ed \u0161koly \u2013 Mluvnice a \u010cesk\u00fd jazyk pro st\u0159edn\u00ed \u0161koly \u2013 Komunikace a sloh.<\/p>\n<p>Obsahuje \u0159e\u0161en\u00ed vybran\u00fdch obt\u00ed\u017en\u011bj\u0161\u00edch \u00fakol\u016f, n\u00e1m\u011bty pro dal\u0161\u00ed pr\u00e1ci s u\u010debnic\u00ed, nov\u00e9 \u00fakoly, \u0159e\u0161en\u00ed test\u016f, dikt\u00e1ty a kop\u00edrovateln\u00e9 p\u0159\u00edlohy.<\/p>\n","protected":false},"excerpt":{"rendered":"<p>P\u0159\u00edru\u010dka u\u010ditele je zpracov\u00e1na jako jedna publikace k ob\u011bma u\u010debnic\u00edm \u010cesk\u00fd jazyk pro st\u0159edn\u00ed \u0161koly \u2013 Mluvnice a \u010cesk\u00fd jazyk pro st\u0159edn\u00ed \u0161koly \u2013 Komunikace a sloh. Obsahuje \u0159e\u0161en\u00ed vybran\u00fdch [&hellip;]<\/p>\n","protected":false},"featured_media":0,"comment_status":"closed","ping_status":"open","template":"","meta":{"_acf_changed":false,"_monsterinsights_skip_tracking":false,"_monsterinsights_sitenote_active":false,"_monsterinsights_sitenote_note":"","_monsterinsights_sitenote_category":0,"_EventAllDay":false,"_EventTimezone":"","_EventStartDate":"","_EventEndDate":"","_EventStartDateUTC":"","_EventEndDateUTC":"","_EventShowMap":false,"_EventShowMapLink":false,"_EventURL":"","_EventCost":"","_EventCostDescription":"","_EventCurrencySymbol":"","_EventCurrencyCode":"","_EventCurrencyPosition":"","_EventDateTimeSeparator":"","_EventTimeRangeSeparator":"","_EventOrganizerID":[],"_EventVenueID":[],"_OrganizerEmail":"","_OrganizerPhone":"","_OrganizerWebsite":"","_VenueAddress":"","_VenueCity":"","_VenueCountry":"","_VenueProvince":"","_VenueState":"","_VenueZip":"","_VenuePhone":"","_VenueURL":"","_VenueStateProvince":"","_VenueLat":"","_VenueLng":"","_VenueShowMap":false,"_VenueShowMapLink":false,"twitterCardType":"","cardImageID":0,"cardImage":"","cardTitle":"","cardDesc":"","cardImageAlt":"","cardPlayer":"","cardPlayerWidth":0,"cardPlayerHeight":0,"cardPlayerStream":"","cardPlayerCodec":""},"product_cat":[],"product_tag":[],"class_list":["post-75933","product","type-product","status-publish","hentry"],"acf":{"description":"P\u0159\u00edru\u010dka u\u010ditele je zpracov\u00e1na jako jedna publikace k ob\u011bma u\u010debnic\u00edm \u010cesk\u00fd jazyk pro st\u0159edn\u00ed \u0161koly \u2013 Mluvnice a \u010cesk\u00fd jazyk pro st\u0159edn\u00ed \u0161koly \u2013 Komunikace a sloh.\n\nObsahuje \u0159e\u0161en\u00ed vybran\u00fdch obt\u00ed\u017en\u011bj\u0161\u00edch \u00fakol\u016f, n\u00e1m\u011bty pro dal\u0161\u00ed pr\u00e1ci s u\u010debnic\u00ed, nov\u00e9 \u00fakoly, \u0159e\u0161en\u00ed test\u016f, dikt\u00e1ty a kop\u00edrovateln\u00e9 p\u0159\u00edlohy.","item_id":"LX1606974","productname":"\u010cesk\u00fd jazyk pro S\u0160 - Mluvnice, Komunikace a sloh - p\u0159\u00edru\u010dka u\u010ditele","product":"\u010cesk\u00fd jazyk pro S\u0160 - Mluvnice, Komunikace a sloh - p\u0159\u00edru\u010dka u\u010ditele","url":"https:\/\/www.luxor.cz\/v\/1606974\/cesky-jazyk-pro-ss-mluvnice-komunikace-a-sloh-prirucka-ucitele","imgurl":"https:\/\/img.luxor.cz\/orig\/produkty\/9788072387823.jpg","price_vat":"505.00","margin":"","vat":"","paramname1":"","paramval1":"","paramname2":"","paramval2":"","paramname3":"","paramval3":"","paramname4":"","paramval4":"","paramname5":"","paramval5":"","paramname6":"","paramval6":"","paramname7":"","paramval7":"","paramname8":"","paramval8":"","paramname9":"","paramval9":"","paramname10":"","paramval10":"","ean":"9788072387823","manufacturer":"Fraus","categorytext":""},"_links":{"self":[{"href":"https:\/\/www.luxor.cz\/blog\/wp-json\/wp\/v2\/product\/75933","targetHints":{"allow":["GET"]}}],"collection":[{"href":"https:\/\/www.luxor.cz\/blog\/wp-json\/wp\/v2\/product"}],"about":[{"href":"https:\/\/www.luxor.cz\/blog\/wp-json\/wp\/v2\/types\/product"}],"replies":[{"embeddable":true,"href":"https:\/\/www.luxor.cz\/blog\/wp-json\/wp\/v2\/comments?post=75933"}],"wp:attachment":[{"href":"https:\/\/www.luxor.cz\/blog\/wp-json\/wp\/v2\/media?parent=75933"}],"wp:term":[{"taxonomy":"product_cat","embeddable":true,"href":"https:\/\/www.luxor.cz\/blog\/wp-json\/wp\/v2\/product_cat?post=75933"},{"taxonomy":"product_tag","embeddable":true,"href":"https:\/\/www.luxor.cz\/blog\/wp-json\/wp\/v2\/product_tag?post=75933"}],"curies":[{"name":"wp","href":"https:\/\/api.w.org\/{rel}","templated":true}]}}