{"id":74311,"date":"2023-08-14T11:13:01","date_gmt":"2023-08-14T09:13:01","guid":{"rendered":"https:\/\/www.luxor.cz\/blog\/produkt\/internetovy-marketing-s-youtube\/"},"modified":"2023-08-14T11:13:03","modified_gmt":"2023-08-14T09:13:03","slug":"internetovy-marketing-s-youtube","status":"publish","type":"product","link":"https:\/\/www.luxor.cz\/blog\/produkt\/internetovy-marketing-s-youtube\/","title":{"rendered":"Internetov\u00fd marketing s YouTube"},"content":{"rendered":"<p>M\u00e1te u\u017e marketingovou strategii v oblasti videa? Dok\u00e1\u017eete sv\u00e9 v\u00fdrobky a slu\u017eby prodat pomoc\u00ed videa na nejv\u011bt\u0161\u00edm sv\u011btov\u00e9m videoport\u00e1lu? Objevte tak\u00e9 nov\u00fd propaga\u010dn\u00ed a prodejn\u00ed kan\u00e1l, jeho\u017e popularita v \u010cesku stoup\u00e1 raketov\u00fdm tempem. K zah\u00e1jen\u00ed internetov\u00e9ho marketingu na YouTube a p\u0159il\u00e1k\u00e1n\u00ed nov\u00fdch z\u00e1kazn\u00edk\u016f v\u00e1m posta\u010d\u00ed n\u00edzkon\u00e1kladov\u00e9 video a \u00fasp\u011b\u0161n\u00e1 marketingov\u00e1 strategie. Tento pr\u016fvodce v\u00e1s vybav\u00ed oboj\u00edm. Poskytne v\u00e1m cenn\u00e9 informace a zaru\u010den\u00e9 n\u00e1vody, je\u017e v\u00e1m pomohou YouTube a video za\u010dlenit do va\u0161\u00ed marketingov\u00e9 strategie a zlep\u0161it tak pov\u011bdom\u00ed o zna\u010dce, v\u00fdrobc\u00edch \u010di slu\u017eb\u00e1ch a zv\u00fd\u0161it n\u00e1v\u0161t\u011bvnost va\u0161eho webu. A to s minim\u00e1ln\u00edm rozpo\u010dtem. S knihou se mimo jin\u00e9 nau\u010d\u00edte: Vytvo\u0159it \u00fasp\u011b\u0161nou marketingovou strategii. Rozhodnout, jak\u00fd typ videa vytvo\u0159it. Nato\u010dit skv\u011bl\u00e1 videa i s n\u00edzk\u00fdm rozpo\u010dtem. Hotov\u00e1 videa upravit a vyladit. P\u0159ipravit prezentaci zna\u010dky v r\u00e1mci kan\u00e1lu na YouTube. Propagovat videa na sv\u00fdch webov\u00fdch str\u00e1nk\u00e1ch. Odkazovat na sv\u016fj web p\u0159\u00edmo z videa.<\/p>\n","protected":false},"excerpt":{"rendered":"<p>M\u00e1te u\u017e marketingovou strategii v oblasti videa? Dok\u00e1\u017eete sv\u00e9 v\u00fdrobky a slu\u017eby prodat pomoc\u00ed videa na nejv\u011bt\u0161\u00edm sv\u011btov\u00e9m videoport\u00e1lu? Objevte tak\u00e9 nov\u00fd propaga\u010dn\u00ed a prodejn\u00ed kan\u00e1l, jeho\u017e popularita v \u010cesku [&hellip;]<\/p>\n","protected":false},"featured_media":0,"comment_status":"closed","ping_status":"open","template":"","meta":{"_acf_changed":false,"_monsterinsights_skip_tracking":false,"_monsterinsights_sitenote_active":false,"_monsterinsights_sitenote_note":"","_monsterinsights_sitenote_category":0,"_EventAllDay":false,"_EventTimezone":"","_EventStartDate":"","_EventEndDate":"","_EventStartDateUTC":"","_EventEndDateUTC":"","_EventShowMap":false,"_EventShowMapLink":false,"_EventURL":"","_EventCost":"","_EventCostDescription":"","_EventCurrencySymbol":"","_EventCurrencyCode":"","_EventCurrencyPosition":"","_EventDateTimeSeparator":"","_EventTimeRangeSeparator":"","_EventOrganizerID":[],"_EventVenueID":[],"_OrganizerEmail":"","_OrganizerPhone":"","_OrganizerWebsite":"","_VenueAddress":"","_VenueCity":"","_VenueCountry":"","_VenueProvince":"","_VenueState":"","_VenueZip":"","_VenuePhone":"","_VenueURL":"","_VenueStateProvince":"","_VenueLat":"","_VenueLng":"","_VenueShowMap":false,"_VenueShowMapLink":false,"twitterCardType":"","cardImageID":0,"cardImage":"","cardTitle":"","cardDesc":"","cardImageAlt":"","cardPlayer":"","cardPlayerWidth":0,"cardPlayerHeight":0,"cardPlayerStream":"","cardPlayerCodec":""},"product_cat":[],"product_tag":[],"class_list":["post-74311","product","type-product","status-publish","hentry"],"acf":{"description":"M\u00e1te u\u017e marketingovou strategii v oblasti videa? Dok\u00e1\u017eete sv\u00e9 v\u00fdrobky a slu\u017eby prodat pomoc\u00ed videa na nejv\u011bt\u0161\u00edm sv\u011btov\u00e9m videoport\u00e1lu? Objevte tak\u00e9 nov\u00fd propaga\u010dn\u00ed a prodejn\u00ed kan\u00e1l, jeho\u017e popularita v \u010cesku stoup\u00e1 raketov\u00fdm tempem. K zah\u00e1jen\u00ed internetov\u00e9ho marketingu na YouTube a p\u0159il\u00e1k\u00e1n\u00ed nov\u00fdch z\u00e1kazn\u00edk\u016f v\u00e1m posta\u010d\u00ed n\u00edzkon\u00e1kladov\u00e9 video a \u00fasp\u011b\u0161n\u00e1 marketingov\u00e1 strategie. Tento pr\u016fvodce v\u00e1s vybav\u00ed oboj\u00edm. Poskytne v\u00e1m cenn\u00e9 informace a zaru\u010den\u00e9 n\u00e1vody, je\u017e v\u00e1m pomohou YouTube a video za\u010dlenit do va\u0161\u00ed marketingov\u00e9 strategie a zlep\u0161it tak pov\u011bdom\u00ed o zna\u010dce, v\u00fdrobc\u00edch \u010di slu\u017eb\u00e1ch a zv\u00fd\u0161it n\u00e1v\u0161t\u011bvnost va\u0161eho webu. A to s minim\u00e1ln\u00edm rozpo\u010dtem. S knihou se mimo jin\u00e9 nau\u010d\u00edte: Vytvo\u0159it \u00fasp\u011b\u0161nou marketingovou strategii. Rozhodnout, jak\u00fd typ videa vytvo\u0159it. Nato\u010dit skv\u011bl\u00e1 videa i s n\u00edzk\u00fdm rozpo\u010dtem. Hotov\u00e1 videa upravit a vyladit. P\u0159ipravit prezentaci zna\u010dky v r\u00e1mci kan\u00e1lu na YouTube. Propagovat videa na sv\u00fdch webov\u00fdch str\u00e1nk\u00e1ch. Odkazovat na sv\u016fj web p\u0159\u00edmo z videa.","item_id":"LX1603763","productname":"Internetov\u00fd marketing s YouTube","product":"Internetov\u00fd marketing s YouTube","url":"https:\/\/www.luxor.cz\/v\/1603763\/internetovy-marketing-s-youtube","imgurl":"https:\/\/img.luxor.cz\/orig\/produkty\/9788025136720.jpg","price_vat":"339.00","margin":"","vat":"","paramname1":"","paramval1":"","paramname2":"","paramval2":"","paramname3":"","paramval3":"","paramname4":"","paramval4":"","paramname5":"","paramval5":"","paramname6":"","paramval6":"","paramname7":"","paramval7":"","paramname8":"","paramval8":"","paramname9":"","paramval9":"","paramname10":"","paramval10":"","ean":"9788025136720","manufacturer":"Computer Press","categorytext":""},"_links":{"self":[{"href":"https:\/\/www.luxor.cz\/blog\/wp-json\/wp\/v2\/product\/74311","targetHints":{"allow":["GET"]}}],"collection":[{"href":"https:\/\/www.luxor.cz\/blog\/wp-json\/wp\/v2\/product"}],"about":[{"href":"https:\/\/www.luxor.cz\/blog\/wp-json\/wp\/v2\/types\/product"}],"replies":[{"embeddable":true,"href":"https:\/\/www.luxor.cz\/blog\/wp-json\/wp\/v2\/comments?post=74311"}],"wp:attachment":[{"href":"https:\/\/www.luxor.cz\/blog\/wp-json\/wp\/v2\/media?parent=74311"}],"wp:term":[{"taxonomy":"product_cat","embeddable":true,"href":"https:\/\/www.luxor.cz\/blog\/wp-json\/wp\/v2\/product_cat?post=74311"},{"taxonomy":"product_tag","embeddable":true,"href":"https:\/\/www.luxor.cz\/blog\/wp-json\/wp\/v2\/product_tag?post=74311"}],"curies":[{"name":"wp","href":"https:\/\/api.w.org\/{rel}","templated":true}]}}