{"id":58627,"date":"2023-08-14T10:00:58","date_gmt":"2023-08-14T08:00:58","guid":{"rendered":"https:\/\/www.luxor.cz\/blog\/produkt\/letuska-z-economy-aneb-co-na-instagramu-neuvidite-audiokniha\/"},"modified":"2023-08-14T10:01:00","modified_gmt":"2023-08-14T08:01:00","slug":"letuska-z-economy-aneb-co-na-instagramu-neuvidite-audiokniha","status":"publish","type":"product","link":"https:\/\/www.luxor.cz\/blog\/produkt\/letuska-z-economy-aneb-co-na-instagramu-neuvidite-audiokniha\/","title":{"rendered":"Letu\u0161ka z economy aneb co na Instagramu neuvid\u00edte (audiokniha)"},"content":{"rendered":"<p>Rok jedn\u00e9 letu\u0161ky ze Sokolova, kter\u00e1 m\u00edsto luxusu v prvn\u00ed t\u0159\u00edd\u011b procestovala p\u016flku sv\u011bta v economy class<br \/>\nAudiokniha je shrnut\u00edm roku jedn\u00e9 letu\u0161ky v Dubaji. Objev\u00ed se v n\u00ed p\u00e1r trapn\u00fdch a nem\u00edstn\u00fdch vtip\u016f a pozn\u00e1mek, trocha rasismu a sexu\u00e1ln\u00edch nar\u00e1\u017eek, \u0161petka pomluv a stereotyp\u016f. Na druhou stranu se nejedn\u00e1 o nic \u0161okuj\u00edc\u00edho ani revolu\u010dn\u00edho. Bukowski nejsem, ani Hemingway. Bohu\u017eel. Ka\u017edop\u00e1dn\u011b douf\u00e1m, \u017ee se pobav\u00edte a audioknihu budete poslouchat s radost\u00ed a l\u00e1skou, a pokud ne, moc to ne\u0161i\u0159te.<\/p>\n","protected":false},"excerpt":{"rendered":"<p>Rok jedn\u00e9 letu\u0161ky ze Sokolova, kter\u00e1 m\u00edsto luxusu v prvn\u00ed t\u0159\u00edd\u011b procestovala p\u016flku sv\u011bta v economy class Audiokniha je shrnut\u00edm roku jedn\u00e9 letu\u0161ky v Dubaji. Objev\u00ed se v n\u00ed p\u00e1r [&hellip;]<\/p>\n","protected":false},"featured_media":0,"comment_status":"closed","ping_status":"open","template":"","meta":{"_acf_changed":false,"_monsterinsights_skip_tracking":false,"_monsterinsights_sitenote_active":false,"_monsterinsights_sitenote_note":"","_monsterinsights_sitenote_category":0,"_EventAllDay":false,"_EventTimezone":"","_EventStartDate":"","_EventEndDate":"","_EventStartDateUTC":"","_EventEndDateUTC":"","_EventShowMap":false,"_EventShowMapLink":false,"_EventURL":"","_EventCost":"","_EventCostDescription":"","_EventCurrencySymbol":"","_EventCurrencyCode":"","_EventCurrencyPosition":"","_EventDateTimeSeparator":"","_EventTimeRangeSeparator":"","_EventOrganizerID":[],"_EventVenueID":[],"_OrganizerEmail":"","_OrganizerPhone":"","_OrganizerWebsite":"","_VenueAddress":"","_VenueCity":"","_VenueCountry":"","_VenueProvince":"","_VenueState":"","_VenueZip":"","_VenuePhone":"","_VenueURL":"","_VenueStateProvince":"","_VenueLat":"","_VenueLng":"","_VenueShowMap":false,"_VenueShowMapLink":false,"twitterCardType":"","cardImageID":0,"cardImage":"","cardTitle":"","cardDesc":"","cardImageAlt":"","cardPlayer":"","cardPlayerWidth":0,"cardPlayerHeight":0,"cardPlayerStream":"","cardPlayerCodec":""},"product_cat":[],"product_tag":[],"class_list":["post-58627","product","type-product","status-publish","hentry"],"acf":{"description":"Rok jedn\u00e9 letu\u0161ky ze Sokolova, kter\u00e1 m\u00edsto luxusu v prvn\u00ed t\u0159\u00edd\u011b procestovala p\u016flku sv\u011bta v economy class\nAudiokniha je shrnut\u00edm roku jedn\u00e9 letu\u0161ky v Dubaji. Objev\u00ed se v n\u00ed p\u00e1r trapn\u00fdch a nem\u00edstn\u00fdch vtip\u016f a pozn\u00e1mek, trocha rasismu a sexu\u00e1ln\u00edch nar\u00e1\u017eek, \u0161petka pomluv a stereotyp\u016f. Na druhou stranu se nejedn\u00e1 o nic \u0161okuj\u00edc\u00edho ani revolu\u010dn\u00edho. Bukowski nejsem, ani Hemingway. Bohu\u017eel. Ka\u017edop\u00e1dn\u011b douf\u00e1m, \u017ee se pobav\u00edte a audioknihu budete poslouchat s radost\u00ed a l\u00e1skou, a pokud ne, moc to ne\u0161i\u0159te.","item_id":"LX1542052","productname":"Letu\u0161ka z economy aneb co na Instagramu neuvid\u00edte (audiokniha)","product":"Letu\u0161ka z economy aneb co na Instagramu neuvid\u00edte (audiokniha)","url":"https:\/\/www.luxor.cz\/v\/1542052\/cd-letuska-z-economy-aneb-co-na-instagramu-neuviditeaudiokniha","imgurl":"https:\/\/img.luxor.cz\/orig\/produkty\/8594050430044.jpg","price_vat":"219.00","margin":"","vat":"","paramname1":"","paramval1":"","paramname2":"","paramval2":"","paramname3":"","paramval3":"","paramname4":"","paramval4":"","paramname5":"","paramval5":"","paramname6":"","paramval6":"","paramname7":"","paramval7":"","paramname8":"","paramval8":"","paramname9":"","paramval9":"","paramname10":"","paramval10":"","ean":"8594050430044","manufacturer":"Voxi","categorytext":""},"_links":{"self":[{"href":"https:\/\/www.luxor.cz\/blog\/wp-json\/wp\/v2\/product\/58627","targetHints":{"allow":["GET"]}}],"collection":[{"href":"https:\/\/www.luxor.cz\/blog\/wp-json\/wp\/v2\/product"}],"about":[{"href":"https:\/\/www.luxor.cz\/blog\/wp-json\/wp\/v2\/types\/product"}],"replies":[{"embeddable":true,"href":"https:\/\/www.luxor.cz\/blog\/wp-json\/wp\/v2\/comments?post=58627"}],"wp:attachment":[{"href":"https:\/\/www.luxor.cz\/blog\/wp-json\/wp\/v2\/media?parent=58627"}],"wp:term":[{"taxonomy":"product_cat","embeddable":true,"href":"https:\/\/www.luxor.cz\/blog\/wp-json\/wp\/v2\/product_cat?post=58627"},{"taxonomy":"product_tag","embeddable":true,"href":"https:\/\/www.luxor.cz\/blog\/wp-json\/wp\/v2\/product_tag?post=58627"}],"curies":[{"name":"wp","href":"https:\/\/api.w.org\/{rel}","templated":true}]}}