{"id":56592,"date":"2023-08-14T09:52:11","date_gmt":"2023-08-14T07:52:11","guid":{"rendered":"https:\/\/www.luxor.cz\/blog\/produkt\/najdi-svuj-styl\/"},"modified":"2023-08-14T09:52:14","modified_gmt":"2023-08-14T07:52:14","slug":"najdi-svuj-styl","status":"publish","type":"product","link":"https:\/\/www.luxor.cz\/blog\/produkt\/najdi-svuj-styl\/","title":{"rendered":"Najdi sv\u016fj styl"},"content":{"rendered":"<p>Alex Fr\u00e1\u0148ov\u00e1, autorka \u00fasp\u011b\u0161n\u00e9ho blogu Tale of Miss A., redaktorka a stylistka ve \u0160kole stylu BACKSTAGE vyu\u017eila svoje bohat\u00e9 zku\u0161enosti a p\u0159ipravila ucelenou p\u0159\u00edru\u010dku pro v\u0161echny mlad\u00e9 holky, kter\u00e9 cht\u011bj\u00ed vypadat skv\u011ble. V\u00ed\u0161, jak\u00fd m\u00e1\u0161 typ pleti a jak se o ni starat? Um\u00ed\u0161 si vybrat spr\u00e1vn\u00fd odst\u00edn make-upu? Tu\u0161\u00ed\u0161, co bys m\u011bla m\u00edt v kosmetick\u00e9 ta\u0161ti\u010dce? M\u00e1\u0161 pocit, \u017ee tvoje vlasy jsou katastrofa a \u017ee nem\u00e1\u0161 co na sebe? Pot\u0159ebuje\u0161 zkr\u00e1tka n\u011bkoho, kdo ti porad\u00ed, co je stylov\u00e9, a co u\u017e ne? Pak se tato p\u0159\u00edru\u010dka stane tvoj\u00ed beauty bibl\u00ed. Najde\u0161 v n\u00ed v\u0161echno, co pot\u0159ebuje\u0161 v\u011bd\u011bt, a co je hlavn\u00ed, pom\u016f\u017ee ti naj\u00edt styl, kter\u00fd bude origin\u00e1ln\u00ed \u2013 jen tv\u016fj!<\/p>\n","protected":false},"excerpt":{"rendered":"<p>Alex Fr\u00e1\u0148ov\u00e1, autorka \u00fasp\u011b\u0161n\u00e9ho blogu Tale of Miss A., redaktorka a stylistka ve \u0160kole stylu BACKSTAGE vyu\u017eila svoje bohat\u00e9 zku\u0161enosti a p\u0159ipravila ucelenou p\u0159\u00edru\u010dku pro v\u0161echny mlad\u00e9 holky, kter\u00e9 cht\u011bj\u00ed [&hellip;]<\/p>\n","protected":false},"featured_media":0,"comment_status":"closed","ping_status":"open","template":"","meta":{"_acf_changed":false,"_monsterinsights_skip_tracking":false,"_monsterinsights_sitenote_active":false,"_monsterinsights_sitenote_note":"","_monsterinsights_sitenote_category":0,"_EventAllDay":false,"_EventTimezone":"","_EventStartDate":"","_EventEndDate":"","_EventStartDateUTC":"","_EventEndDateUTC":"","_EventShowMap":false,"_EventShowMapLink":false,"_EventURL":"","_EventCost":"","_EventCostDescription":"","_EventCurrencySymbol":"","_EventCurrencyCode":"","_EventCurrencyPosition":"","_EventDateTimeSeparator":"","_EventTimeRangeSeparator":"","_EventOrganizerID":[],"_EventVenueID":[],"_OrganizerEmail":"","_OrganizerPhone":"","_OrganizerWebsite":"","_VenueAddress":"","_VenueCity":"","_VenueCountry":"","_VenueProvince":"","_VenueState":"","_VenueZip":"","_VenuePhone":"","_VenueURL":"","_VenueStateProvince":"","_VenueLat":"","_VenueLng":"","_VenueShowMap":false,"_VenueShowMapLink":false,"twitterCardType":"","cardImageID":0,"cardImage":"","cardTitle":"","cardDesc":"","cardImageAlt":"","cardPlayer":"","cardPlayerWidth":0,"cardPlayerHeight":0,"cardPlayerStream":"","cardPlayerCodec":""},"product_cat":[],"product_tag":[],"class_list":["post-56592","product","type-product","status-publish","hentry"],"acf":{"description":"Alex Fr\u00e1\u0148ov\u00e1, autorka \u00fasp\u011b\u0161n\u00e9ho blogu Tale of Miss A., redaktorka a stylistka ve \u0160kole stylu BACKSTAGE vyu\u017eila svoje bohat\u00e9 zku\u0161enosti a p\u0159ipravila ucelenou p\u0159\u00edru\u010dku pro v\u0161echny mlad\u00e9 holky, kter\u00e9 cht\u011bj\u00ed vypadat skv\u011ble. V\u00ed\u0161, jak\u00fd m\u00e1\u0161 typ pleti a jak se o ni starat? Um\u00ed\u0161 si vybrat spr\u00e1vn\u00fd odst\u00edn make-upu? Tu\u0161\u00ed\u0161, co bys m\u011bla m\u00edt v kosmetick\u00e9 ta\u0161ti\u010dce? M\u00e1\u0161 pocit, \u017ee tvoje vlasy jsou katastrofa a \u017ee nem\u00e1\u0161 co na sebe? Pot\u0159ebuje\u0161 zkr\u00e1tka n\u011bkoho, kdo ti porad\u00ed, co je stylov\u00e9, a co u\u017e ne? Pak se tato p\u0159\u00edru\u010dka stane tvoj\u00ed beauty bibl\u00ed. Najde\u0161 v n\u00ed v\u0161echno, co pot\u0159ebuje\u0161 v\u011bd\u011bt, a co je hlavn\u00ed, pom\u016f\u017ee ti naj\u00edt styl, kter\u00fd bude origin\u00e1ln\u00ed \u2013 jen tv\u016fj!","item_id":"LX1547514","productname":"Najdi sv\u016fj styl","product":"Najdi sv\u016fj styl","url":"https:\/\/www.luxor.cz\/v\/1547514\/najdi-svuj-styl-inspirativni-pruvodce-svetem-fashion-a-beauty","imgurl":"https:\/\/img.luxor.cz\/orig\/produkty\/9788025329306.jpg","price_vat":"69.00","margin":"","vat":"","paramname1":"","paramval1":"","paramname2":"","paramval2":"","paramname3":"","paramval3":"","paramname4":"","paramval4":"","paramname5":"","paramval5":"","paramname6":"","paramval6":"","paramname7":"","paramval7":"","paramname8":"","paramval8":"","paramname9":"","paramval9":"","paramname10":"","paramval10":"","ean":"9788025329306","manufacturer":"Fragment","categorytext":""},"_links":{"self":[{"href":"https:\/\/www.luxor.cz\/blog\/wp-json\/wp\/v2\/product\/56592","targetHints":{"allow":["GET"]}}],"collection":[{"href":"https:\/\/www.luxor.cz\/blog\/wp-json\/wp\/v2\/product"}],"about":[{"href":"https:\/\/www.luxor.cz\/blog\/wp-json\/wp\/v2\/types\/product"}],"replies":[{"embeddable":true,"href":"https:\/\/www.luxor.cz\/blog\/wp-json\/wp\/v2\/comments?post=56592"}],"wp:attachment":[{"href":"https:\/\/www.luxor.cz\/blog\/wp-json\/wp\/v2\/media?parent=56592"}],"wp:term":[{"taxonomy":"product_cat","embeddable":true,"href":"https:\/\/www.luxor.cz\/blog\/wp-json\/wp\/v2\/product_cat?post=56592"},{"taxonomy":"product_tag","embeddable":true,"href":"https:\/\/www.luxor.cz\/blog\/wp-json\/wp\/v2\/product_tag?post=56592"}],"curies":[{"name":"wp","href":"https:\/\/api.w.org\/{rel}","templated":true}]}}