{"id":56335,"date":"2023-08-14T09:51:04","date_gmt":"2023-08-14T07:51:04","guid":{"rendered":"https:\/\/www.luxor.cz\/blog\/produkt\/hospodsky-kviz\/"},"modified":"2023-08-14T09:51:08","modified_gmt":"2023-08-14T07:51:08","slug":"hospodsky-kviz","status":"publish","type":"product","link":"https:\/\/www.luxor.cz\/blog\/produkt\/hospodsky-kviz\/","title":{"rendered":"Hospodsk\u00fd kv\u00edz"},"content":{"rendered":"<p>Hospodsk\u00fd kv\u00edz je netradi\u010dn\u00ed kv\u00edzov\u00e1 hra pln\u00e1 zaj\u00edmav\u00fdch ot\u00e1zek. Hra je inspirov\u00e1na fenom\u00e9nem hospodsk\u00fdch kv\u00edz\u016f, kter\u00e9 se odehr\u00e1vaj\u00ed p\u0159\u00edmo v restaurac\u00edch. Hra vznikla v \u00fazk\u00e9 spolupr\u00e1ci s jedn\u00edm z organiz\u00e1tor\u016f t\u011bchto sout\u011b\u017e\u00ed.<\/p>\n<p>Po\u010det hr\u00e1\u010d\u016f 2-6<br \/>\nDoba hran\u00ed 30+<br \/>\nV\u011bk 15+<\/p>\n","protected":false},"excerpt":{"rendered":"<p>Hospodsk\u00fd kv\u00edz je netradi\u010dn\u00ed kv\u00edzov\u00e1 hra pln\u00e1 zaj\u00edmav\u00fdch ot\u00e1zek. Hra je inspirov\u00e1na fenom\u00e9nem hospodsk\u00fdch kv\u00edz\u016f, kter\u00e9 se odehr\u00e1vaj\u00ed p\u0159\u00edmo v restaurac\u00edch. Hra vznikla v \u00fazk\u00e9 spolupr\u00e1ci s jedn\u00edm z organiz\u00e1tor\u016f [&hellip;]<\/p>\n","protected":false},"featured_media":0,"comment_status":"closed","ping_status":"open","template":"","meta":{"_acf_changed":false,"_monsterinsights_skip_tracking":false,"_monsterinsights_sitenote_active":false,"_monsterinsights_sitenote_note":"","_monsterinsights_sitenote_category":0,"_EventAllDay":false,"_EventTimezone":"","_EventStartDate":"","_EventEndDate":"","_EventStartDateUTC":"","_EventEndDateUTC":"","_EventShowMap":false,"_EventShowMapLink":false,"_EventURL":"","_EventCost":"","_EventCostDescription":"","_EventCurrencySymbol":"","_EventCurrencyCode":"","_EventCurrencyPosition":"","_EventDateTimeSeparator":"","_EventTimeRangeSeparator":"","_EventOrganizerID":[],"_EventVenueID":[],"_OrganizerEmail":"","_OrganizerPhone":"","_OrganizerWebsite":"","_VenueAddress":"","_VenueCity":"","_VenueCountry":"","_VenueProvince":"","_VenueState":"","_VenueZip":"","_VenuePhone":"","_VenueURL":"","_VenueStateProvince":"","_VenueLat":"","_VenueLng":"","_VenueShowMap":false,"_VenueShowMapLink":false,"twitterCardType":"","cardImageID":0,"cardImage":"","cardTitle":"","cardDesc":"","cardImageAlt":"","cardPlayer":"","cardPlayerWidth":0,"cardPlayerHeight":0,"cardPlayerStream":"","cardPlayerCodec":""},"product_cat":[],"product_tag":[],"class_list":["post-56335","product","type-product","status-publish","hentry"],"acf":{"description":"Hospodsk\u00fd kv\u00edz je netradi\u010dn\u00ed kv\u00edzov\u00e1 hra pln\u00e1 zaj\u00edmav\u00fdch ot\u00e1zek. Hra je inspirov\u00e1na fenom\u00e9nem hospodsk\u00fdch kv\u00edz\u016f, kter\u00e9 se odehr\u00e1vaj\u00ed p\u0159\u00edmo v restaurac\u00edch. Hra vznikla v \u00fazk\u00e9 spolupr\u00e1ci s jedn\u00edm z organiz\u00e1tor\u016f t\u011bchto sout\u011b\u017e\u00ed.\n\nPo\u010det hr\u00e1\u010d\u016f 2-6\nDoba hran\u00ed 30+\nV\u011bk 15+","item_id":"LX1538376","productname":"Hospodsk\u00fd kv\u00edz","product":"Hospodsk\u00fd kv\u00edz","url":"https:\/\/www.luxor.cz\/v\/1538376\/albi-hospodsky-kviz","imgurl":"https:\/\/img.luxor.cz\/orig\/produkty\/8590228030863.jpg","price_vat":"805.00","margin":"","vat":"","paramname1":"","paramval1":"","paramname2":"","paramval2":"","paramname3":"","paramval3":"","paramname4":"","paramval4":"","paramname5":"","paramval5":"","paramname6":"","paramval6":"","paramname7":"","paramval7":"","paramname8":"","paramval8":"","paramname9":"","paramval9":"","paramname10":"","paramval10":"","ean":"8590228030863","manufacturer":"Albi","categorytext":""},"_links":{"self":[{"href":"https:\/\/www.luxor.cz\/blog\/wp-json\/wp\/v2\/product\/56335","targetHints":{"allow":["GET"]}}],"collection":[{"href":"https:\/\/www.luxor.cz\/blog\/wp-json\/wp\/v2\/product"}],"about":[{"href":"https:\/\/www.luxor.cz\/blog\/wp-json\/wp\/v2\/types\/product"}],"replies":[{"embeddable":true,"href":"https:\/\/www.luxor.cz\/blog\/wp-json\/wp\/v2\/comments?post=56335"}],"wp:attachment":[{"href":"https:\/\/www.luxor.cz\/blog\/wp-json\/wp\/v2\/media?parent=56335"}],"wp:term":[{"taxonomy":"product_cat","embeddable":true,"href":"https:\/\/www.luxor.cz\/blog\/wp-json\/wp\/v2\/product_cat?post=56335"},{"taxonomy":"product_tag","embeddable":true,"href":"https:\/\/www.luxor.cz\/blog\/wp-json\/wp\/v2\/product_tag?post=56335"}],"curies":[{"name":"wp","href":"https:\/\/api.w.org\/{rel}","templated":true}]}}