{"id":55262,"date":"2023-08-14T09:46:37","date_gmt":"2023-08-14T07:46:37","guid":{"rendered":"https:\/\/www.luxor.cz\/blog\/produkt\/logopedicke-karty-na-vyvozovani-hlasek\/"},"modified":"2023-08-14T09:46:40","modified_gmt":"2023-08-14T07:46:40","slug":"logopedicke-karty-na-vyvozovani-hlasek","status":"publish","type":"product","link":"https:\/\/www.luxor.cz\/blog\/produkt\/logopedicke-karty-na-vyvozovani-hlasek\/","title":{"rendered":"Logopedick\u00e9 karty na vyvozov\u00e1n\u00ed hl\u00e1sek"},"content":{"rendered":"<p>Sada logopedick\u00fdch karet.<\/p>\n","protected":false},"excerpt":{"rendered":"<p>Sada logopedick\u00fdch karet.<\/p>\n","protected":false},"featured_media":0,"comment_status":"closed","ping_status":"open","template":"","meta":{"_acf_changed":false,"_monsterinsights_skip_tracking":false,"_monsterinsights_sitenote_active":false,"_monsterinsights_sitenote_note":"","_monsterinsights_sitenote_category":0,"_EventAllDay":false,"_EventTimezone":"","_EventStartDate":"","_EventEndDate":"","_EventStartDateUTC":"","_EventEndDateUTC":"","_EventShowMap":false,"_EventShowMapLink":false,"_EventURL":"","_EventCost":"","_EventCostDescription":"","_EventCurrencySymbol":"","_EventCurrencyCode":"","_EventCurrencyPosition":"","_EventDateTimeSeparator":"","_EventTimeRangeSeparator":"","_EventOrganizerID":[],"_EventVenueID":[],"_OrganizerEmail":"","_OrganizerPhone":"","_OrganizerWebsite":"","_VenueAddress":"","_VenueCity":"","_VenueCountry":"","_VenueProvince":"","_VenueState":"","_VenueZip":"","_VenuePhone":"","_VenueURL":"","_VenueStateProvince":"","_VenueLat":"","_VenueLng":"","_VenueShowMap":false,"_VenueShowMapLink":false,"twitterCardType":"","cardImageID":0,"cardImage":"","cardTitle":"","cardDesc":"","cardImageAlt":"","cardPlayer":"","cardPlayerWidth":0,"cardPlayerHeight":0,"cardPlayerStream":"","cardPlayerCodec":""},"product_cat":[],"product_tag":[],"class_list":["post-55262","product","type-product","status-publish","hentry"],"acf":{"description":"Sada logopedick\u00fdch karet.","item_id":"LX1537771","productname":"Logopedick\u00e9 karty na vyvozov\u00e1n\u00ed hl\u00e1sek","product":"Logopedick\u00e9 karty na vyvozov\u00e1n\u00ed hl\u00e1sek","url":"https:\/\/www.luxor.cz\/v\/1537771\/logopedicke-karty-na-vyvozovani-hlasek","imgurl":"https:\/\/img.luxor.cz\/orig\/produkty\/745760319114.jpg","price_vat":"109.00","margin":"","vat":"","paramname1":"","paramval1":"","paramname2":"","paramval2":"","paramname3":"","paramval3":"","paramname4":"","paramval4":"","paramname5":"","paramval5":"","paramname6":"","paramval6":"","paramname7":"","paramval7":"","paramname8":"","paramval8":"","paramname9":"","paramval9":"","paramname10":"","paramval10":"","ean":"745760319114","manufacturer":"V lavici","categorytext":""},"_links":{"self":[{"href":"https:\/\/www.luxor.cz\/blog\/wp-json\/wp\/v2\/product\/55262","targetHints":{"allow":["GET"]}}],"collection":[{"href":"https:\/\/www.luxor.cz\/blog\/wp-json\/wp\/v2\/product"}],"about":[{"href":"https:\/\/www.luxor.cz\/blog\/wp-json\/wp\/v2\/types\/product"}],"replies":[{"embeddable":true,"href":"https:\/\/www.luxor.cz\/blog\/wp-json\/wp\/v2\/comments?post=55262"}],"wp:attachment":[{"href":"https:\/\/www.luxor.cz\/blog\/wp-json\/wp\/v2\/media?parent=55262"}],"wp:term":[{"taxonomy":"product_cat","embeddable":true,"href":"https:\/\/www.luxor.cz\/blog\/wp-json\/wp\/v2\/product_cat?post=55262"},{"taxonomy":"product_tag","embeddable":true,"href":"https:\/\/www.luxor.cz\/blog\/wp-json\/wp\/v2\/product_tag?post=55262"}],"curies":[{"name":"wp","href":"https:\/\/api.w.org\/{rel}","templated":true}]}}