{"id":54399,"date":"2023-08-14T09:43:13","date_gmt":"2023-08-14T07:43:13","guid":{"rendered":"https:\/\/www.luxor.cz\/blog\/produkt\/dedictvi-rodu-trnhoffu\/"},"modified":"2023-08-14T09:43:16","modified_gmt":"2023-08-14T07:43:16","slug":"dedictvi-rodu-trnhoffu","status":"publish","type":"product","link":"https:\/\/www.luxor.cz\/blog\/produkt\/dedictvi-rodu-trnhoffu\/","title":{"rendered":"D\u011bdictv\u00ed rodu Trnhoff\u016f"},"content":{"rendered":"<p>Leont\u00fdna a Felix Trnhoffovi nejsou jen tak oby\u010dejn\u00ed t\u0159in\u00e1ctilet\u00ed sourozenci. \u017dij\u00ed v obrovsk\u00e9m ponur\u00e9m \u0161lechtick\u00e9m s\u00eddle, nechod\u00ed do \u0161koly a za p\u00e1r let zd\u011bd\u00ed nesm\u00edrn\u00e9 bohatstv\u00ed. Od sv\u00fdch vrstevn\u00edk\u016f se v\u0161ak li\u0161\u00ed hlavn\u011b neust\u00e1lou snahou zavra\u017edit jeden druh\u00e9ho! Kdy\u017e se svou smrt\u00edc\u00ed sourozeneckou rivalitu rozhodnou hodit za hlavu, brzy se uk\u00e1\u017ee, \u017ee jeden z nich prost\u011b nedok\u00e1\u017ee p\u0159estat&#8230;<br \/>\nAnebo ve skute\u010dnosti stoj\u00ed za p\u0159\u00ed\u0161ern\u00fdmi l\u00e9\u010dkami n\u011bkdo jin\u00fd? Poda\u0159\u00ed se jim p\u0159e\u017e\u00edt dostate\u010dn\u011b dlouho na to, aby mohli vyp\u00e1trat, odkud to opravdov\u00e9 nebezpe\u010d\u00ed p\u0159ich\u00e1z\u00ed? P\u0159\u00edb\u011bh pln\u00fd n\u00e1strah a stra\u0161liv\u00fdch z\u00e1had, v n\u011bm\u017e se setk\u00e1te se zabij\u00e1ck\u00fdmi v\u010delami, rozzu\u0159en\u00fdmi medv\u011bdy, ale hlavn\u011b s d\u011bsiv\u00fdm tajemstv\u00edm, kter\u00e9 t\u011bm dv\u011bma nav\u017edycky<br \/>\nzm\u011bn\u00ed \u017eivot\u2026<\/p>\n","protected":false},"excerpt":{"rendered":"<p>Leont\u00fdna a Felix Trnhoffovi nejsou jen tak oby\u010dejn\u00ed t\u0159in\u00e1ctilet\u00ed sourozenci. \u017dij\u00ed v obrovsk\u00e9m ponur\u00e9m \u0161lechtick\u00e9m s\u00eddle, nechod\u00ed do \u0161koly a za p\u00e1r let zd\u011bd\u00ed nesm\u00edrn\u00e9 bohatstv\u00ed. Od sv\u00fdch vrstevn\u00edk\u016f se [&hellip;]<\/p>\n","protected":false},"featured_media":0,"comment_status":"closed","ping_status":"open","template":"","meta":{"_acf_changed":false,"_monsterinsights_skip_tracking":false,"_monsterinsights_sitenote_active":false,"_monsterinsights_sitenote_note":"","_monsterinsights_sitenote_category":0,"_EventAllDay":false,"_EventTimezone":"","_EventStartDate":"","_EventEndDate":"","_EventStartDateUTC":"","_EventEndDateUTC":"","_EventShowMap":false,"_EventShowMapLink":false,"_EventURL":"","_EventCost":"","_EventCostDescription":"","_EventCurrencySymbol":"","_EventCurrencyCode":"","_EventCurrencyPosition":"","_EventDateTimeSeparator":"","_EventTimeRangeSeparator":"","_EventOrganizerID":[],"_EventVenueID":[],"_OrganizerEmail":"","_OrganizerPhone":"","_OrganizerWebsite":"","_VenueAddress":"","_VenueCity":"","_VenueCountry":"","_VenueProvince":"","_VenueState":"","_VenueZip":"","_VenuePhone":"","_VenueURL":"","_VenueStateProvince":"","_VenueLat":"","_VenueLng":"","_VenueShowMap":false,"_VenueShowMapLink":false,"twitterCardType":"","cardImageID":0,"cardImage":"","cardTitle":"","cardDesc":"","cardImageAlt":"","cardPlayer":"","cardPlayerWidth":0,"cardPlayerHeight":0,"cardPlayerStream":"","cardPlayerCodec":""},"product_cat":[],"product_tag":[],"class_list":["post-54399","product","type-product","status-publish","hentry"],"acf":{"description":"Leont\u00fdna a Felix Trnhoffovi nejsou jen tak oby\u010dejn\u00ed t\u0159in\u00e1ctilet\u00ed sourozenci. \u017dij\u00ed v obrovsk\u00e9m ponur\u00e9m \u0161lechtick\u00e9m s\u00eddle, nechod\u00ed do \u0161koly a za p\u00e1r let zd\u011bd\u00ed nesm\u00edrn\u00e9 bohatstv\u00ed. Od sv\u00fdch vrstevn\u00edk\u016f se v\u0161ak li\u0161\u00ed hlavn\u011b neust\u00e1lou snahou zavra\u017edit jeden druh\u00e9ho! Kdy\u017e se svou smrt\u00edc\u00ed sourozeneckou rivalitu rozhodnou hodit za hlavu, brzy se uk\u00e1\u017ee, \u017ee jeden z nich prost\u011b nedok\u00e1\u017ee p\u0159estat... \nAnebo ve skute\u010dnosti stoj\u00ed za p\u0159\u00ed\u0161ern\u00fdmi l\u00e9\u010dkami n\u011bkdo jin\u00fd? Poda\u0159\u00ed se jim p\u0159e\u017e\u00edt dostate\u010dn\u011b dlouho na to, aby mohli vyp\u00e1trat, odkud to opravdov\u00e9 nebezpe\u010d\u00ed p\u0159ich\u00e1z\u00ed? P\u0159\u00edb\u011bh pln\u00fd n\u00e1strah a stra\u0161liv\u00fdch z\u00e1had, v n\u011bm\u017e se setk\u00e1te se zabij\u00e1ck\u00fdmi v\u010delami, rozzu\u0159en\u00fdmi medv\u011bdy, ale hlavn\u011b s d\u011bsiv\u00fdm tajemstv\u00edm, kter\u00e9 t\u011bm dv\u011bma nav\u017edycky\nzm\u011bn\u00ed \u017eivot\u2026","item_id":"LX1528514","productname":"D\u011bdictv\u00ed rodu Trnhoff\u016f","product":"D\u011bdictv\u00ed rodu Trnhoff\u016f","url":"https:\/\/www.luxor.cz\/v\/1528514\/dedictvi-rodu-trnhoffu","imgurl":"https:\/\/img.luxor.cz\/orig\/produkty\/9788020424488.jpg","price_vat":"224.00","margin":"","vat":"","paramname1":"","paramval1":"","paramname2":"","paramval2":"","paramname3":"","paramval3":"","paramname4":"","paramval4":"","paramname5":"","paramval5":"","paramname6":"","paramval6":"","paramname7":"","paramval7":"","paramname8":"","paramval8":"","paramname9":"","paramval9":"","paramname10":"","paramval10":"","ean":"9788020424488","manufacturer":"Mlad\u00e1 fronta","categorytext":""},"_links":{"self":[{"href":"https:\/\/www.luxor.cz\/blog\/wp-json\/wp\/v2\/product\/54399","targetHints":{"allow":["GET"]}}],"collection":[{"href":"https:\/\/www.luxor.cz\/blog\/wp-json\/wp\/v2\/product"}],"about":[{"href":"https:\/\/www.luxor.cz\/blog\/wp-json\/wp\/v2\/types\/product"}],"replies":[{"embeddable":true,"href":"https:\/\/www.luxor.cz\/blog\/wp-json\/wp\/v2\/comments?post=54399"}],"wp:attachment":[{"href":"https:\/\/www.luxor.cz\/blog\/wp-json\/wp\/v2\/media?parent=54399"}],"wp:term":[{"taxonomy":"product_cat","embeddable":true,"href":"https:\/\/www.luxor.cz\/blog\/wp-json\/wp\/v2\/product_cat?post=54399"},{"taxonomy":"product_tag","embeddable":true,"href":"https:\/\/www.luxor.cz\/blog\/wp-json\/wp\/v2\/product_tag?post=54399"}],"curies":[{"name":"wp","href":"https:\/\/api.w.org\/{rel}","templated":true}]}}