{"id":53205,"date":"2023-08-14T09:38:52","date_gmt":"2023-08-14T07:38:52","guid":{"rendered":"https:\/\/www.luxor.cz\/blog\/produkt\/hrnek-pusheen-425-ml-adulting\/"},"modified":"2023-08-14T09:38:53","modified_gmt":"2023-08-14T07:38:53","slug":"hrnek-pusheen-425-ml-adulting","status":"publish","type":"product","link":"https:\/\/www.luxor.cz\/blog\/produkt\/hrnek-pusheen-425-ml-adulting\/","title":{"rendered":"Hrnek Pusheen 425 ml &#8211; Adulting"},"content":{"rendered":"<p>Keramick\u00fd hrnek v ofici\u00e1ln\u00ed licenci Pusheen. Na p\u0159edn\u00ed stran\u011b hrnku je obr\u00e1zek ko\u010di\u010dky Pusheen a na zadn\u00ed stran\u011b n\u00e1pis &#8222;Adulting&#8220;. Objem hrnku je 425 ml. Hrnek je dod\u00e1v\u00e1n v d\u00e1rkov\u00e9 krabi\u010dce.<\/p>\n","protected":false},"excerpt":{"rendered":"<p>Keramick\u00fd hrnek v ofici\u00e1ln\u00ed licenci Pusheen. Na p\u0159edn\u00ed stran\u011b hrnku je obr\u00e1zek ko\u010di\u010dky Pusheen a na zadn\u00ed stran\u011b n\u00e1pis &#8222;Adulting&#8220;. Objem hrnku je 425 ml. Hrnek je dod\u00e1v\u00e1n v d\u00e1rkov\u00e9 [&hellip;]<\/p>\n","protected":false},"featured_media":0,"comment_status":"closed","ping_status":"open","template":"","meta":{"_acf_changed":false,"_monsterinsights_skip_tracking":false,"_monsterinsights_sitenote_active":false,"_monsterinsights_sitenote_note":"","_monsterinsights_sitenote_category":0,"_EventAllDay":false,"_EventTimezone":"","_EventStartDate":"","_EventEndDate":"","_EventStartDateUTC":"","_EventEndDateUTC":"","_EventShowMap":false,"_EventShowMapLink":false,"_EventURL":"","_EventCost":"","_EventCostDescription":"","_EventCurrencySymbol":"","_EventCurrencyCode":"","_EventCurrencyPosition":"","_EventDateTimeSeparator":"","_EventTimeRangeSeparator":"","_EventOrganizerID":[],"_EventVenueID":[],"_OrganizerEmail":"","_OrganizerPhone":"","_OrganizerWebsite":"","_VenueAddress":"","_VenueCity":"","_VenueCountry":"","_VenueProvince":"","_VenueState":"","_VenueZip":"","_VenuePhone":"","_VenueURL":"","_VenueStateProvince":"","_VenueLat":"","_VenueLng":"","_VenueShowMap":false,"_VenueShowMapLink":false,"twitterCardType":"","cardImageID":0,"cardImage":"","cardTitle":"","cardDesc":"","cardImageAlt":"","cardPlayer":"","cardPlayerWidth":0,"cardPlayerHeight":0,"cardPlayerStream":"","cardPlayerCodec":""},"product_cat":[],"product_tag":[],"class_list":["post-53205","product","type-product","status-publish","hentry"],"acf":{"description":"Keramick\u00fd hrnek v ofici\u00e1ln\u00ed licenci Pusheen. Na p\u0159edn\u00ed stran\u011b hrnku je obr\u00e1zek ko\u010di\u010dky Pusheen a na zadn\u00ed stran\u011b n\u00e1pis \"Adulting\". Objem hrnku je 425 ml. Hrnek je dod\u00e1v\u00e1n v d\u00e1rkov\u00e9 krabi\u010dce.","item_id":"LX1529725","productname":"Hrnek Pusheen 425 ml - Adulting","product":"Hrnek Pusheen 425 ml - Adulting","url":"https:\/\/www.luxor.cz\/v\/1529725\/hrnek-pusheen-425-ml-keramicka-ovalny","imgurl":"https:\/\/img.luxor.cz\/orig\/produkty\/5050574258944.jpg","price_vat":"399.00","margin":"","vat":"","paramname1":"","paramval1":"","paramname2":"","paramval2":"","paramname3":"","paramval3":"","paramname4":"","paramval4":"","paramname5":"","paramval5":"","paramname6":"","paramval6":"","paramname7":"","paramval7":"","paramname8":"","paramval8":"","paramname9":"","paramval9":"","paramname10":"","paramval10":"","ean":"5050574258944","manufacturer":"Pusheen","categorytext":""},"_links":{"self":[{"href":"https:\/\/www.luxor.cz\/blog\/wp-json\/wp\/v2\/product\/53205","targetHints":{"allow":["GET"]}}],"collection":[{"href":"https:\/\/www.luxor.cz\/blog\/wp-json\/wp\/v2\/product"}],"about":[{"href":"https:\/\/www.luxor.cz\/blog\/wp-json\/wp\/v2\/types\/product"}],"replies":[{"embeddable":true,"href":"https:\/\/www.luxor.cz\/blog\/wp-json\/wp\/v2\/comments?post=53205"}],"wp:attachment":[{"href":"https:\/\/www.luxor.cz\/blog\/wp-json\/wp\/v2\/media?parent=53205"}],"wp:term":[{"taxonomy":"product_cat","embeddable":true,"href":"https:\/\/www.luxor.cz\/blog\/wp-json\/wp\/v2\/product_cat?post=53205"},{"taxonomy":"product_tag","embeddable":true,"href":"https:\/\/www.luxor.cz\/blog\/wp-json\/wp\/v2\/product_tag?post=53205"}],"curies":[{"name":"wp","href":"https:\/\/api.w.org\/{rel}","templated":true}]}}