{"id":50297,"date":"2023-08-14T09:28:03","date_gmt":"2023-08-14T07:28:03","guid":{"rendered":"https:\/\/www.luxor.cz\/blog\/produkt\/makroregiony-sveta-regionalni-geografie-pro-gymnazia-prepracovane-vydani-ucebnice\/"},"modified":"2023-08-14T09:28:06","modified_gmt":"2023-08-14T07:28:06","slug":"makroregiony-sveta-regionalni-geografie-pro-gymnazia-prepracovane-vydani-ucebnice","status":"publish","type":"product","link":"https:\/\/www.luxor.cz\/blog\/produkt\/makroregiony-sveta-regionalni-geografie-pro-gymnazia-prepracovane-vydani-ucebnice\/","title":{"rendered":"Makroregiony sv\u011bta &#8211; Region\u00e1ln\u00ed geografie pro gymn\u00e1zia (P\u0159epracovan\u00e9 vyd\u00e1n\u00ed u\u010debnice)"},"content":{"rendered":"<p>U\u010debnice v nov\u00e9m pojet\u00ed st\u0159edo\u0161kolsk\u00e9ho studia nab\u00edz\u00ed pozn\u00e1v\u00e1n\u00ed sv\u011bta tv\u016fr\u010d\u00edm zp\u016fsobem a v co nej\u0161ir\u0161\u00edch souvislostech.<\/p>\n<p>Koncepce u\u010debnice se zam\u011b\u0159uje hlavn\u011b na obecn\u00e9 znalosti makroregion\u016f, a to na \u00fakor r\u016fzn\u00fdch p\u0159ehled\u016f podrobn\u00fdch statistick\u00fdch \u00fadaj\u016f o jednotliv\u00fdch st\u00e1tech. Text nab\u00edz\u00ed pouze kl\u00ed\u010dov\u00e1 statistick\u00e1 data \u2013 nikoli v\u0161ak k tradi\u010dn\u00edmu zapamatov\u00e1n\u00ed, ale ur\u010den\u00e1 k porovn\u00e1v\u00e1n\u00ed, zd\u016fvod\u0148ov\u00e1n\u00ed a hodnocen\u00ed. U\u010debnice obsahuje tematick\u00e9 mapy a fotografie ur\u010den\u00e9 k prohlubov\u00e1n\u00ed znalost\u00ed tv\u016fr\u010d\u00edm p\u0159\u00edstupem. Ot\u00e1zky a \u00fakoly odkazuj\u00ed na \u010dinnost s mnoha informa\u010dn\u00edmi zdroji.<\/p>\n<p>U\u010debnice p\u0159edstavuje modern\u00ed podklad pro porozum\u011bn\u00ed dne\u0161n\u00edmu rychle se prom\u011b\u0148uj\u00edc\u00edmu a globalizuj\u00edc\u00edmu sv\u011btu.<\/p>\n","protected":false},"excerpt":{"rendered":"<p>U\u010debnice v nov\u00e9m pojet\u00ed st\u0159edo\u0161kolsk\u00e9ho studia nab\u00edz\u00ed pozn\u00e1v\u00e1n\u00ed sv\u011bta tv\u016fr\u010d\u00edm zp\u016fsobem a v co nej\u0161ir\u0161\u00edch souvislostech. Koncepce u\u010debnice se zam\u011b\u0159uje hlavn\u011b na obecn\u00e9 znalosti makroregion\u016f, a to na \u00fakor r\u016fzn\u00fdch [&hellip;]<\/p>\n","protected":false},"featured_media":0,"comment_status":"closed","ping_status":"open","template":"","meta":{"_acf_changed":false,"_monsterinsights_skip_tracking":false,"_monsterinsights_sitenote_active":false,"_monsterinsights_sitenote_note":"","_monsterinsights_sitenote_category":0,"_EventAllDay":false,"_EventTimezone":"","_EventStartDate":"","_EventEndDate":"","_EventStartDateUTC":"","_EventEndDateUTC":"","_EventShowMap":false,"_EventShowMapLink":false,"_EventURL":"","_EventCost":"","_EventCostDescription":"","_EventCurrencySymbol":"","_EventCurrencyCode":"","_EventCurrencyPosition":"","_EventDateTimeSeparator":"","_EventTimeRangeSeparator":"","_EventOrganizerID":[],"_EventVenueID":[],"_OrganizerEmail":"","_OrganizerPhone":"","_OrganizerWebsite":"","_VenueAddress":"","_VenueCity":"","_VenueCountry":"","_VenueProvince":"","_VenueState":"","_VenueZip":"","_VenuePhone":"","_VenueURL":"","_VenueStateProvince":"","_VenueLat":"","_VenueLng":"","_VenueShowMap":false,"_VenueShowMapLink":false,"twitterCardType":"","cardImageID":0,"cardImage":"","cardTitle":"","cardDesc":"","cardImageAlt":"","cardPlayer":"","cardPlayerWidth":0,"cardPlayerHeight":0,"cardPlayerStream":"","cardPlayerCodec":""},"product_cat":[],"product_tag":[],"class_list":["post-50297","product","type-product","status-publish","hentry"],"acf":{"description":"U\u010debnice v nov\u00e9m pojet\u00ed st\u0159edo\u0161kolsk\u00e9ho studia nab\u00edz\u00ed pozn\u00e1v\u00e1n\u00ed sv\u011bta tv\u016fr\u010d\u00edm zp\u016fsobem a v co nej\u0161ir\u0161\u00edch souvislostech.\n\nKoncepce u\u010debnice se zam\u011b\u0159uje hlavn\u011b na obecn\u00e9 znalosti makroregion\u016f, a to na \u00fakor r\u016fzn\u00fdch p\u0159ehled\u016f podrobn\u00fdch statistick\u00fdch \u00fadaj\u016f o jednotliv\u00fdch st\u00e1tech. Text nab\u00edz\u00ed pouze kl\u00ed\u010dov\u00e1 statistick\u00e1 data \u2013 nikoli v\u0161ak k tradi\u010dn\u00edmu zapamatov\u00e1n\u00ed, ale ur\u010den\u00e1 k porovn\u00e1v\u00e1n\u00ed, zd\u016fvod\u0148ov\u00e1n\u00ed a hodnocen\u00ed. U\u010debnice obsahuje tematick\u00e9 mapy a fotografie ur\u010den\u00e9 k prohlubov\u00e1n\u00ed znalost\u00ed tv\u016fr\u010d\u00edm p\u0159\u00edstupem. Ot\u00e1zky a \u00fakoly odkazuj\u00ed na \u010dinnost s mnoha informa\u010dn\u00edmi zdroji.\n\nU\u010debnice p\u0159edstavuje modern\u00ed podklad pro porozum\u011bn\u00ed dne\u0161n\u00edmu rychle se prom\u011b\u0148uj\u00edc\u00edmu a globalizuj\u00edc\u00edmu sv\u011btu.","item_id":"LX1516069","productname":"Makroregiony sv\u011bta - Region\u00e1ln\u00ed geografie pro gymn\u00e1zia (P\u0159epracovan\u00e9 vyd\u00e1n\u00ed u\u010debnice)","product":"Makroregiony sv\u011bta - Region\u00e1ln\u00ed geografie pro gymn\u00e1zia (P\u0159epracovan\u00e9 vyd\u00e1n\u00ed u\u010debnice)","url":"https:\/\/www.luxor.cz\/v\/1516069\/makroregiony-sveta-regionalni-geografie-pro-gymnaziaprepracovane-vydani-ucebnice","imgurl":"https:\/\/img.luxor.cz\/orig\/produkty\/9788087476024.jpg","price_vat":"220.00","margin":"","vat":"","paramname1":"","paramval1":"","paramname2":"","paramval2":"","paramname3":"","paramval3":"","paramname4":"","paramval4":"","paramname5":"","paramval5":"","paramname6":"","paramval6":"","paramname7":"","paramval7":"","paramname8":"","paramval8":"","paramname9":"","paramval9":"","paramname10":"","paramval10":"","ean":"9788087476024","manufacturer":"N\u010cGS","categorytext":""},"_links":{"self":[{"href":"https:\/\/www.luxor.cz\/blog\/wp-json\/wp\/v2\/product\/50297","targetHints":{"allow":["GET"]}}],"collection":[{"href":"https:\/\/www.luxor.cz\/blog\/wp-json\/wp\/v2\/product"}],"about":[{"href":"https:\/\/www.luxor.cz\/blog\/wp-json\/wp\/v2\/types\/product"}],"replies":[{"embeddable":true,"href":"https:\/\/www.luxor.cz\/blog\/wp-json\/wp\/v2\/comments?post=50297"}],"wp:attachment":[{"href":"https:\/\/www.luxor.cz\/blog\/wp-json\/wp\/v2\/media?parent=50297"}],"wp:term":[{"taxonomy":"product_cat","embeddable":true,"href":"https:\/\/www.luxor.cz\/blog\/wp-json\/wp\/v2\/product_cat?post=50297"},{"taxonomy":"product_tag","embeddable":true,"href":"https:\/\/www.luxor.cz\/blog\/wp-json\/wp\/v2\/product_tag?post=50297"}],"curies":[{"name":"wp","href":"https:\/\/api.w.org\/{rel}","templated":true}]}}