{"id":48041,"date":"2023-08-14T09:19:58","date_gmt":"2023-08-14T07:19:58","guid":{"rendered":"https:\/\/www.luxor.cz\/blog\/produkt\/deutsch-mit-max-a1-dil-2-ucebnice\/"},"modified":"2023-08-14T09:19:59","modified_gmt":"2023-08-14T07:19:59","slug":"deutsch-mit-max-a1-dil-2-ucebnice","status":"publish","type":"product","link":"https:\/\/www.luxor.cz\/blog\/produkt\/deutsch-mit-max-a1-dil-2-ucebnice\/","title":{"rendered":"Deutsch mit Max A1\/d\u00edl 2 &#8211; u\u010debnice"},"content":{"rendered":"<p>Dvoud\u00edln\u00e1 u\u010debnice je ur\u010dena pro v\u00fduku n\u011bm\u010diny jako druh\u00e9ho ciz\u00edho jazyka. Druh\u00fd d\u00edl je vhodn\u00fd pro \u017e\u00e1ky 8. nebo 9. ro\u010dn\u00edku z\u00e1kladn\u00edch \u0161kol a odpov\u00eddaj\u00edc\u00ed ro\u010dn\u00edky v\u00edcelet\u00fdch gymn\u00e1zi\u00ed a rozv\u00edj\u00ed dovednosti z\u00edskan\u00e9 v prvn\u00edm d\u00edle.<\/p>\n","protected":false},"excerpt":{"rendered":"<p>Dvoud\u00edln\u00e1 u\u010debnice je ur\u010dena pro v\u00fduku n\u011bm\u010diny jako druh\u00e9ho ciz\u00edho jazyka. Druh\u00fd d\u00edl je vhodn\u00fd pro \u017e\u00e1ky 8. nebo 9. ro\u010dn\u00edku z\u00e1kladn\u00edch \u0161kol a odpov\u00eddaj\u00edc\u00ed ro\u010dn\u00edky v\u00edcelet\u00fdch gymn\u00e1zi\u00ed a rozv\u00edj\u00ed [&hellip;]<\/p>\n","protected":false},"featured_media":0,"comment_status":"closed","ping_status":"open","template":"","meta":{"_acf_changed":false,"_monsterinsights_skip_tracking":false,"_monsterinsights_sitenote_active":false,"_monsterinsights_sitenote_note":"","_monsterinsights_sitenote_category":0,"_EventAllDay":false,"_EventTimezone":"","_EventStartDate":"","_EventEndDate":"","_EventStartDateUTC":"","_EventEndDateUTC":"","_EventShowMap":false,"_EventShowMapLink":false,"_EventURL":"","_EventCost":"","_EventCostDescription":"","_EventCurrencySymbol":"","_EventCurrencyCode":"","_EventCurrencyPosition":"","_EventDateTimeSeparator":"","_EventTimeRangeSeparator":"","_EventOrganizerID":[],"_EventVenueID":[],"_OrganizerEmail":"","_OrganizerPhone":"","_OrganizerWebsite":"","_VenueAddress":"","_VenueCity":"","_VenueCountry":"","_VenueProvince":"","_VenueState":"","_VenueZip":"","_VenuePhone":"","_VenueURL":"","_VenueStateProvince":"","_VenueLat":"","_VenueLng":"","_VenueShowMap":false,"_VenueShowMapLink":false,"twitterCardType":"","cardImageID":0,"cardImage":"","cardTitle":"","cardDesc":"","cardImageAlt":"","cardPlayer":"","cardPlayerWidth":0,"cardPlayerHeight":0,"cardPlayerStream":"","cardPlayerCodec":""},"product_cat":[],"product_tag":[],"class_list":["post-48041","product","type-product","status-publish","hentry"],"acf":{"description":"Dvoud\u00edln\u00e1 u\u010debnice je ur\u010dena pro v\u00fduku n\u011bm\u010diny jako druh\u00e9ho ciz\u00edho jazyka. Druh\u00fd d\u00edl je vhodn\u00fd pro \u017e\u00e1ky 8. nebo 9. ro\u010dn\u00edku z\u00e1kladn\u00edch \u0161kol a odpov\u00eddaj\u00edc\u00ed ro\u010dn\u00edky v\u00edcelet\u00fdch gymn\u00e1zi\u00ed a rozv\u00edj\u00ed dovednosti z\u00edskan\u00e9 v prvn\u00edm d\u00edle.","item_id":"LX1503803","productname":"Deutsch mit Max A1\/d\u00edl 2 - u\u010debnice","product":"Deutsch mit Max A1\/d\u00edl 2 - u\u010debnice","url":"https:\/\/www.luxor.cz\/v\/1503803\/deutsch-mit-max-a1-dil-2-ucebnice","imgurl":"https:\/\/img.luxor.cz\/orig\/produkty\/9788072385942.jpg","price_vat":"246.00","margin":"","vat":"","paramname1":"","paramval1":"","paramname2":"","paramval2":"","paramname3":"","paramval3":"","paramname4":"","paramval4":"","paramname5":"","paramval5":"","paramname6":"","paramval6":"","paramname7":"","paramval7":"","paramname8":"","paramval8":"","paramname9":"","paramval9":"","paramname10":"","paramval10":"","ean":"9788072385942","manufacturer":"Fraus","categorytext":""},"_links":{"self":[{"href":"https:\/\/www.luxor.cz\/blog\/wp-json\/wp\/v2\/product\/48041","targetHints":{"allow":["GET"]}}],"collection":[{"href":"https:\/\/www.luxor.cz\/blog\/wp-json\/wp\/v2\/product"}],"about":[{"href":"https:\/\/www.luxor.cz\/blog\/wp-json\/wp\/v2\/types\/product"}],"replies":[{"embeddable":true,"href":"https:\/\/www.luxor.cz\/blog\/wp-json\/wp\/v2\/comments?post=48041"}],"wp:attachment":[{"href":"https:\/\/www.luxor.cz\/blog\/wp-json\/wp\/v2\/media?parent=48041"}],"wp:term":[{"taxonomy":"product_cat","embeddable":true,"href":"https:\/\/www.luxor.cz\/blog\/wp-json\/wp\/v2\/product_cat?post=48041"},{"taxonomy":"product_tag","embeddable":true,"href":"https:\/\/www.luxor.cz\/blog\/wp-json\/wp\/v2\/product_tag?post=48041"}],"curies":[{"name":"wp","href":"https:\/\/api.w.org\/{rel}","templated":true}]}}