{"id":44870,"date":"2023-08-14T09:09:07","date_gmt":"2023-08-14T07:09:07","guid":{"rendered":"https:\/\/www.luxor.cz\/blog\/produkt\/ledove-kralovstvi-polarni-zare-at-se-rozzari\/"},"modified":"2023-08-14T09:09:09","modified_gmt":"2023-08-14T07:09:09","slug":"ledove-kralovstvi-polarni-zare-at-se-rozzari","status":"publish","type":"product","link":"https:\/\/www.luxor.cz\/blog\/produkt\/ledove-kralovstvi-polarni-zare-at-se-rozzari\/","title":{"rendered":"Ledov\u00e9 kr\u00e1lovstv\u00ed &#8211; Pol\u00e1rn\u00ed z\u00e1\u0159e &#8211; A\u0165 se rozz\u00e1\u0159\u00ed!"},"content":{"rendered":"<p>Za\u017eij kouzlo pol\u00e1rn\u00ed z\u00e1\u0159e!<\/p>\n<p>\u010cas slavnosti krystal\u016f se bl\u00ed\u017e\u00ed. Pratroll b\u011bhem oslav vyznamen\u00e1 mlad\u00e9 trolly, kter\u00fdm se poda\u0159ilo z\u00edskat v\u0161echny krystaly a splnit tak zkou\u0161ku prvn\u00edho \u0159\u00e1du. Ale Kam\u00ednkovi st\u00e1le chyb\u00ed jeden krystal, aby se mohl slavnosti tak\u00e9 z\u00fa\u010dastnit. Poda\u0159\u00ed se mu s pomoc\u00ed Elsy, Anny, Kristoffa, Svena, a samoz\u0159ejm\u011b i Olafa v\u010das vy\u0159e\u0161it h\u00e1danku, jak se st\u00e1t spr\u00e1vn\u00fdm stopa\u0159em? Tak r\u00e1d by se z\u00fa\u010dastnil slavnosti krystal\u016f a spolu s ostatn\u00edmi mlad\u00fdmi trolly obdivoval kr\u00e1su pol\u00e1rn\u00ed z\u00e1\u0159e! P\u0159e\u010dti si magick\u00fd p\u0159\u00edb\u011bh a nalepuj kouzeln\u00e9 samolepky z Ledov\u00e9ho kr\u00e1lovstv\u00ed!<\/p>\n","protected":false},"excerpt":{"rendered":"<p>Za\u017eij kouzlo pol\u00e1rn\u00ed z\u00e1\u0159e! \u010cas slavnosti krystal\u016f se bl\u00ed\u017e\u00ed. Pratroll b\u011bhem oslav vyznamen\u00e1 mlad\u00e9 trolly, kter\u00fdm se poda\u0159ilo z\u00edskat v\u0161echny krystaly a splnit tak zkou\u0161ku prvn\u00edho \u0159\u00e1du. Ale Kam\u00ednkovi st\u00e1le [&hellip;]<\/p>\n","protected":false},"featured_media":0,"comment_status":"closed","ping_status":"open","template":"","meta":{"_acf_changed":false,"_monsterinsights_skip_tracking":false,"_monsterinsights_sitenote_active":false,"_monsterinsights_sitenote_note":"","_monsterinsights_sitenote_category":0,"_EventAllDay":false,"_EventTimezone":"","_EventStartDate":"","_EventEndDate":"","_EventStartDateUTC":"","_EventEndDateUTC":"","_EventShowMap":false,"_EventShowMapLink":false,"_EventURL":"","_EventCost":"","_EventCostDescription":"","_EventCurrencySymbol":"","_EventCurrencyCode":"","_EventCurrencyPosition":"","_EventDateTimeSeparator":"","_EventTimeRangeSeparator":"","_EventOrganizerID":[],"_EventVenueID":[],"_OrganizerEmail":"","_OrganizerPhone":"","_OrganizerWebsite":"","_VenueAddress":"","_VenueCity":"","_VenueCountry":"","_VenueProvince":"","_VenueState":"","_VenueZip":"","_VenuePhone":"","_VenueURL":"","_VenueStateProvince":"","_VenueLat":"","_VenueLng":"","_VenueShowMap":false,"_VenueShowMapLink":false,"twitterCardType":"","cardImageID":0,"cardImage":"","cardTitle":"","cardDesc":"","cardImageAlt":"","cardPlayer":"","cardPlayerWidth":0,"cardPlayerHeight":0,"cardPlayerStream":"","cardPlayerCodec":""},"product_cat":[],"product_tag":[],"class_list":["post-44870","product","type-product","status-publish","hentry"],"acf":{"description":"Za\u017eij kouzlo pol\u00e1rn\u00ed z\u00e1\u0159e!\n\n\u010cas slavnosti krystal\u016f se bl\u00ed\u017e\u00ed. Pratroll b\u011bhem oslav vyznamen\u00e1 mlad\u00e9 trolly, kter\u00fdm se poda\u0159ilo z\u00edskat v\u0161echny krystaly a splnit tak zkou\u0161ku prvn\u00edho \u0159\u00e1du. Ale Kam\u00ednkovi st\u00e1le chyb\u00ed jeden krystal, aby se mohl slavnosti tak\u00e9 z\u00fa\u010dastnit. Poda\u0159\u00ed se mu s pomoc\u00ed Elsy, Anny, Kristoffa, Svena, a samoz\u0159ejm\u011b i Olafa v\u010das vy\u0159e\u0161it h\u00e1danku, jak se st\u00e1t spr\u00e1vn\u00fdm stopa\u0159em? Tak r\u00e1d by se z\u00fa\u010dastnil slavnosti krystal\u016f a spolu s ostatn\u00edmi mlad\u00fdmi trolly obdivoval kr\u00e1su pol\u00e1rn\u00ed z\u00e1\u0159e! P\u0159e\u010dti si magick\u00fd p\u0159\u00edb\u011bh a nalepuj kouzeln\u00e9 samolepky z Ledov\u00e9ho kr\u00e1lovstv\u00ed!","item_id":"LX1497472","productname":"Ledov\u00e9 kr\u00e1lovstv\u00ed - Pol\u00e1rn\u00ed z\u00e1\u0159e - A\u0165 se rozz\u00e1\u0159\u00ed!","product":"Ledov\u00e9 kr\u00e1lovstv\u00ed - Pol\u00e1rn\u00ed z\u00e1\u0159e - A\u0165 se rozz\u00e1\u0159\u00ed!","url":"https:\/\/www.luxor.cz\/v\/1497472\/ledove-kralovstvi-polarni-zare-at-se-rozzari","imgurl":"https:\/\/img.luxor.cz\/orig\/produkty\/9788025241028.jpg","price_vat":"107.00","margin":"","vat":"","paramname1":"","paramval1":"","paramname2":"","paramval2":"","paramname3":"","paramval3":"","paramname4":"","paramval4":"","paramname5":"","paramval5":"","paramname6":"","paramval6":"","paramname7":"","paramval7":"","paramname8":"","paramval8":"","paramname9":"","paramval9":"","paramname10":"","paramval10":"","ean":"9788025241028","manufacturer":"Egmont","categorytext":""},"_links":{"self":[{"href":"https:\/\/www.luxor.cz\/blog\/wp-json\/wp\/v2\/product\/44870","targetHints":{"allow":["GET"]}}],"collection":[{"href":"https:\/\/www.luxor.cz\/blog\/wp-json\/wp\/v2\/product"}],"about":[{"href":"https:\/\/www.luxor.cz\/blog\/wp-json\/wp\/v2\/types\/product"}],"replies":[{"embeddable":true,"href":"https:\/\/www.luxor.cz\/blog\/wp-json\/wp\/v2\/comments?post=44870"}],"wp:attachment":[{"href":"https:\/\/www.luxor.cz\/blog\/wp-json\/wp\/v2\/media?parent=44870"}],"wp:term":[{"taxonomy":"product_cat","embeddable":true,"href":"https:\/\/www.luxor.cz\/blog\/wp-json\/wp\/v2\/product_cat?post=44870"},{"taxonomy":"product_tag","embeddable":true,"href":"https:\/\/www.luxor.cz\/blog\/wp-json\/wp\/v2\/product_tag?post=44870"}],"curies":[{"name":"wp","href":"https:\/\/api.w.org\/{rel}","templated":true}]}}