{"id":319348,"date":"2025-08-20T14:25:07","date_gmt":"2025-08-20T12:25:07","guid":{"rendered":"https:\/\/www.luxor.cz\/blog\/produkt\/vodacka-mapa-vltava-vyssi-brod-hluboka-nad-vltavou-150-tis-2\/"},"modified":"2025-08-20T14:25:13","modified_gmt":"2025-08-20T12:25:13","slug":"vodacka-mapa-vltava-vyssi-brod-hluboka-nad-vltavou-150-tis-2","status":"publish","type":"product","link":"https:\/\/www.luxor.cz\/blog\/produkt\/vodacka-mapa-vltava-vyssi-brod-hluboka-nad-vltavou-150-tis-2\/","title":{"rendered":"Vod\u00e1ck\u00e1 mapa &#8211; Vltava\/Vy\u0161\u0161\u00ed Brod &#8211; Hlubok\u00e1 nad Vltavou\/1:50 tis."},"content":{"rendered":"<h2><\/h2>\n<p>Mapa obsahuje kompletn\u00ed vod\u00e1ck\u00e9 informace tj. \u0159\u00ed\u010dn\u00ed kilometr\u00e1\u017e, ozna\u010den\u00ed nebezpe\u010dn\u00fdch \u00fasek\u016f, odkazy na detailn\u00ed sch\u00e9ma jez\u016f, poskytuj\u00edc\u00ed&#8230;<\/p>\n","protected":false},"excerpt":{"rendered":"<p>Mapa obsahuje kompletn\u00ed vod\u00e1ck\u00e9 informace tj. \u0159\u00ed\u010dn\u00ed kilometr\u00e1\u017e, ozna\u010den\u00ed nebezpe\u010dn\u00fdch \u00fasek\u016f, odkazy na detailn\u00ed sch\u00e9ma jez\u016f, poskytuj\u00edc\u00ed&#8230;<\/p>\n","protected":false},"featured_media":0,"comment_status":"closed","ping_status":"open","template":"","meta":{"_acf_changed":false,"_monsterinsights_skip_tracking":false,"_monsterinsights_sitenote_active":false,"_monsterinsights_sitenote_note":"","_monsterinsights_sitenote_category":0,"_EventAllDay":false,"_EventTimezone":"","_EventStartDate":"","_EventEndDate":"","_EventStartDateUTC":"","_EventEndDateUTC":"","_EventShowMap":false,"_EventShowMapLink":false,"_EventURL":"","_EventCost":"","_EventCostDescription":"","_EventCurrencySymbol":"","_EventCurrencyCode":"","_EventCurrencyPosition":"","_EventDateTimeSeparator":"","_EventTimeRangeSeparator":"","_EventOrganizerID":[],"_EventVenueID":[],"_OrganizerEmail":"","_OrganizerPhone":"","_OrganizerWebsite":"","_VenueAddress":"","_VenueCity":"","_VenueCountry":"","_VenueProvince":"","_VenueState":"","_VenueZip":"","_VenuePhone":"","_VenueURL":"","_VenueStateProvince":"","_VenueLat":"","_VenueLng":"","_VenueShowMap":false,"_VenueShowMapLink":false,"twitterCardType":"","cardImageID":0,"cardImage":"","cardTitle":"","cardDesc":"","cardImageAlt":"","cardPlayer":"","cardPlayerWidth":0,"cardPlayerHeight":0,"cardPlayerStream":"","cardPlayerCodec":""},"product_cat":[],"product_tag":[],"class_list":["post-319348","product","type-product","status-publish","hentry"],"acf":{"description":null,"item_id":null,"productname":null,"product":null,"url":"https:\/\/www.luxor.cz\/v\/1610088\/vodacka-mapa-vltava-vyssi-brod-hluboka-nad-vltavou-150-tis","imgurl":null,"price_vat":null,"margin":null,"vat":null,"paramname1":null,"paramval1":null,"paramname2":null,"paramval2":null,"paramname3":null,"paramval3":null,"paramname4":null,"paramval4":null,"paramname5":null,"paramval5":null,"paramname6":null,"paramval6":null,"paramname7":null,"paramval7":null,"paramname8":null,"paramval8":null,"paramname9":null,"paramval9":null,"paramname10":null,"paramval10":null,"ean":null,"manufacturer":null,"categorytext":null},"_links":{"self":[{"href":"https:\/\/www.luxor.cz\/blog\/wp-json\/wp\/v2\/product\/319348","targetHints":{"allow":["GET"]}}],"collection":[{"href":"https:\/\/www.luxor.cz\/blog\/wp-json\/wp\/v2\/product"}],"about":[{"href":"https:\/\/www.luxor.cz\/blog\/wp-json\/wp\/v2\/types\/product"}],"replies":[{"embeddable":true,"href":"https:\/\/www.luxor.cz\/blog\/wp-json\/wp\/v2\/comments?post=319348"}],"wp:attachment":[{"href":"https:\/\/www.luxor.cz\/blog\/wp-json\/wp\/v2\/media?parent=319348"}],"wp:term":[{"taxonomy":"product_cat","embeddable":true,"href":"https:\/\/www.luxor.cz\/blog\/wp-json\/wp\/v2\/product_cat?post=319348"},{"taxonomy":"product_tag","embeddable":true,"href":"https:\/\/www.luxor.cz\/blog\/wp-json\/wp\/v2\/product_tag?post=319348"}],"curies":[{"name":"wp","href":"https:\/\/api.w.org\/{rel}","templated":true}]}}