{"id":278470,"date":"2025-08-08T12:25:55","date_gmt":"2025-08-08T10:25:55","guid":{"rendered":"https:\/\/www.luxor.cz\/blog\/produkt\/dobrodruzstvi-v-kuchyni-deti-vari-samy-2\/"},"modified":"2025-08-08T12:25:55","modified_gmt":"2025-08-08T10:25:55","slug":"dobrodruzstvi-v-kuchyni-deti-vari-samy-2","status":"publish","type":"product","link":"https:\/\/www.luxor.cz\/blog\/produkt\/dobrodruzstvi-v-kuchyni-deti-vari-samy-2\/","title":{"rendered":"Dobrodru\u017estv\u00ed v kuchyni &#8211; D\u011bti va\u0159\u00ed samy"},"content":{"rendered":"<h2>Marti\u0161ov\u00e1 Bakov\u00e1 Gabriela<\/h2>\n<p>U\u010debnice va\u0159en\u00ed&#x0D;<br \/>\nU\u010dit se va\u0159it podle na\u0161ich recept\u016f mohou za\u010d\u00edt d\u011bti, kter\u00e9 je\u0161t\u011b neum\u00ed ani \u010d\u00edst. D\u00edky kombinaci obr\u00e1zk\u016f a textu tak&#8230;<\/p>\n","protected":false},"excerpt":{"rendered":"<p>U\u010debnice va\u0159en\u00ed&#x0D;<br \/>\nU\u010dit se va\u0159it podle na\u0161ich recept\u016f mohou za\u010d\u00edt d\u011bti, kter\u00e9 je\u0161t\u011b neum\u00ed ani \u010d\u00edst. D\u00edky kombinaci obr\u00e1zk\u016f a textu tak&#8230;<\/p>\n","protected":false},"featured_media":278471,"comment_status":"closed","ping_status":"open","template":"","meta":{"_acf_changed":false,"_monsterinsights_skip_tracking":false,"_monsterinsights_sitenote_active":false,"_monsterinsights_sitenote_note":"","_monsterinsights_sitenote_category":0,"_EventAllDay":false,"_EventTimezone":"","_EventStartDate":"","_EventEndDate":"","_EventStartDateUTC":"","_EventEndDateUTC":"","_EventShowMap":false,"_EventShowMapLink":false,"_EventURL":"","_EventCost":"","_EventCostDescription":"","_EventCurrencySymbol":"","_EventCurrencyCode":"","_EventCurrencyPosition":"","_EventDateTimeSeparator":"","_EventTimeRangeSeparator":"","_EventOrganizerID":[],"_EventVenueID":[],"_OrganizerEmail":"","_OrganizerPhone":"","_OrganizerWebsite":"","_VenueAddress":"","_VenueCity":"","_VenueCountry":"","_VenueProvince":"","_VenueState":"","_VenueZip":"","_VenuePhone":"","_VenueURL":"","_VenueStateProvince":"","_VenueLat":"","_VenueLng":"","_VenueShowMap":false,"_VenueShowMapLink":false,"twitterCardType":"","cardImageID":0,"cardImage":"","cardTitle":"","cardDesc":"","cardImageAlt":"","cardPlayer":"","cardPlayerWidth":0,"cardPlayerHeight":0,"cardPlayerStream":"","cardPlayerCodec":""},"product_cat":[],"product_tag":[],"class_list":["post-278470","product","type-product","status-publish","has-post-thumbnail","hentry"],"acf":{"description":null,"item_id":null,"productname":null,"product":null,"url":"https:\/\/www.luxor.cz\/v\/1494698\/dobrodruzstvi-v-kuchyni-deti-vari-samy","imgurl":null,"price_vat":null,"margin":null,"vat":null,"paramname1":null,"paramval1":null,"paramname2":null,"paramval2":null,"paramname3":null,"paramval3":null,"paramname4":null,"paramval4":null,"paramname5":null,"paramval5":null,"paramname6":null,"paramval6":null,"paramname7":null,"paramval7":null,"paramname8":null,"paramval8":null,"paramname9":null,"paramval9":null,"paramname10":null,"paramval10":null,"ean":null,"manufacturer":null,"categorytext":null},"_links":{"self":[{"href":"https:\/\/www.luxor.cz\/blog\/wp-json\/wp\/v2\/product\/278470","targetHints":{"allow":["GET"]}}],"collection":[{"href":"https:\/\/www.luxor.cz\/blog\/wp-json\/wp\/v2\/product"}],"about":[{"href":"https:\/\/www.luxor.cz\/blog\/wp-json\/wp\/v2\/types\/product"}],"replies":[{"embeddable":true,"href":"https:\/\/www.luxor.cz\/blog\/wp-json\/wp\/v2\/comments?post=278470"}],"wp:featuredmedia":[{"embeddable":true,"href":"https:\/\/www.luxor.cz\/blog\/wp-json\/wp\/v2\/media\/278471"}],"wp:attachment":[{"href":"https:\/\/www.luxor.cz\/blog\/wp-json\/wp\/v2\/media?parent=278470"}],"wp:term":[{"taxonomy":"product_cat","embeddable":true,"href":"https:\/\/www.luxor.cz\/blog\/wp-json\/wp\/v2\/product_cat?post=278470"},{"taxonomy":"product_tag","embeddable":true,"href":"https:\/\/www.luxor.cz\/blog\/wp-json\/wp\/v2\/product_tag?post=278470"}],"curies":[{"name":"wp","href":"https:\/\/api.w.org\/{rel}","templated":true}]}}