{"id":172535,"date":"2023-08-15T23:22:57","date_gmt":"2023-08-15T21:22:57","guid":{"rendered":"https:\/\/www.luxor.cz\/blog\/produkt\/sauronova-nevesta\/"},"modified":"2023-08-15T23:22:58","modified_gmt":"2023-08-15T21:22:58","slug":"sauronova-nevesta","status":"publish","type":"product","link":"https:\/\/www.luxor.cz\/blog\/produkt\/sauronova-nevesta\/","title":{"rendered":"Sauronova nev\u011bsta"},"content":{"rendered":"<p>Uv\u00edtali byste mo\u017enost sezn\u00e1mit se re\u00e1liemi Hobita, P\u00e1na prsten\u016f \u010di Silmarillionu straviteln\u00fdm zp\u016fsobem? M\u00e1te chu\u0165 vr\u00e1tit se do obl\u00edben\u00e9ho sv\u011bta a pro\u017e\u00edt zn\u00e1m\u00fd p\u0159\u00edb\u011bh je\u0161t\u011b jednou, i kdy\u017e trochu jinak? Jste zv\u011bdav\u00ed, co by s p\u0159\u00edb\u011bhem ud\u011blalo pos\u00edlen\u00ed romantick\u00e9 linie? Tak tohle v\u0161echno v\u00e1m nab\u00eddne tato prvn\u00ed kni\u017en\u011b vydan\u00e1 fantiction. P\u0159in\u00e1\u0161\u00ed gendrov\u011b pojatou alternativu P\u00e1na prsten\u016f, kter\u00e1 se ale vymkla mez\u00edm jednoho \u017e\u00e1nru a \u017eije sv\u00fdm vlastn\u00edm \u017eivotem jako sv\u00e9bytn\u00fd nov\u00fd p\u0159\u00edb\u011bh. S hlavn\u00edmi hrdiny \u2013 osi\u0159elou d\u00edvkou Frodinou a hrani\u010d\u00e1\u0159em Aragornem \u2013 op\u011bt pro\u017eijete cestu s Prstenem do Mordoru, ale pod\u00edv\u00e1te se tak\u00e9, jak se da\u0159ilo Sjednocen\u00e9mu kr\u00e1lovstv\u00ed po por\u00e1\u017ece Saurona, a do\u010dk\u00e1te se i odhalen\u00ed pravdy o hobitech. Oproti Tolkienov\u011b p\u0159edloze dostanou postavy v\u00edce prostoru uk\u00e1zat, \u017ee jsou z masa a kost\u00ed, \u017ee maj\u00ed sv\u00e9 sv\u011btl\u00e9 i temn\u00e9 str\u00e1nky a i p\u0159es sv\u00e9 chyby dok\u00e1\u017eou p\u0159ekvapit. Lehk\u00fd a m\u00edrn\u011b sebeironizuj\u00edc\u00ed styl je z\u00e1rukou, \u017ee knihu p\u0159e\u010dtete jedn\u00edm dechem.<\/p>\n","protected":false},"excerpt":{"rendered":"<p>Uv\u00edtali byste mo\u017enost sezn\u00e1mit se re\u00e1liemi Hobita, P\u00e1na prsten\u016f \u010di Silmarillionu straviteln\u00fdm zp\u016fsobem? M\u00e1te chu\u0165 vr\u00e1tit se do obl\u00edben\u00e9ho sv\u011bta a pro\u017e\u00edt zn\u00e1m\u00fd p\u0159\u00edb\u011bh je\u0161t\u011b jednou, i kdy\u017e trochu jinak? [&hellip;]<\/p>\n","protected":false},"featured_media":0,"comment_status":"closed","ping_status":"open","template":"","meta":{"_acf_changed":false,"_monsterinsights_skip_tracking":false,"_monsterinsights_sitenote_active":false,"_monsterinsights_sitenote_note":"","_monsterinsights_sitenote_category":0,"_EventAllDay":false,"_EventTimezone":"","_EventStartDate":"","_EventEndDate":"","_EventStartDateUTC":"","_EventEndDateUTC":"","_EventShowMap":false,"_EventShowMapLink":false,"_EventURL":"","_EventCost":"","_EventCostDescription":"","_EventCurrencySymbol":"","_EventCurrencyCode":"","_EventCurrencyPosition":"","_EventDateTimeSeparator":"","_EventTimeRangeSeparator":"","_EventOrganizerID":[],"_EventVenueID":[],"_OrganizerEmail":"","_OrganizerPhone":"","_OrganizerWebsite":"","_VenueAddress":"","_VenueCity":"","_VenueCountry":"","_VenueProvince":"","_VenueState":"","_VenueZip":"","_VenuePhone":"","_VenueURL":"","_VenueStateProvince":"","_VenueLat":"","_VenueLng":"","_VenueShowMap":false,"_VenueShowMapLink":false,"twitterCardType":"","cardImageID":0,"cardImage":"","cardTitle":"","cardDesc":"","cardImageAlt":"","cardPlayer":"","cardPlayerWidth":0,"cardPlayerHeight":0,"cardPlayerStream":"","cardPlayerCodec":""},"product_cat":[],"product_tag":[],"class_list":["post-172535","product","type-product","status-publish","hentry"],"acf":{"description":"Uv\u00edtali byste mo\u017enost sezn\u00e1mit se re\u00e1liemi Hobita, P\u00e1na prsten\u016f \u010di Silmarillionu straviteln\u00fdm zp\u016fsobem? M\u00e1te chu\u0165 vr\u00e1tit se do obl\u00edben\u00e9ho sv\u011bta a pro\u017e\u00edt zn\u00e1m\u00fd p\u0159\u00edb\u011bh je\u0161t\u011b jednou, i kdy\u017e trochu jinak? Jste zv\u011bdav\u00ed, co by s p\u0159\u00edb\u011bhem ud\u011blalo pos\u00edlen\u00ed romantick\u00e9 linie? Tak tohle v\u0161echno v\u00e1m nab\u00eddne tato prvn\u00ed kni\u017en\u011b vydan\u00e1 fantiction. P\u0159in\u00e1\u0161\u00ed gendrov\u011b pojatou alternativu P\u00e1na prsten\u016f, kter\u00e1 se ale vymkla mez\u00edm jednoho \u017e\u00e1nru a \u017eije sv\u00fdm vlastn\u00edm \u017eivotem jako sv\u00e9bytn\u00fd nov\u00fd p\u0159\u00edb\u011bh. S hlavn\u00edmi hrdiny \u2013 osi\u0159elou d\u00edvkou Frodinou a hrani\u010d\u00e1\u0159em Aragornem \u2013 op\u011bt pro\u017eijete cestu s Prstenem do Mordoru, ale pod\u00edv\u00e1te se tak\u00e9, jak se da\u0159ilo Sjednocen\u00e9mu kr\u00e1lovstv\u00ed po por\u00e1\u017ece Saurona, a do\u010dk\u00e1te se i odhalen\u00ed pravdy o hobitech. Oproti Tolkienov\u011b p\u0159edloze dostanou postavy v\u00edce prostoru uk\u00e1zat, \u017ee jsou z masa a kost\u00ed, \u017ee maj\u00ed sv\u00e9 sv\u011btl\u00e9 i temn\u00e9 str\u00e1nky a i p\u0159es sv\u00e9 chyby dok\u00e1\u017eou p\u0159ekvapit. Lehk\u00fd a m\u00edrn\u011b sebeironizuj\u00edc\u00ed styl je z\u00e1rukou, \u017ee knihu p\u0159e\u010dtete jedn\u00edm dechem.","item_id":"LX1934913","productname":"Sauronova nev\u011bsta","product":"Sauronova nev\u011bsta","url":"https:\/\/www.luxor.cz\/v\/1934913\/sauronova-nevesta","imgurl":"https:\/\/img.luxor.cz\/orig\/produkty\/9788090878013.jpg","price_vat":"313.00","margin":"","vat":"","paramname1":"","paramval1":"","paramname2":"","paramval2":"","paramname3":"","paramval3":"","paramname4":"","paramval4":"","paramname5":"","paramval5":"","paramname6":"","paramval6":"","paramname7":"","paramval7":"","paramname8":"","paramval8":"","paramname9":"","paramval9":"","paramname10":"","paramval10":"","ean":"9788090878013","manufacturer":"Nakladatelstv\u00ed Fortna","categorytext":""},"_links":{"self":[{"href":"https:\/\/www.luxor.cz\/blog\/wp-json\/wp\/v2\/product\/172535","targetHints":{"allow":["GET"]}}],"collection":[{"href":"https:\/\/www.luxor.cz\/blog\/wp-json\/wp\/v2\/product"}],"about":[{"href":"https:\/\/www.luxor.cz\/blog\/wp-json\/wp\/v2\/types\/product"}],"replies":[{"embeddable":true,"href":"https:\/\/www.luxor.cz\/blog\/wp-json\/wp\/v2\/comments?post=172535"}],"wp:attachment":[{"href":"https:\/\/www.luxor.cz\/blog\/wp-json\/wp\/v2\/media?parent=172535"}],"wp:term":[{"taxonomy":"product_cat","embeddable":true,"href":"https:\/\/www.luxor.cz\/blog\/wp-json\/wp\/v2\/product_cat?post=172535"},{"taxonomy":"product_tag","embeddable":true,"href":"https:\/\/www.luxor.cz\/blog\/wp-json\/wp\/v2\/product_tag?post=172535"}],"curies":[{"name":"wp","href":"https:\/\/api.w.org\/{rel}","templated":true}]}}