{"id":165389,"date":"2023-08-15T12:17:28","date_gmt":"2023-08-15T10:17:28","guid":{"rendered":"https:\/\/www.luxor.cz\/blog\/produkt\/cap-ztratil-cepicku-krabicova-hra\/"},"modified":"2023-08-15T12:17:29","modified_gmt":"2023-08-15T10:17:29","slug":"cap-ztratil-cepicku-krabicova-hra","status":"publish","type":"product","link":"https:\/\/www.luxor.cz\/blog\/produkt\/cap-ztratil-cepicku-krabicova-hra\/","title":{"rendered":"\u010c\u00e1p ztratil \u010depi\u010dku \/ Krabicov\u00e1 hra"},"content":{"rendered":"<p>karetn\u00ed post\u0159ehov\u00e1 hra<\/p>\n","protected":false},"excerpt":{"rendered":"<p>karetn\u00ed post\u0159ehov\u00e1 hra<\/p>\n","protected":false},"featured_media":0,"comment_status":"closed","ping_status":"open","template":"","meta":{"_acf_changed":false,"_monsterinsights_skip_tracking":false,"_monsterinsights_sitenote_active":false,"_monsterinsights_sitenote_note":"","_monsterinsights_sitenote_category":0,"_EventAllDay":false,"_EventTimezone":"","_EventStartDate":"","_EventEndDate":"","_EventStartDateUTC":"","_EventEndDateUTC":"","_EventShowMap":false,"_EventShowMapLink":false,"_EventURL":"","_EventCost":"","_EventCostDescription":"","_EventCurrencySymbol":"","_EventCurrencyCode":"","_EventCurrencyPosition":"","_EventDateTimeSeparator":"","_EventTimeRangeSeparator":"","_EventOrganizerID":[],"_EventVenueID":[],"_OrganizerEmail":"","_OrganizerPhone":"","_OrganizerWebsite":"","_VenueAddress":"","_VenueCity":"","_VenueCountry":"","_VenueProvince":"","_VenueState":"","_VenueZip":"","_VenuePhone":"","_VenueURL":"","_VenueStateProvince":"","_VenueLat":"","_VenueLng":"","_VenueShowMap":false,"_VenueShowMapLink":false,"twitterCardType":"","cardImageID":0,"cardImage":"","cardTitle":"","cardDesc":"","cardImageAlt":"","cardPlayer":"","cardPlayerWidth":0,"cardPlayerHeight":0,"cardPlayerStream":"","cardPlayerCodec":""},"product_cat":[],"product_tag":[],"class_list":["post-165389","product","type-product","status-publish","hentry"],"acf":{"description":"karetn\u00ed post\u0159ehov\u00e1 hra","item_id":"LX1923702","productname":"\u010c\u00e1p ztratil \u010depi\u010dku \/ Krabicov\u00e1 hra","product":"\u010c\u00e1p ztratil \u010depi\u010dku \/ Krabicov\u00e1 hra","url":"https:\/\/www.luxor.cz\/v\/1923702\/cap-ztratil-cepicku","imgurl":"https:\/\/img.luxor.cz\/orig\/produkty\/8594184925805.jpg","price_vat":"178.00","margin":"","vat":"","paramname1":"","paramval1":"","paramname2":"","paramval2":"","paramname3":"","paramval3":"","paramname4":"","paramval4":"","paramname5":"","paramval5":"","paramname6":"","paramval6":"","paramname7":"","paramval7":"","paramname8":"","paramval8":"","paramname9":"","paramval9":"","paramname10":"","paramval10":"","ean":"8594184925805","manufacturer":"Infoa","categorytext":""},"_links":{"self":[{"href":"https:\/\/www.luxor.cz\/blog\/wp-json\/wp\/v2\/product\/165389","targetHints":{"allow":["GET"]}}],"collection":[{"href":"https:\/\/www.luxor.cz\/blog\/wp-json\/wp\/v2\/product"}],"about":[{"href":"https:\/\/www.luxor.cz\/blog\/wp-json\/wp\/v2\/types\/product"}],"replies":[{"embeddable":true,"href":"https:\/\/www.luxor.cz\/blog\/wp-json\/wp\/v2\/comments?post=165389"}],"wp:attachment":[{"href":"https:\/\/www.luxor.cz\/blog\/wp-json\/wp\/v2\/media?parent=165389"}],"wp:term":[{"taxonomy":"product_cat","embeddable":true,"href":"https:\/\/www.luxor.cz\/blog\/wp-json\/wp\/v2\/product_cat?post=165389"},{"taxonomy":"product_tag","embeddable":true,"href":"https:\/\/www.luxor.cz\/blog\/wp-json\/wp\/v2\/product_tag?post=165389"}],"curies":[{"name":"wp","href":"https:\/\/api.w.org\/{rel}","templated":true}]}}