{"id":148913,"date":"2023-08-15T05:00:08","date_gmt":"2023-08-15T03:00:08","guid":{"rendered":"https:\/\/www.luxor.cz\/blog\/produkt\/vnitropodnikove-ucetnictvi\/"},"modified":"2023-08-15T05:00:09","modified_gmt":"2023-08-15T03:00:09","slug":"vnitropodnikove-ucetnictvi","status":"publish","type":"product","link":"https:\/\/www.luxor.cz\/blog\/produkt\/vnitropodnikove-ucetnictvi\/","title":{"rendered":"Vnitropodnikov\u00e9 \u00fa\u010detnictv\u00ed"},"content":{"rendered":"<p>Publikace slou\u017e\u00ed p\u0159edev\u0161\u00edm jako praktick\u00e1 p\u0159\u00edru\u010dka pro zaveden\u00ed vnitropodnikov\u00e9ho \u00fa\u010detnictv\u00ed v \u00fa\u010detn\u00ed jednotce. Nezav\u00e1d\u00ed \u017e\u00e1dn\u00e9 odborn\u00e9 term\u00edny. Je vhodn\u00e1 pro \u00fa\u010detn\u00ed, kte\u0159\u00ed maj\u00ed povinnost vnitro \u00fa\u010detnictv\u00ed ve firm\u011b zav\u00e9st. Na konkr\u00e9tn\u00edch p\u0159\u00edkladech uv\u00e1d\u00ed zp\u016fsob vytvo\u0159en\u00ed \u00fa\u010dtov\u00e9 osnovy pro vnitro \u00fa\u010detnictv\u00ed.<\/p>\n<p> Podrobn\u011b se zab\u00fdv\u00e1 problematikou kl\u00ed\u010dov\u00e1n\u00ed ve firm\u011b, kter\u00e9 p\u0159edstavuje z\u00e1kladn\u00ed analytick\u00e9 roz\u010dlen\u011bn\u00ed firmy. V jednotliv\u00fdch kroc\u00edch uv\u00e1d\u00ed postup jak zav\u00e9st vnitro \u00fa\u010detnictv\u00ed i \u010deho se vyvarovat. Pro ty, co ji\u017e vnitro \u00fa\u010detnictv\u00ed zpracov\u00e1vaj\u00ed, m\u016f\u017ee b\u00fdt inspirac\u00ed k jeho rozvoji.<\/p>\n<p> Publikace je vhodn\u00e1 pro firmy, kter\u00e9 se rozhoduj\u00ed zav\u00e9st vnitro \u00fa\u010detnictv\u00ed. Svoj\u00ed jednoduchost\u00ed je vhodn\u00e1 i pro studenty.<\/p>\n","protected":false},"excerpt":{"rendered":"<p>Publikace slou\u017e\u00ed p\u0159edev\u0161\u00edm jako praktick\u00e1 p\u0159\u00edru\u010dka pro zaveden\u00ed vnitropodnikov\u00e9ho \u00fa\u010detnictv\u00ed v \u00fa\u010detn\u00ed jednotce. Nezav\u00e1d\u00ed \u017e\u00e1dn\u00e9 odborn\u00e9 term\u00edny. Je vhodn\u00e1 pro \u00fa\u010detn\u00ed, kte\u0159\u00ed maj\u00ed povinnost vnitro \u00fa\u010detnictv\u00ed ve firm\u011b zav\u00e9st. Na [&hellip;]<\/p>\n","protected":false},"featured_media":0,"comment_status":"closed","ping_status":"open","template":"","meta":{"_acf_changed":false,"_monsterinsights_skip_tracking":false,"_monsterinsights_sitenote_active":false,"_monsterinsights_sitenote_note":"","_monsterinsights_sitenote_category":0,"_EventAllDay":false,"_EventTimezone":"","_EventStartDate":"","_EventEndDate":"","_EventStartDateUTC":"","_EventEndDateUTC":"","_EventShowMap":false,"_EventShowMapLink":false,"_EventURL":"","_EventCost":"","_EventCostDescription":"","_EventCurrencySymbol":"","_EventCurrencyCode":"","_EventCurrencyPosition":"","_EventDateTimeSeparator":"","_EventTimeRangeSeparator":"","_EventOrganizerID":[],"_EventVenueID":[],"_OrganizerEmail":"","_OrganizerPhone":"","_OrganizerWebsite":"","_VenueAddress":"","_VenueCity":"","_VenueCountry":"","_VenueProvince":"","_VenueState":"","_VenueZip":"","_VenuePhone":"","_VenueURL":"","_VenueStateProvince":"","_VenueLat":"","_VenueLng":"","_VenueShowMap":false,"_VenueShowMapLink":false,"twitterCardType":"","cardImageID":0,"cardImage":"","cardTitle":"","cardDesc":"","cardImageAlt":"","cardPlayer":"","cardPlayerWidth":0,"cardPlayerHeight":0,"cardPlayerStream":"","cardPlayerCodec":""},"product_cat":[],"product_tag":[],"class_list":["post-148913","product","type-product","status-publish","hentry"],"acf":{"description":"Publikace slou\u017e\u00ed p\u0159edev\u0161\u00edm jako praktick\u00e1 p\u0159\u00edru\u010dka pro zaveden\u00ed vnitropodnikov\u00e9ho \u00fa\u010detnictv\u00ed v \u00fa\u010detn\u00ed jednotce. Nezav\u00e1d\u00ed \u017e\u00e1dn\u00e9 odborn\u00e9 term\u00edny. Je vhodn\u00e1 pro \u00fa\u010detn\u00ed, kte\u0159\u00ed maj\u00ed povinnost vnitro \u00fa\u010detnictv\u00ed ve firm\u011b zav\u00e9st. Na konkr\u00e9tn\u00edch p\u0159\u00edkladech uv\u00e1d\u00ed zp\u016fsob vytvo\u0159en\u00ed \u00fa\u010dtov\u00e9 osnovy pro vnitro \u00fa\u010detnictv\u00ed.\n\n Podrobn\u011b se zab\u00fdv\u00e1 problematikou kl\u00ed\u010dov\u00e1n\u00ed ve firm\u011b, kter\u00e9 p\u0159edstavuje z\u00e1kladn\u00ed analytick\u00e9 roz\u010dlen\u011bn\u00ed firmy. V jednotliv\u00fdch kroc\u00edch uv\u00e1d\u00ed postup jak zav\u00e9st vnitro \u00fa\u010detnictv\u00ed i \u010deho se vyvarovat. Pro ty, co ji\u017e vnitro \u00fa\u010detnictv\u00ed zpracov\u00e1vaj\u00ed, m\u016f\u017ee b\u00fdt inspirac\u00ed k jeho rozvoji.\n\n Publikace je vhodn\u00e1 pro firmy, kter\u00e9 se rozhoduj\u00ed zav\u00e9st vnitro \u00fa\u010detnictv\u00ed. Svoj\u00ed jednoduchost\u00ed je vhodn\u00e1 i pro studenty.","item_id":"LX1871590","productname":"Vnitropodnikov\u00e9 \u00fa\u010detnictv\u00ed","product":"Vnitropodnikov\u00e9 \u00fa\u010detnictv\u00ed","url":"https:\/\/www.luxor.cz\/v\/1871590\/vnitropodnikove-ucetnictvi","imgurl":"https:\/\/img.luxor.cz\/orig\/produkty\/9788027125449.jpg","price_vat":"169.00","margin":"","vat":"","paramname1":"","paramval1":"","paramname2":"","paramval2":"","paramname3":"","paramval3":"","paramname4":"","paramval4":"","paramname5":"","paramval5":"","paramname6":"","paramval6":"","paramname7":"","paramval7":"","paramname8":"","paramval8":"","paramname9":"","paramval9":"","paramname10":"","paramval10":"","ean":"9788027125449","manufacturer":"Grada","categorytext":""},"_links":{"self":[{"href":"https:\/\/www.luxor.cz\/blog\/wp-json\/wp\/v2\/product\/148913","targetHints":{"allow":["GET"]}}],"collection":[{"href":"https:\/\/www.luxor.cz\/blog\/wp-json\/wp\/v2\/product"}],"about":[{"href":"https:\/\/www.luxor.cz\/blog\/wp-json\/wp\/v2\/types\/product"}],"replies":[{"embeddable":true,"href":"https:\/\/www.luxor.cz\/blog\/wp-json\/wp\/v2\/comments?post=148913"}],"wp:attachment":[{"href":"https:\/\/www.luxor.cz\/blog\/wp-json\/wp\/v2\/media?parent=148913"}],"wp:term":[{"taxonomy":"product_cat","embeddable":true,"href":"https:\/\/www.luxor.cz\/blog\/wp-json\/wp\/v2\/product_cat?post=148913"},{"taxonomy":"product_tag","embeddable":true,"href":"https:\/\/www.luxor.cz\/blog\/wp-json\/wp\/v2\/product_tag?post=148913"}],"curies":[{"name":"wp","href":"https:\/\/api.w.org\/{rel}","templated":true}]}}