{"id":148394,"date":"2023-08-15T04:48:19","date_gmt":"2023-08-15T02:48:19","guid":{"rendered":"https:\/\/www.luxor.cz\/blog\/produkt\/skolni-atlas-sveta-pro-2-stupen-zs-a-ss\/"},"modified":"2023-08-15T04:48:21","modified_gmt":"2023-08-15T02:48:21","slug":"skolni-atlas-sveta-pro-2-stupen-zs-a-ss","status":"publish","type":"product","link":"https:\/\/www.luxor.cz\/blog\/produkt\/skolni-atlas-sveta-pro-2-stupen-zs-a-ss\/","title":{"rendered":"\u0160koln\u00ed atlas sv\u011bta (pro 2. stupe\u0148 Z\u0160 a S\u0160)"},"content":{"rendered":"<p>Nejprod\u00e1van\u011bj\u0161\u00ed \u010desk\u00fd \u0161koln\u00ed atlas je univerz\u00e1ln\u00ed pom\u016fckou pro v\u00fduku, nejen zem\u011bpisu, na v\u0161ech stupn\u00edch \u0161kol.<\/p>\n<p>Atlas je rozd\u011blen do tematick\u00fdch kapitol, kter\u00e9 jsou nav\u00edc barevn\u011b rozli\u0161eny, d\u00edky \u010demu\u017e je orientace v map\u00e1ch velmi usnadn\u011bna. V \u00favodn\u00ed \u010d\u00e1sti jsou zpracov\u00e1ny nejnov\u011bj\u0161\u00ed astronomick\u00e9 poznatky o vesm\u00edru a Slune\u010dn\u00ed soustav\u011b. D\u00e1le navazuje kapitola Sv\u011bt s mnoha tematick\u00fdmi mapami, kter\u00e9 se v\u011bnuj\u00ed p\u0159\u00edrod\u011b, obyvatelstvu, hospod\u00e1\u0159stv\u00ed nebo prost\u0159ed\u00ed, ve kter\u00e9m lid\u00e9 na Zemi \u017eij\u00ed.<\/p>\n<p>\u010c\u00e1sti v\u011bnovan\u00e9 jednotliv\u00fdm sv\u011btad\u00edl\u016fm obsahuj\u00ed podrobn\u00e9 obecn\u011b zem\u011bpisn\u00e9 mapy, dopln\u011bn\u00e9 o roz\u0161i\u0159uj\u00edc\u00ed tematick\u00e9 mapy. Zem\u011bpisn\u00e9 u\u010divo je dopln\u011bno tak\u00e9 o historick\u00e9 mapy st\u011b\u017eejn\u00edch etap v\u00fdvoje jednotliv\u00fdch kontinent\u016f, umo\u017e\u0148uj\u00edc\u00ed vyu\u017eit\u00ed tak\u00e9 v mezip\u0159edm\u011btov\u00e9 v\u00fduce.<\/p>\n<p>Mapovou \u010d\u00e1st ka\u017ed\u00e9ho sv\u011btad\u00edlu uvozuj\u00ed fotografick\u00e9 str\u00e1nky se stru\u010dn\u00fdm charakterizuj\u00edc\u00edm textem a s tabulkou geografick\u00fdch \u00fadaj\u016f.<\/p>\n<p>Atlas je dopln\u011bn p\u0159ehlednou tabulkou v\u0161ech st\u00e1t\u016f a z\u00e1visl\u00fdch \u00fazem\u00ed sv\u011bta, tabulkami zem\u011bpisn\u00fdch rekord\u016f a rejst\u0159\u00edkem, kter\u00fd \u010d\u00edt\u00e1 p\u0159es 15 000 n\u00e1zv\u016f.<\/p>\n","protected":false},"excerpt":{"rendered":"<p>Nejprod\u00e1van\u011bj\u0161\u00ed \u010desk\u00fd \u0161koln\u00ed atlas je univerz\u00e1ln\u00ed pom\u016fckou pro v\u00fduku, nejen zem\u011bpisu, na v\u0161ech stupn\u00edch \u0161kol. Atlas je rozd\u011blen do tematick\u00fdch kapitol, kter\u00e9 jsou nav\u00edc barevn\u011b rozli\u0161eny, d\u00edky \u010demu\u017e je orientace [&hellip;]<\/p>\n","protected":false},"featured_media":0,"comment_status":"closed","ping_status":"open","template":"","meta":{"_acf_changed":false,"_monsterinsights_skip_tracking":false,"_monsterinsights_sitenote_active":false,"_monsterinsights_sitenote_note":"","_monsterinsights_sitenote_category":0,"_EventAllDay":false,"_EventTimezone":"","_EventStartDate":"","_EventEndDate":"","_EventStartDateUTC":"","_EventEndDateUTC":"","_EventShowMap":false,"_EventShowMapLink":false,"_EventURL":"","_EventCost":"","_EventCostDescription":"","_EventCurrencySymbol":"","_EventCurrencyCode":"","_EventCurrencyPosition":"","_EventDateTimeSeparator":"","_EventTimeRangeSeparator":"","_EventOrganizerID":[],"_EventVenueID":[],"_OrganizerEmail":"","_OrganizerPhone":"","_OrganizerWebsite":"","_VenueAddress":"","_VenueCity":"","_VenueCountry":"","_VenueProvince":"","_VenueState":"","_VenueZip":"","_VenuePhone":"","_VenueURL":"","_VenueStateProvince":"","_VenueLat":"","_VenueLng":"","_VenueShowMap":false,"_VenueShowMapLink":false,"twitterCardType":"","cardImageID":0,"cardImage":"","cardTitle":"","cardDesc":"","cardImageAlt":"","cardPlayer":"","cardPlayerWidth":0,"cardPlayerHeight":0,"cardPlayerStream":"","cardPlayerCodec":""},"product_cat":[],"product_tag":[],"class_list":["post-148394","product","type-product","status-publish","hentry"],"acf":{"description":"Nejprod\u00e1van\u011bj\u0161\u00ed \u010desk\u00fd \u0161koln\u00ed atlas je univerz\u00e1ln\u00ed pom\u016fckou pro v\u00fduku, nejen zem\u011bpisu, na v\u0161ech stupn\u00edch \u0161kol.\n\nAtlas je rozd\u011blen do tematick\u00fdch kapitol, kter\u00e9 jsou nav\u00edc barevn\u011b rozli\u0161eny, d\u00edky \u010demu\u017e je orientace v map\u00e1ch velmi usnadn\u011bna. V \u00favodn\u00ed \u010d\u00e1sti jsou zpracov\u00e1ny nejnov\u011bj\u0161\u00ed astronomick\u00e9 poznatky o vesm\u00edru a Slune\u010dn\u00ed soustav\u011b. D\u00e1le navazuje kapitola Sv\u011bt s mnoha tematick\u00fdmi mapami, kter\u00e9 se v\u011bnuj\u00ed p\u0159\u00edrod\u011b, obyvatelstvu, hospod\u00e1\u0159stv\u00ed nebo prost\u0159ed\u00ed, ve kter\u00e9m lid\u00e9 na Zemi \u017eij\u00ed.\n\n\u010c\u00e1sti v\u011bnovan\u00e9 jednotliv\u00fdm sv\u011btad\u00edl\u016fm obsahuj\u00ed podrobn\u00e9 obecn\u011b zem\u011bpisn\u00e9 mapy, dopln\u011bn\u00e9 o roz\u0161i\u0159uj\u00edc\u00ed tematick\u00e9 mapy. Zem\u011bpisn\u00e9 u\u010divo je dopln\u011bno tak\u00e9 o historick\u00e9 mapy st\u011b\u017eejn\u00edch etap v\u00fdvoje jednotliv\u00fdch kontinent\u016f, umo\u017e\u0148uj\u00edc\u00ed vyu\u017eit\u00ed tak\u00e9 v mezip\u0159edm\u011btov\u00e9 v\u00fduce.\n\nMapovou \u010d\u00e1st ka\u017ed\u00e9ho sv\u011btad\u00edlu uvozuj\u00ed fotografick\u00e9 str\u00e1nky se stru\u010dn\u00fdm charakterizuj\u00edc\u00edm textem a s tabulkou geografick\u00fdch \u00fadaj\u016f.\n\nAtlas je dopln\u011bn p\u0159ehlednou tabulkou v\u0161ech st\u00e1t\u016f a z\u00e1visl\u00fdch \u00fazem\u00ed sv\u011bta, tabulkami zem\u011bpisn\u00fdch rekord\u016f a rejst\u0159\u00edkem, kter\u00fd \u010d\u00edt\u00e1 p\u0159es 15 000 n\u00e1zv\u016f.","item_id":"LX1876673","productname":"\u0160koln\u00ed atlas sv\u011bta (pro 2. stupe\u0148 Z\u0160 a S\u0160)","product":"\u0160koln\u00ed atlas sv\u011bta (pro 2. stupe\u0148 Z\u0160 a S\u0160)","url":"https:\/\/www.luxor.cz\/v\/1876673\/skolni-atlas-svetapro-2-stupen-zs-a-ss","imgurl":"https:\/\/img.luxor.cz\/orig\/produkty\/9788073934866.jpg","price_vat":"359.00","margin":"","vat":"","paramname1":"","paramval1":"","paramname2":"","paramval2":"","paramname3":"","paramval3":"","paramname4":"","paramval4":"","paramname5":"","paramval5":"","paramname6":"","paramval6":"","paramname7":"","paramval7":"","paramname8":"","paramval8":"","paramname9":"","paramval9":"","paramname10":"","paramval10":"","ean":"9788073934866","manufacturer":"Kartografie Praha","categorytext":""},"_links":{"self":[{"href":"https:\/\/www.luxor.cz\/blog\/wp-json\/wp\/v2\/product\/148394","targetHints":{"allow":["GET"]}}],"collection":[{"href":"https:\/\/www.luxor.cz\/blog\/wp-json\/wp\/v2\/product"}],"about":[{"href":"https:\/\/www.luxor.cz\/blog\/wp-json\/wp\/v2\/types\/product"}],"replies":[{"embeddable":true,"href":"https:\/\/www.luxor.cz\/blog\/wp-json\/wp\/v2\/comments?post=148394"}],"wp:attachment":[{"href":"https:\/\/www.luxor.cz\/blog\/wp-json\/wp\/v2\/media?parent=148394"}],"wp:term":[{"taxonomy":"product_cat","embeddable":true,"href":"https:\/\/www.luxor.cz\/blog\/wp-json\/wp\/v2\/product_cat?post=148394"},{"taxonomy":"product_tag","embeddable":true,"href":"https:\/\/www.luxor.cz\/blog\/wp-json\/wp\/v2\/product_tag?post=148394"}],"curies":[{"name":"wp","href":"https:\/\/api.w.org\/{rel}","templated":true}]}}