{"id":148349,"date":"2023-08-15T04:47:34","date_gmt":"2023-08-15T02:47:34","guid":{"rendered":"https:\/\/www.luxor.cz\/blog\/produkt\/barevne-pocitani-pro-tretaky\/"},"modified":"2023-08-15T04:47:35","modified_gmt":"2023-08-15T02:47:35","slug":"barevne-pocitani-pro-tretaky","status":"publish","type":"product","link":"https:\/\/www.luxor.cz\/blog\/produkt\/barevne-pocitani-pro-tretaky\/","title":{"rendered":"Barevn\u00e9 po\u010d\u00edt\u00e1n\u00ed pro t\u0159e\u0165\u00e1ky"},"content":{"rendered":"<p>Pracovn\u00ed se\u0161it je koncipov\u00e1n jako omalov\u00e1nky pln\u00e9 obr\u00e1zk\u016f, kter\u00e9 se hem\u017e\u00ed p\u0159\u00edklady. D\u011bti po\u010d\u00edtaj\u00ed a podle v\u00fdsledk\u016f obr\u00e1zky vybarvuj\u00ed kousek po kousku. Netradi\u010dn\u00ed formou a z\u00e1bavnou hrou si tak procvi\u010d\u00ed u\u010divo matematiky 3. ro\u010dn\u00edku z\u00e1kladn\u00ed \u0161koly.<\/p>\n","protected":false},"excerpt":{"rendered":"<p>Pracovn\u00ed se\u0161it je koncipov\u00e1n jako omalov\u00e1nky pln\u00e9 obr\u00e1zk\u016f, kter\u00e9 se hem\u017e\u00ed p\u0159\u00edklady. D\u011bti po\u010d\u00edtaj\u00ed a podle v\u00fdsledk\u016f obr\u00e1zky vybarvuj\u00ed kousek po kousku. Netradi\u010dn\u00ed formou a z\u00e1bavnou hrou si tak procvi\u010d\u00ed [&hellip;]<\/p>\n","protected":false},"featured_media":0,"comment_status":"closed","ping_status":"open","template":"","meta":{"_acf_changed":false,"_monsterinsights_skip_tracking":false,"_monsterinsights_sitenote_active":false,"_monsterinsights_sitenote_note":"","_monsterinsights_sitenote_category":0,"_EventAllDay":false,"_EventTimezone":"","_EventStartDate":"","_EventEndDate":"","_EventStartDateUTC":"","_EventEndDateUTC":"","_EventShowMap":false,"_EventShowMapLink":false,"_EventURL":"","_EventCost":"","_EventCostDescription":"","_EventCurrencySymbol":"","_EventCurrencyCode":"","_EventCurrencyPosition":"","_EventDateTimeSeparator":"","_EventTimeRangeSeparator":"","_EventOrganizerID":[],"_EventVenueID":[],"_OrganizerEmail":"","_OrganizerPhone":"","_OrganizerWebsite":"","_VenueAddress":"","_VenueCity":"","_VenueCountry":"","_VenueProvince":"","_VenueState":"","_VenueZip":"","_VenuePhone":"","_VenueURL":"","_VenueStateProvince":"","_VenueLat":"","_VenueLng":"","_VenueShowMap":false,"_VenueShowMapLink":false,"twitterCardType":"","cardImageID":0,"cardImage":"","cardTitle":"","cardDesc":"","cardImageAlt":"","cardPlayer":"","cardPlayerWidth":0,"cardPlayerHeight":0,"cardPlayerStream":"","cardPlayerCodec":""},"product_cat":[],"product_tag":[],"class_list":["post-148349","product","type-product","status-publish","hentry"],"acf":{"description":"Pracovn\u00ed se\u0161it je koncipov\u00e1n jako omalov\u00e1nky pln\u00e9 obr\u00e1zk\u016f, kter\u00e9 se hem\u017e\u00ed p\u0159\u00edklady. D\u011bti po\u010d\u00edtaj\u00ed a podle v\u00fdsledk\u016f obr\u00e1zky vybarvuj\u00ed kousek po kousku. Netradi\u010dn\u00ed formou a z\u00e1bavnou hrou si tak procvi\u010d\u00ed u\u010divo matematiky 3. ro\u010dn\u00edku z\u00e1kladn\u00ed \u0161koly.","item_id":"LX1878218","productname":"Barevn\u00e9 po\u010d\u00edt\u00e1n\u00ed pro t\u0159e\u0165\u00e1ky","product":"Barevn\u00e9 po\u010d\u00edt\u00e1n\u00ed pro t\u0159e\u0165\u00e1ky","url":"https:\/\/www.luxor.cz\/v\/1878218\/barevne-pocitani-pro-tretaky","imgurl":"https:\/\/img.luxor.cz\/orig\/produkty\/9788071964339.jpg","price_vat":"83.00","margin":"","vat":"","paramname1":"","paramval1":"","paramname2":"","paramval2":"","paramname3":"","paramval3":"","paramname4":"","paramval4":"","paramname5":"","paramval5":"","paramname6":"","paramval6":"","paramname7":"","paramval7":"","paramname8":"","paramval8":"","paramname9":"","paramval9":"","paramname10":"","paramval10":"","ean":"9788071964339","manufacturer":"Prometheus","categorytext":""},"_links":{"self":[{"href":"https:\/\/www.luxor.cz\/blog\/wp-json\/wp\/v2\/product\/148349","targetHints":{"allow":["GET"]}}],"collection":[{"href":"https:\/\/www.luxor.cz\/blog\/wp-json\/wp\/v2\/product"}],"about":[{"href":"https:\/\/www.luxor.cz\/blog\/wp-json\/wp\/v2\/types\/product"}],"replies":[{"embeddable":true,"href":"https:\/\/www.luxor.cz\/blog\/wp-json\/wp\/v2\/comments?post=148349"}],"wp:attachment":[{"href":"https:\/\/www.luxor.cz\/blog\/wp-json\/wp\/v2\/media?parent=148349"}],"wp:term":[{"taxonomy":"product_cat","embeddable":true,"href":"https:\/\/www.luxor.cz\/blog\/wp-json\/wp\/v2\/product_cat?post=148349"},{"taxonomy":"product_tag","embeddable":true,"href":"https:\/\/www.luxor.cz\/blog\/wp-json\/wp\/v2\/product_tag?post=148349"}],"curies":[{"name":"wp","href":"https:\/\/api.w.org\/{rel}","templated":true}]}}