{"id":145047,"date":"2023-08-15T03:50:41","date_gmt":"2023-08-15T01:50:41","guid":{"rendered":"https:\/\/www.luxor.cz\/blog\/produkt\/moleskine-zapisnik-modry-l-cisty-tvrdy\/"},"modified":"2023-08-15T03:50:41","modified_gmt":"2023-08-15T01:50:41","slug":"moleskine-zapisnik-modry-l-cisty-tvrdy","status":"publish","type":"product","link":"https:\/\/www.luxor.cz\/blog\/produkt\/moleskine-zapisnik-modry-l-cisty-tvrdy\/","title":{"rendered":"Moleskine Z\u00e1pisn\u00edk modr\u00fd L, \u010dist\u00fd, tvrd\u00fd"},"content":{"rendered":"<p>The Moleskine Classic Notebooks is a reliable travel companion, perfect for calculations, thoughts and passing notes. This sapphire blue hard cover notebook has rounded corners, acid free paper, a bookmark, an elastic closure and an expandable inner pocket. <\/p>\n<p>Specifications:<br \/>\n&#8211; Layout: Plain Paper<br \/>\n&#8211; Dimensions: 5&#8243; x 8-1\/4&#8243;<br \/>\n&#8211; Hard Cover with elastic closure and bookmark ribbon.<br \/>\n&#8211; Color: Sapphire Blue<br \/>\n&#8211; Pages: 240<br \/>\n&#8211; Expandable Inner-Pocket<br \/>\n&#8211; Paper Weight: 70 gsm\/47 lb.; FSC Certified Paper; Acid-Free (pH Neutral)<\/p>\n","protected":false},"excerpt":{"rendered":"<p>The Moleskine Classic Notebooks is a reliable travel companion, perfect for calculations, thoughts and passing notes. This sapphire blue hard cover notebook has rounded corners, acid free paper, a bookmark, [&hellip;]<\/p>\n","protected":false},"featured_media":0,"comment_status":"closed","ping_status":"open","template":"","meta":{"_acf_changed":false,"_monsterinsights_skip_tracking":false,"_monsterinsights_sitenote_active":false,"_monsterinsights_sitenote_note":"","_monsterinsights_sitenote_category":0,"_EventAllDay":false,"_EventTimezone":"","_EventStartDate":"","_EventEndDate":"","_EventStartDateUTC":"","_EventEndDateUTC":"","_EventShowMap":false,"_EventShowMapLink":false,"_EventURL":"","_EventCost":"","_EventCostDescription":"","_EventCurrencySymbol":"","_EventCurrencyCode":"","_EventCurrencyPosition":"","_EventDateTimeSeparator":"","_EventTimeRangeSeparator":"","_EventOrganizerID":[],"_EventVenueID":[],"_OrganizerEmail":"","_OrganizerPhone":"","_OrganizerWebsite":"","_VenueAddress":"","_VenueCity":"","_VenueCountry":"","_VenueProvince":"","_VenueState":"","_VenueZip":"","_VenuePhone":"","_VenueURL":"","_VenueStateProvince":"","_VenueLat":"","_VenueLng":"","_VenueShowMap":false,"_VenueShowMapLink":false,"twitterCardType":"","cardImageID":0,"cardImage":"","cardTitle":"","cardDesc":"","cardImageAlt":"","cardPlayer":"","cardPlayerWidth":0,"cardPlayerHeight":0,"cardPlayerStream":"","cardPlayerCodec":""},"product_cat":[],"product_tag":[],"class_list":["post-145047","product","type-product","status-publish","hentry"],"acf":{"description":"The Moleskine Classic Notebooks is a reliable travel companion, perfect for calculations, thoughts and passing notes. This sapphire blue hard cover notebook has rounded corners, acid free paper, a bookmark, an elastic closure and an expandable inner pocket. \n\nSpecifications: \n- Layout: Plain Paper\n- Dimensions: 5\" x 8-1\/4\"\n- Hard Cover with elastic closure and bookmark ribbon.\n- Color: Sapphire Blue\n- Pages: 240\n- Expandable Inner-Pocket\n- Paper Weight: 70 gsm\/47 lb.; FSC Certified Paper; Acid-Free (pH Neutral)","item_id":"LX1860772","productname":"Moleskine Z\u00e1pisn\u00edk modr\u00fd L, \u010dist\u00fd, tvrd\u00fd","product":"Moleskine Z\u00e1pisn\u00edk modr\u00fd L, \u010dist\u00fd, tvrd\u00fd","url":"https:\/\/www.luxor.cz\/v\/1860772\/moleskine-zapisnik-modry-l-cisty-tvrdy","imgurl":"https:\/\/img.luxor.cz\/orig\/produkty\/8051272893687.jpg","price_vat":"573.00","margin":"","vat":"","paramname1":"","paramval1":"","paramname2":"","paramval2":"","paramname3":"","paramval3":"","paramname4":"","paramval4":"","paramname5":"","paramval5":"","paramname6":"","paramval6":"","paramname7":"","paramval7":"","paramname8":"","paramval8":"","paramname9":"","paramval9":"","paramname10":"","paramval10":"","ean":"8051272893687","manufacturer":"Moleskine","categorytext":""},"_links":{"self":[{"href":"https:\/\/www.luxor.cz\/blog\/wp-json\/wp\/v2\/product\/145047","targetHints":{"allow":["GET"]}}],"collection":[{"href":"https:\/\/www.luxor.cz\/blog\/wp-json\/wp\/v2\/product"}],"about":[{"href":"https:\/\/www.luxor.cz\/blog\/wp-json\/wp\/v2\/types\/product"}],"replies":[{"embeddable":true,"href":"https:\/\/www.luxor.cz\/blog\/wp-json\/wp\/v2\/comments?post=145047"}],"wp:attachment":[{"href":"https:\/\/www.luxor.cz\/blog\/wp-json\/wp\/v2\/media?parent=145047"}],"wp:term":[{"taxonomy":"product_cat","embeddable":true,"href":"https:\/\/www.luxor.cz\/blog\/wp-json\/wp\/v2\/product_cat?post=145047"},{"taxonomy":"product_tag","embeddable":true,"href":"https:\/\/www.luxor.cz\/blog\/wp-json\/wp\/v2\/product_tag?post=145047"}],"curies":[{"name":"wp","href":"https:\/\/api.w.org\/{rel}","templated":true}]}}