{"id":137513,"date":"2023-08-15T01:52:52","date_gmt":"2023-08-14T23:52:52","guid":{"rendered":"https:\/\/www.luxor.cz\/blog\/produkt\/vyrezavaci-a-embosovaci-kovove-sablony-fialka-7-ks\/"},"modified":"2023-08-15T01:52:53","modified_gmt":"2023-08-14T23:52:53","slug":"vyrezavaci-a-embosovaci-kovove-sablony-fialka-7-ks","status":"publish","type":"product","link":"https:\/\/www.luxor.cz\/blog\/produkt\/vyrezavaci-a-embosovaci-kovove-sablony-fialka-7-ks\/","title":{"rendered":"Vy\u0159ez\u00e1vac\u00ed a embosovac\u00ed kovov\u00e9 \u0161ablony &#8211; Fialka 7 ks"},"content":{"rendered":"<p>Kovov\u00e1 vy\u0159ez\u00e1vac\u00ed a embosovac\u00ed \u0161ablona Leabilities je ur\u010dena pro Big Shot. S touto \u0161ablonou vy\u0159\u00edznete velmi jemn\u00e9, slo\u017eit\u00e9 a zaj\u00edmav\u00e9 motivy.  Vhodn\u00e9 na pap\u00edr v gram\u00e1\u017ei do 200g\/m2. \u0160ablona vy\u0159\u00edzne i p\u011bnovku do 1mm tlou\u0161\u0165ky.<\/p>\n","protected":false},"excerpt":{"rendered":"<p>Kovov\u00e1 vy\u0159ez\u00e1vac\u00ed a embosovac\u00ed \u0161ablona Leabilities je ur\u010dena pro Big Shot. S touto \u0161ablonou vy\u0159\u00edznete velmi jemn\u00e9, slo\u017eit\u00e9 a zaj\u00edmav\u00e9 motivy. Vhodn\u00e9 na pap\u00edr v gram\u00e1\u017ei do 200g\/m2. \u0160ablona vy\u0159\u00edzne [&hellip;]<\/p>\n","protected":false},"featured_media":0,"comment_status":"closed","ping_status":"open","template":"","meta":{"_acf_changed":false,"_monsterinsights_skip_tracking":false,"_monsterinsights_sitenote_active":false,"_monsterinsights_sitenote_note":"","_monsterinsights_sitenote_category":0,"_EventAllDay":false,"_EventTimezone":"","_EventStartDate":"","_EventEndDate":"","_EventStartDateUTC":"","_EventEndDateUTC":"","_EventShowMap":false,"_EventShowMapLink":false,"_EventURL":"","_EventCost":"","_EventCostDescription":"","_EventCurrencySymbol":"","_EventCurrencyCode":"","_EventCurrencyPosition":"","_EventDateTimeSeparator":"","_EventTimeRangeSeparator":"","_EventOrganizerID":[],"_EventVenueID":[],"_OrganizerEmail":"","_OrganizerPhone":"","_OrganizerWebsite":"","_VenueAddress":"","_VenueCity":"","_VenueCountry":"","_VenueProvince":"","_VenueState":"","_VenueZip":"","_VenuePhone":"","_VenueURL":"","_VenueStateProvince":"","_VenueLat":"","_VenueLng":"","_VenueShowMap":false,"_VenueShowMapLink":false,"twitterCardType":"","cardImageID":0,"cardImage":"","cardTitle":"","cardDesc":"","cardImageAlt":"","cardPlayer":"","cardPlayerWidth":0,"cardPlayerHeight":0,"cardPlayerStream":"","cardPlayerCodec":""},"product_cat":[],"product_tag":[],"class_list":["post-137513","product","type-product","status-publish","hentry"],"acf":{"description":"Kovov\u00e1 vy\u0159ez\u00e1vac\u00ed a embosovac\u00ed \u0161ablona Leabilities je ur\u010dena pro Big Shot. S touto \u0161ablonou vy\u0159\u00edznete velmi jemn\u00e9, slo\u017eit\u00e9 a zaj\u00edmav\u00e9 motivy.  Vhodn\u00e9 na pap\u00edr v gram\u00e1\u017ei do 200g\/m2. \u0160ablona vy\u0159\u00edzne i p\u011bnovku do 1mm tlou\u0161\u0165ky.","item_id":"LX1837504","productname":"Vy\u0159ez\u00e1vac\u00ed a embosovac\u00ed kovov\u00e9 \u0161ablony - Fialka 7 ks","product":"Vy\u0159ez\u00e1vac\u00ed a embosovac\u00ed kovov\u00e9 \u0161ablony - Fialka 7 ks","url":"https:\/\/www.luxor.cz\/v\/1837504\/vyrezavaci-a-embosovaci-kovove-sablony-fialka-7-ks","imgurl":"https:\/\/img.luxor.cz\/orig\/produkty\/8717249978510.jpg","price_vat":"259.00","margin":"","vat":"","paramname1":"","paramval1":"","paramname2":"","paramval2":"","paramname3":"","paramval3":"","paramname4":"","paramval4":"","paramname5":"","paramval5":"","paramname6":"","paramval6":"","paramname7":"","paramval7":"","paramname8":"","paramval8":"","paramname9":"","paramval9":"","paramname10":"","paramval10":"","ean":"8717249978510","manufacturer":"Big Shot","categorytext":""},"_links":{"self":[{"href":"https:\/\/www.luxor.cz\/blog\/wp-json\/wp\/v2\/product\/137513","targetHints":{"allow":["GET"]}}],"collection":[{"href":"https:\/\/www.luxor.cz\/blog\/wp-json\/wp\/v2\/product"}],"about":[{"href":"https:\/\/www.luxor.cz\/blog\/wp-json\/wp\/v2\/types\/product"}],"replies":[{"embeddable":true,"href":"https:\/\/www.luxor.cz\/blog\/wp-json\/wp\/v2\/comments?post=137513"}],"wp:attachment":[{"href":"https:\/\/www.luxor.cz\/blog\/wp-json\/wp\/v2\/media?parent=137513"}],"wp:term":[{"taxonomy":"product_cat","embeddable":true,"href":"https:\/\/www.luxor.cz\/blog\/wp-json\/wp\/v2\/product_cat?post=137513"},{"taxonomy":"product_tag","embeddable":true,"href":"https:\/\/www.luxor.cz\/blog\/wp-json\/wp\/v2\/product_tag?post=137513"}],"curies":[{"name":"wp","href":"https:\/\/api.w.org\/{rel}","templated":true}]}}