{"id":136433,"date":"2023-08-15T01:39:30","date_gmt":"2023-08-14T23:39:30","guid":{"rendered":"https:\/\/www.luxor.cz\/blog\/produkt\/umeni-vytvaret-vzpominky-jak-si-uzit-a-zapamatovat-stastne-okamziky\/"},"modified":"2023-08-15T01:39:31","modified_gmt":"2023-08-14T23:39:31","slug":"umeni-vytvaret-vzpominky-jak-si-uzit-a-zapamatovat-stastne-okamziky","status":"publish","type":"product","link":"https:\/\/www.luxor.cz\/blog\/produkt\/umeni-vytvaret-vzpominky-jak-si-uzit-a-zapamatovat-stastne-okamziky\/","title":{"rendered":"Um\u011bn\u00ed vytv\u00e1\u0159et vzpom\u00ednky &#8211; Jak si u\u017e\u00edt a zapamatovat \u0161\u0165astn\u00e9 okam\u017eiky"},"content":{"rendered":"<p>V\u00edte, co je kl\u00ed\u010dem k dlouhodob\u00e9mu pocitu \u0161t\u011bst\u00ed? Hezk\u00e9 vzpom\u00ednky! Badatel v oblasti \u0161t\u011bst\u00ed a autor sv\u011btov\u00fdch bestseller\u016f Hygge \u2013 Prost\u011b \u0161\u0165astn\u00fd zp\u016fsob \u017eivota a Lykke \u2013 Tajemstv\u00ed nej\u0161\u0165astn\u011bj\u0161\u00edch lid\u00ed na sv\u011bt\u011b Meik Wiking n\u00e1m ve sv\u00e9 nejnov\u011bj\u0161\u00ed knize rad\u00ed, jak si vytv\u00e1\u0159et vzpom\u00ednky, d\u00edky nim\u017e povedeme spokojen\u00fd \u017eivot.<\/p>\n<p>Vzpomenete si na sv\u016fj prvn\u00ed polibek? Na den, kdy jste odmaturovali? Na vyda\u0159enou dovolenou? Nebo na nejlep\u0161\u00ed j\u00eddlo, co jste kdy ochutnali?<\/p>\n<p>Vzpom\u00ednky jsou d\u016fle\u017eitou sou\u010d\u00e1st\u00ed na\u0161\u00ed identity, m\u011bn\u00ed n\u00e1\u0161 pohled na sv\u011bt, ovliv\u0148uj\u00ed na\u0161e chov\u00e1n\u00ed a na\u0161e pocity. Meik Wiking p\u0159i sv\u00e9m b\u00e1d\u00e1n\u00ed zjistil, \u017ee lid\u00e9, kte\u0159\u00ed v sob\u011b chovaj\u00ed pozitivn\u00ed nostalgick\u00e9 vzpom\u00ednky, se c\u00edt\u00ed ve sv\u00e9m \u017eivot\u011b \u0161\u0165astn\u011bj\u0161\u00ed. \u0158e\u0161en\u00edm, jak pomoci budouc\u00edm okam\u017eik\u016fm, aby se staly uchov\u00e1n\u00edhodnou vzpom\u00ednkou, je mimo jin\u00e9 p\u0159ekon\u00e1v\u00e1n\u00ed sama sebe, vyhled\u00e1v\u00e1n\u00ed nov\u00fdch \u201epoprv\u00e9\u201c, propojov\u00e1n\u00ed situac\u00ed se smyslov\u00fdmi vjemy, proci\u0165ov\u00e1n\u00ed trnit\u00e9 cesty za \u00fasp\u011bchem, vypr\u00e1v\u011bn\u00ed \u017eivotn\u00edch p\u0159\u00edb\u011bh\u016f. V knize, kter\u00e1 je nabit\u00e1 vtipy, osobn\u00edmi historkami, fotografiemi a odkazy na filmy a literaturu, se dozv\u00edte, jak na to. Nau\u010dte se, jak uchovat, co stoj\u00ed za to, a jak zapomenout a ud\u011blat v hlav\u011b m\u00edsto pro nezapomenuteln\u00e9 v\u011bci.<\/p>\n<p>Autor vyu\u017e\u00edv\u00e1 v\u00fdzkum\u016f, dat, dotazn\u00edk\u016f, rozhovor\u016f a experiment\u016f, aby dok\u00e1zal s\u00edlu nostalgie a schopnost melodie, v\u016fn\u011b nebo t\u0159eba chuti vr\u00e1tit n\u00e1s v \u010dase na m\u00edsto, kde se odehr\u00e1lo n\u011bco pro n\u00e1s velmi d\u016fle\u017eit\u00e9ho. Kniha je z\u00e1rove\u0148 meditativn\u00ed a relaxa\u010dn\u00ed \u010detbou a tak\u00e9 praktick\u00fdm n\u00e1vodem, jak p\u0159in\u00e9st do \u017eivota nov\u00e9 \u0161\u0165astn\u00e9 okam\u017eiky a uchovat si na n\u011b vzpom\u00ednku, kter\u00e1 n\u00e1s bude prov\u00e1zet nav\u017edy.<\/p>\n","protected":false},"excerpt":{"rendered":"<p>V\u00edte, co je kl\u00ed\u010dem k dlouhodob\u00e9mu pocitu \u0161t\u011bst\u00ed? Hezk\u00e9 vzpom\u00ednky! Badatel v oblasti \u0161t\u011bst\u00ed a autor sv\u011btov\u00fdch bestseller\u016f Hygge \u2013 Prost\u011b \u0161\u0165astn\u00fd zp\u016fsob \u017eivota a Lykke \u2013 Tajemstv\u00ed nej\u0161\u0165astn\u011bj\u0161\u00edch lid\u00ed [&hellip;]<\/p>\n","protected":false},"featured_media":0,"comment_status":"closed","ping_status":"open","template":"","meta":{"_acf_changed":false,"_monsterinsights_skip_tracking":false,"_monsterinsights_sitenote_active":false,"_monsterinsights_sitenote_note":"","_monsterinsights_sitenote_category":0,"_EventAllDay":false,"_EventTimezone":"","_EventStartDate":"","_EventEndDate":"","_EventStartDateUTC":"","_EventEndDateUTC":"","_EventShowMap":false,"_EventShowMapLink":false,"_EventURL":"","_EventCost":"","_EventCostDescription":"","_EventCurrencySymbol":"","_EventCurrencyCode":"","_EventCurrencyPosition":"","_EventDateTimeSeparator":"","_EventTimeRangeSeparator":"","_EventOrganizerID":[],"_EventVenueID":[],"_OrganizerEmail":"","_OrganizerPhone":"","_OrganizerWebsite":"","_VenueAddress":"","_VenueCity":"","_VenueCountry":"","_VenueProvince":"","_VenueState":"","_VenueZip":"","_VenuePhone":"","_VenueURL":"","_VenueStateProvince":"","_VenueLat":"","_VenueLng":"","_VenueShowMap":false,"_VenueShowMapLink":false,"twitterCardType":"","cardImageID":0,"cardImage":"","cardTitle":"","cardDesc":"","cardImageAlt":"","cardPlayer":"","cardPlayerWidth":0,"cardPlayerHeight":0,"cardPlayerStream":"","cardPlayerCodec":""},"product_cat":[],"product_tag":[],"class_list":["post-136433","product","type-product","status-publish","hentry"],"acf":{"description":"V\u00edte, co je kl\u00ed\u010dem k dlouhodob\u00e9mu pocitu \u0161t\u011bst\u00ed? Hezk\u00e9 vzpom\u00ednky! Badatel v oblasti \u0161t\u011bst\u00ed a autor sv\u011btov\u00fdch bestseller\u016f Hygge \u2013 Prost\u011b \u0161\u0165astn\u00fd zp\u016fsob \u017eivota a Lykke \u2013 Tajemstv\u00ed nej\u0161\u0165astn\u011bj\u0161\u00edch lid\u00ed na sv\u011bt\u011b Meik Wiking n\u00e1m ve sv\u00e9 nejnov\u011bj\u0161\u00ed knize rad\u00ed, jak si vytv\u00e1\u0159et vzpom\u00ednky, d\u00edky nim\u017e povedeme spokojen\u00fd \u017eivot.\n\nVzpomenete si na sv\u016fj prvn\u00ed polibek? Na den, kdy jste odmaturovali? Na vyda\u0159enou dovolenou? Nebo na nejlep\u0161\u00ed j\u00eddlo, co jste kdy ochutnali?\n\nVzpom\u00ednky jsou d\u016fle\u017eitou sou\u010d\u00e1st\u00ed na\u0161\u00ed identity, m\u011bn\u00ed n\u00e1\u0161 pohled na sv\u011bt, ovliv\u0148uj\u00ed na\u0161e chov\u00e1n\u00ed a na\u0161e pocity. Meik Wiking p\u0159i sv\u00e9m b\u00e1d\u00e1n\u00ed zjistil, \u017ee lid\u00e9, kte\u0159\u00ed v sob\u011b chovaj\u00ed pozitivn\u00ed nostalgick\u00e9 vzpom\u00ednky, se c\u00edt\u00ed ve sv\u00e9m \u017eivot\u011b \u0161\u0165astn\u011bj\u0161\u00ed. \u0158e\u0161en\u00edm, jak pomoci budouc\u00edm okam\u017eik\u016fm, aby se staly uchov\u00e1n\u00edhodnou vzpom\u00ednkou, je mimo jin\u00e9 p\u0159ekon\u00e1v\u00e1n\u00ed sama sebe, vyhled\u00e1v\u00e1n\u00ed nov\u00fdch \u201epoprv\u00e9\u201c, propojov\u00e1n\u00ed situac\u00ed se smyslov\u00fdmi vjemy, proci\u0165ov\u00e1n\u00ed trnit\u00e9 cesty za \u00fasp\u011bchem, vypr\u00e1v\u011bn\u00ed \u017eivotn\u00edch p\u0159\u00edb\u011bh\u016f. V knize, kter\u00e1 je nabit\u00e1 vtipy, osobn\u00edmi historkami, fotografiemi a odkazy na filmy a literaturu, se dozv\u00edte, jak na to. Nau\u010dte se, jak uchovat, co stoj\u00ed za to, a jak zapomenout a ud\u011blat v hlav\u011b m\u00edsto pro nezapomenuteln\u00e9 v\u011bci.\n\nAutor vyu\u017e\u00edv\u00e1 v\u00fdzkum\u016f, dat, dotazn\u00edk\u016f, rozhovor\u016f a experiment\u016f, aby dok\u00e1zal s\u00edlu nostalgie a schopnost melodie, v\u016fn\u011b nebo t\u0159eba chuti vr\u00e1tit n\u00e1s v \u010dase na m\u00edsto, kde se odehr\u00e1lo n\u011bco pro n\u00e1s velmi d\u016fle\u017eit\u00e9ho. Kniha je z\u00e1rove\u0148 meditativn\u00ed a relaxa\u010dn\u00ed \u010detbou a tak\u00e9 praktick\u00fdm n\u00e1vodem, jak p\u0159in\u00e9st do \u017eivota nov\u00e9 \u0161\u0165astn\u00e9 okam\u017eiky a uchovat si na n\u011b vzpom\u00ednku, kter\u00e1 n\u00e1s bude prov\u00e1zet nav\u017edy.","item_id":"LX1834756","productname":"Um\u011bn\u00ed vytv\u00e1\u0159et vzpom\u00ednky - Jak si u\u017e\u00edt a zapamatovat \u0161\u0165astn\u00e9 okam\u017eiky","product":"Um\u011bn\u00ed vytv\u00e1\u0159et vzpom\u00ednky - Jak si u\u017e\u00edt a zapamatovat \u0161\u0165astn\u00e9 okam\u017eiky","url":"https:\/\/www.luxor.cz\/v\/1834756\/umeni-vytvaret-vzpominky-jak-si-uzit-a-zapamatovat-stastne-okamziky","imgurl":"https:\/\/img.luxor.cz\/orig\/produkty\/9788075656551.jpg","price_vat":"267.00","margin":"","vat":"","paramname1":"","paramval1":"","paramname2":"","paramval2":"","paramname3":"","paramval3":"","paramname4":"","paramval4":"","paramname5":"","paramval5":"","paramname6":"","paramval6":"","paramname7":"","paramval7":"","paramname8":"","paramval8":"","paramname9":"","paramval9":"","paramname10":"","paramval10":"","ean":"9788075656551","manufacturer":"Jota","categorytext":""},"_links":{"self":[{"href":"https:\/\/www.luxor.cz\/blog\/wp-json\/wp\/v2\/product\/136433","targetHints":{"allow":["GET"]}}],"collection":[{"href":"https:\/\/www.luxor.cz\/blog\/wp-json\/wp\/v2\/product"}],"about":[{"href":"https:\/\/www.luxor.cz\/blog\/wp-json\/wp\/v2\/types\/product"}],"replies":[{"embeddable":true,"href":"https:\/\/www.luxor.cz\/blog\/wp-json\/wp\/v2\/comments?post=136433"}],"wp:attachment":[{"href":"https:\/\/www.luxor.cz\/blog\/wp-json\/wp\/v2\/media?parent=136433"}],"wp:term":[{"taxonomy":"product_cat","embeddable":true,"href":"https:\/\/www.luxor.cz\/blog\/wp-json\/wp\/v2\/product_cat?post=136433"},{"taxonomy":"product_tag","embeddable":true,"href":"https:\/\/www.luxor.cz\/blog\/wp-json\/wp\/v2\/product_tag?post=136433"}],"curies":[{"name":"wp","href":"https:\/\/api.w.org\/{rel}","templated":true}]}}