{"id":128792,"date":"2023-08-15T00:10:00","date_gmt":"2023-08-14T22:10:00","guid":{"rendered":"https:\/\/www.luxor.cz\/blog\/produkt\/sada-elmers-k-vyrobe-frosty-slizu\/"},"modified":"2023-08-15T00:10:00","modified_gmt":"2023-08-14T22:10:00","slug":"sada-elmers-k-vyrobe-frosty-slizu","status":"publish","type":"product","link":"https:\/\/www.luxor.cz\/blog\/produkt\/sada-elmers-k-vyrobe-frosty-slizu\/","title":{"rendered":"Sada ELMER\u00b4S k v\u00fdrob\u011b Frosty slizu"},"content":{"rendered":"<p>D\u016eLE\u017dIT\u00c9 INFORMACE:, * Velmi d\u016fle\u017eit\u00e9 je P\u0158IM\u00cdCH\u00c1VAT KOUZELNOU TEKUTINU POSTUPN\u011a! , * Nejsou pot\u0159eba \u017e\u00e1dn\u00e9 jin\u00e9 p\u0159\u00eddavn\u00e9 slo\u017eky k\u00a0v\u00fdrob\u011b vlastn\u00edho slizu., * Budete pot\u0159ebovat jen m\u00edsu na prom\u00edch\u00e1n\u00ed v\u0161ech slo\u017eek a st\u011brku, pomoc\u00ed kter\u00e9 v\u0161e d\u016fkladn\u011b sm\u00edch\u00e1te., * Hotov\u00fd sliz uchov\u00e1vejte v ZAV\u0158EN\u00c9 N\u00c1DOB\u011a, aby neztvrdl., * Po hran\u00ed si d\u016fkladn\u011b omyjte ruce., * Nutn\u00fd dohled dosp\u011bl\u00e9 osoby., Vyprateln\u00e9, netoxick\u00e9, bezpe\u010dn\u00e9 pro d\u011bti (nevhodn\u00e9 pro d\u011bti do 3 let). NEOBSAHUJE BORAX., BEZPE\u010cNOSTN\u00cd LISTY KE STA\u017dEN\u00cd: Clear Glue, Magical Liquid, t\u0159pytky v\u00a0tub\u011b (modr\u00e1, b\u00edl\u00e1), Vyzkou\u0161ejte\u00a0sadu Elmer\u00b4s se dv\u011bma v\u011bt\u0161\u00edmi balen\u00edmi dekora\u010dn\u00edho lepidla se t\u0159pytkami nebo sadu Elmer\u00b4s obsahuj\u00edc\u00ed 4 barevn\u00e1 dekora\u010dn\u00ed lepidla se t\u0159pytkami v tub\u011b. Do\u0161lo v\u00e1m lepidlo, nebo Magical Liquid k v\u00fdrob\u011b slizu? M\u016f\u017eete si dokoupit zvl\u00e1\u0161\u0165\u00a0 >>., M\u00e1me pro v\u00e1s i n\u00e1vod, jak sliz vyrobit\u00a0 >> .<\/p>\n","protected":false},"excerpt":{"rendered":"<p>D\u016eLE\u017dIT\u00c9 INFORMACE:, * Velmi d\u016fle\u017eit\u00e9 je P\u0158IM\u00cdCH\u00c1VAT KOUZELNOU TEKUTINU POSTUPN\u011a! , * Nejsou pot\u0159eba \u017e\u00e1dn\u00e9 jin\u00e9 p\u0159\u00eddavn\u00e9 slo\u017eky k\u00a0v\u00fdrob\u011b vlastn\u00edho slizu., * Budete pot\u0159ebovat jen m\u00edsu na prom\u00edch\u00e1n\u00ed v\u0161ech slo\u017eek [&hellip;]<\/p>\n","protected":false},"featured_media":0,"comment_status":"closed","ping_status":"open","template":"","meta":{"_acf_changed":false,"_monsterinsights_skip_tracking":false,"_monsterinsights_sitenote_active":false,"_monsterinsights_sitenote_note":"","_monsterinsights_sitenote_category":0,"_EventAllDay":false,"_EventTimezone":"","_EventStartDate":"","_EventEndDate":"","_EventStartDateUTC":"","_EventEndDateUTC":"","_EventShowMap":false,"_EventShowMapLink":false,"_EventURL":"","_EventCost":"","_EventCostDescription":"","_EventCurrencySymbol":"","_EventCurrencyCode":"","_EventCurrencyPosition":"","_EventDateTimeSeparator":"","_EventTimeRangeSeparator":"","_EventOrganizerID":[],"_EventVenueID":[],"_OrganizerEmail":"","_OrganizerPhone":"","_OrganizerWebsite":"","_VenueAddress":"","_VenueCity":"","_VenueCountry":"","_VenueProvince":"","_VenueState":"","_VenueZip":"","_VenuePhone":"","_VenueURL":"","_VenueStateProvince":"","_VenueLat":"","_VenueLng":"","_VenueShowMap":false,"_VenueShowMapLink":false,"twitterCardType":"","cardImageID":0,"cardImage":"","cardTitle":"","cardDesc":"","cardImageAlt":"","cardPlayer":"","cardPlayerWidth":0,"cardPlayerHeight":0,"cardPlayerStream":"","cardPlayerCodec":""},"product_cat":[],"product_tag":[],"class_list":["post-128792","product","type-product","status-publish","hentry"],"acf":{"description":"D\u016eLE\u017dIT\u00c9 INFORMACE:, * Velmi d\u016fle\u017eit\u00e9 je P\u0158IM\u00cdCH\u00c1VAT KOUZELNOU TEKUTINU POSTUPN\u011a! , * Nejsou pot\u0159eba \u017e\u00e1dn\u00e9 jin\u00e9 p\u0159\u00eddavn\u00e9 slo\u017eky k\u00a0v\u00fdrob\u011b vlastn\u00edho slizu., * Budete pot\u0159ebovat jen m\u00edsu na prom\u00edch\u00e1n\u00ed v\u0161ech slo\u017eek a st\u011brku, pomoc\u00ed kter\u00e9 v\u0161e d\u016fkladn\u011b sm\u00edch\u00e1te., * Hotov\u00fd sliz uchov\u00e1vejte v ZAV\u0158EN\u00c9 N\u00c1DOB\u011a, aby neztvrdl., * Po hran\u00ed si d\u016fkladn\u011b omyjte ruce., * Nutn\u00fd dohled dosp\u011bl\u00e9 osoby., Vyprateln\u00e9, netoxick\u00e9, bezpe\u010dn\u00e9 pro d\u011bti (nevhodn\u00e9 pro d\u011bti do 3 let). NEOBSAHUJE BORAX., BEZPE\u010cNOSTN\u00cd LISTY KE STA\u017dEN\u00cd: Clear Glue, Magical Liquid, t\u0159pytky v\u00a0tub\u011b (modr\u00e1, b\u00edl\u00e1), Vyzkou\u0161ejte\u00a0sadu Elmer\u00b4s se dv\u011bma v\u011bt\u0161\u00edmi balen\u00edmi dekora\u010dn\u00edho lepidla se t\u0159pytkami nebo sadu Elmer\u00b4s obsahuj\u00edc\u00ed 4 barevn\u00e1 dekora\u010dn\u00ed lepidla se t\u0159pytkami v tub\u011b. Do\u0161lo v\u00e1m lepidlo, nebo Magical Liquid k v\u00fdrob\u011b slizu? M\u016f\u017eete si dokoupit zvl\u00e1\u0161\u0165\u00a0 >>., M\u00e1me pro v\u00e1s i n\u00e1vod, jak sliz vyrobit\u00a0 >> .","item_id":"LX1796364","productname":"Sada ELMER\u00b4S k v\u00fdrob\u011b Frosty slizu","product":"Sada ELMER\u00b4S k v\u00fdrob\u011b Frosty slizu","url":"https:\/\/www.luxor.cz\/v\/1796364\/sada-elmers-k-vyrobe-frosty-slizu","imgurl":"https:\/\/img.luxor.cz\/orig\/produkty\/3026980772543.jpg","price_vat":"555.00","margin":"","vat":"","paramname1":"","paramval1":"","paramname2":"","paramval2":"","paramname3":"","paramval3":"","paramname4":"","paramval4":"","paramname5":"","paramval5":"","paramname6":"","paramval6":"","paramname7":"","paramval7":"","paramname8":"","paramval8":"","paramname9":"","paramval9":"","paramname10":"","paramval10":"","ean":"3026980772543","manufacturer":"Elmer's","categorytext":""},"_links":{"self":[{"href":"https:\/\/www.luxor.cz\/blog\/wp-json\/wp\/v2\/product\/128792","targetHints":{"allow":["GET"]}}],"collection":[{"href":"https:\/\/www.luxor.cz\/blog\/wp-json\/wp\/v2\/product"}],"about":[{"href":"https:\/\/www.luxor.cz\/blog\/wp-json\/wp\/v2\/types\/product"}],"replies":[{"embeddable":true,"href":"https:\/\/www.luxor.cz\/blog\/wp-json\/wp\/v2\/comments?post=128792"}],"wp:attachment":[{"href":"https:\/\/www.luxor.cz\/blog\/wp-json\/wp\/v2\/media?parent=128792"}],"wp:term":[{"taxonomy":"product_cat","embeddable":true,"href":"https:\/\/www.luxor.cz\/blog\/wp-json\/wp\/v2\/product_cat?post=128792"},{"taxonomy":"product_tag","embeddable":true,"href":"https:\/\/www.luxor.cz\/blog\/wp-json\/wp\/v2\/product_tag?post=128792"}],"curies":[{"name":"wp","href":"https:\/\/api.w.org\/{rel}","templated":true}]}}