{"id":118538,"date":"2023-08-14T22:16:10","date_gmt":"2023-08-14T20:16:10","guid":{"rendered":"https:\/\/www.luxor.cz\/blog\/produkt\/psychologie-masovych-vrahu\/"},"modified":"2023-08-14T22:16:11","modified_gmt":"2023-08-14T20:16:11","slug":"psychologie-masovych-vrahu","status":"publish","type":"product","link":"https:\/\/www.luxor.cz\/blog\/produkt\/psychologie-masovych-vrahu\/","title":{"rendered":"Psychologie masov\u00fdch vrah\u016f"},"content":{"rendered":"<p>Masov\u00fd vrah jinak mysl\u00ed, jinak \u017eije, jinak p\u00e1ch\u00e1 zlo, m\u00e1 jin\u00e9 motivy, ale zejm\u00e9na se zcela jinak vyv\u00edj\u00ed ji\u017e od d\u011btstv\u00ed. Je v mnoha p\u0159\u00edpadech produktem doby, v jist\u00e9m smyslu slova nemocn\u00e9 spole\u010dnosti a setk\u00e1v\u00e1me se s n\u00edm po cel\u00e9m sv\u011bt\u011b \u010d\u00edm d\u00e1l \u010dast\u011bji. Lidstvo toho za\u017eilo ji\u017e mnoho a jsou \u010diny, o nich\u017e je pot\u0159eba mluvit, aby si lid\u00e9 na konkr\u00e9tn\u00edch p\u0159\u00edpadech zla uv\u011bdomili, \u017ee k n\u011bmu nesm\u00ed b\u00fdt liknav\u00ed, nesm\u00ed jej p\u0159ehl\u00ed\u017eet, proto\u017ee zlo je vysoce infek\u010dn\u00ed. Tato kniha je o mal\u00fdch vzdorovit\u00fdch, pok\u0159iven\u00fdch a p\u0159\u00edpadn\u011b rozmanit\u011b zneu\u017e\u00edvan\u00fdch d\u011btech, kter\u00e9 skrze paranoidn\u00ed a nen\u00e1vistn\u00fd vztah k lidem vyrostly ve skute\u010dn\u00e1 monstra.<\/p>\n","protected":false},"excerpt":{"rendered":"<p>Masov\u00fd vrah jinak mysl\u00ed, jinak \u017eije, jinak p\u00e1ch\u00e1 zlo, m\u00e1 jin\u00e9 motivy, ale zejm\u00e9na se zcela jinak vyv\u00edj\u00ed ji\u017e od d\u011btstv\u00ed. Je v mnoha p\u0159\u00edpadech produktem doby, v jist\u00e9m smyslu [&hellip;]<\/p>\n","protected":false},"featured_media":0,"comment_status":"closed","ping_status":"open","template":"","meta":{"_acf_changed":false,"_monsterinsights_skip_tracking":false,"_monsterinsights_sitenote_active":false,"_monsterinsights_sitenote_note":"","_monsterinsights_sitenote_category":0,"_EventAllDay":false,"_EventTimezone":"","_EventStartDate":"","_EventEndDate":"","_EventStartDateUTC":"","_EventEndDateUTC":"","_EventShowMap":false,"_EventShowMapLink":false,"_EventURL":"","_EventCost":"","_EventCostDescription":"","_EventCurrencySymbol":"","_EventCurrencyCode":"","_EventCurrencyPosition":"","_EventDateTimeSeparator":"","_EventTimeRangeSeparator":"","_EventOrganizerID":[],"_EventVenueID":[],"_OrganizerEmail":"","_OrganizerPhone":"","_OrganizerWebsite":"","_VenueAddress":"","_VenueCity":"","_VenueCountry":"","_VenueProvince":"","_VenueState":"","_VenueZip":"","_VenuePhone":"","_VenueURL":"","_VenueStateProvince":"","_VenueLat":"","_VenueLng":"","_VenueShowMap":false,"_VenueShowMapLink":false,"twitterCardType":"","cardImageID":0,"cardImage":"","cardTitle":"","cardDesc":"","cardImageAlt":"","cardPlayer":"","cardPlayerWidth":0,"cardPlayerHeight":0,"cardPlayerStream":"","cardPlayerCodec":""},"product_cat":[],"product_tag":[],"class_list":["post-118538","product","type-product","status-publish","hentry"],"acf":{"description":"Masov\u00fd vrah jinak mysl\u00ed, jinak \u017eije, jinak p\u00e1ch\u00e1 zlo, m\u00e1 jin\u00e9 motivy, ale zejm\u00e9na se zcela jinak vyv\u00edj\u00ed ji\u017e od d\u011btstv\u00ed. Je v mnoha p\u0159\u00edpadech produktem doby, v jist\u00e9m smyslu slova nemocn\u00e9 spole\u010dnosti a setk\u00e1v\u00e1me se s n\u00edm po cel\u00e9m sv\u011bt\u011b \u010d\u00edm d\u00e1l \u010dast\u011bji. Lidstvo toho za\u017eilo ji\u017e mnoho a jsou \u010diny, o nich\u017e je pot\u0159eba mluvit, aby si lid\u00e9 na konkr\u00e9tn\u00edch p\u0159\u00edpadech zla uv\u011bdomili, \u017ee k n\u011bmu nesm\u00ed b\u00fdt liknav\u00ed, nesm\u00ed jej p\u0159ehl\u00ed\u017eet, proto\u017ee zlo je vysoce infek\u010dn\u00ed. Tato kniha je o mal\u00fdch vzdorovit\u00fdch, pok\u0159iven\u00fdch a p\u0159\u00edpadn\u011b rozmanit\u011b zneu\u017e\u00edvan\u00fdch d\u011btech, kter\u00e9 skrze paranoidn\u00ed a nen\u00e1vistn\u00fd vztah k lidem vyrostly ve skute\u010dn\u00e1 monstra.","item_id":"LX1765469","productname":"Psychologie masov\u00fdch vrah\u016f","product":"Psychologie masov\u00fdch vrah\u016f","url":"https:\/\/www.luxor.cz\/v\/1765469\/psychologie-masovych-vrahu","imgurl":"https:\/\/img.luxor.cz\/orig\/produkty\/9788024755991.jpg","price_vat":"422.00","margin":"","vat":"","paramname1":"","paramval1":"","paramname2":"","paramval2":"","paramname3":"","paramval3":"","paramname4":"","paramval4":"","paramname5":"","paramval5":"","paramname6":"","paramval6":"","paramname7":"","paramval7":"","paramname8":"","paramval8":"","paramname9":"","paramval9":"","paramname10":"","paramval10":"","ean":"9788024755991","manufacturer":"Grada","categorytext":""},"_links":{"self":[{"href":"https:\/\/www.luxor.cz\/blog\/wp-json\/wp\/v2\/product\/118538","targetHints":{"allow":["GET"]}}],"collection":[{"href":"https:\/\/www.luxor.cz\/blog\/wp-json\/wp\/v2\/product"}],"about":[{"href":"https:\/\/www.luxor.cz\/blog\/wp-json\/wp\/v2\/types\/product"}],"replies":[{"embeddable":true,"href":"https:\/\/www.luxor.cz\/blog\/wp-json\/wp\/v2\/comments?post=118538"}],"wp:attachment":[{"href":"https:\/\/www.luxor.cz\/blog\/wp-json\/wp\/v2\/media?parent=118538"}],"wp:term":[{"taxonomy":"product_cat","embeddable":true,"href":"https:\/\/www.luxor.cz\/blog\/wp-json\/wp\/v2\/product_cat?post=118538"},{"taxonomy":"product_tag","embeddable":true,"href":"https:\/\/www.luxor.cz\/blog\/wp-json\/wp\/v2\/product_tag?post=118538"}],"curies":[{"name":"wp","href":"https:\/\/api.w.org\/{rel}","templated":true}]}}