{"id":110518,"date":"2023-08-14T20:42:12","date_gmt":"2023-08-14T18:42:12","guid":{"rendered":"https:\/\/www.luxor.cz\/blog\/produkt\/amici-ditalia-1-libro-dello-studente\/"},"modified":"2023-08-14T20:42:12","modified_gmt":"2023-08-14T18:42:12","slug":"amici-ditalia-1-libro-dello-studente","status":"publish","type":"product","link":"https:\/\/www.luxor.cz\/blog\/produkt\/amici-ditalia-1-libro-dello-studente\/","title":{"rendered":"Amici d\u00b4Italia &#8211; 1 Libro dello studente"},"content":{"rendered":"<p>Amici d\u2019Italia<\/p>\n<p>Nov\u00fd italsk\u00fd kurz pro dosp\u011bl\u00e9 a ml\u00e1de\u017e dovede studenty na st\u0159edn\u011b pokro\u010dilou \u00farove\u0148 B1 podle SERR pro jazyky<br \/>\nkurz rozv\u00edj\u00ed v\u0161echny jazykov\u00e9 dovednosti<br \/>\nu\u010debnice obsahuje velk\u00e9 mno\u017estv\u00ed cvi\u010den\u00ed  a aktivit na procvi\u010dov\u00e1n\u00ed slovn\u00ed z\u00e1soby, gramatiky i konverzace<br \/>\npo t\u0159ech lekc\u00edch je v u\u010debnici v\u017edy dvoustrana v\u011bnovan\u00e1 shrnut\u00ed, ov\u011b\u0159en\u00ed znalost\u00ed a pokroku<br \/>\n\u010d\u00e1st v\u011bnovan\u00e1 re\u00e1li\u00edm It\u00e1lie je obohacen\u00e1 videem s autentickou prezentac\u00ed, sc\u00e9nami z film\u016f, reklam, zpravodajsk\u00fdch report\u00e1\u017e\u00ed, dokument\u016f apod., znalostn\u00ed hry z oblasti d\u011bjepisu a zem\u011bpisu<br \/>\npracovn\u00ed se\u0161it obsahuje dal\u0161\u00ed cvi\u010den\u00ed na procvi\u010den\u00ed a poslechy na audio CD<br \/>\nmetodick\u00e1 p\u0159\u00edru\u010dka pro u\u010ditele obsahuje metodick\u00e9 pokyny pro pr\u00e1ci s u\u010debnic\u00ed, transkripci poslechov\u00fdch text\u016f, extra cvi\u010den\u00ed a \u0159e\u0161en\u00ed ke v\u0161em cvi\u010den\u00edm v knize i pracovn\u00edm se\u0161it\u011b<br \/>\nkurz doprov\u00e1z\u00ed mno\u017estv\u00ed poslech\u016f na CD<br \/>\ndigit\u00e1ln\u00ed verze knihy nab\u00edz\u00ed multimedi\u00e1ln\u00ed  verzi u\u010debnice s interaktivn\u00edmi cvi\u010den\u00edmi, audio a videoz\u00e1znamy prezentovan\u00fdmi v u\u010debnici pro pou\u017eit\u00ed na interaktivn\u00ed tabuli nebo po\u010d\u00edta\u010di<\/p>\n<p>Amici d\u2019Italia<br \/>\nCorso di lingua italiana<br \/>\nAutori: E. Ercolino, T. A. Pellegrino<\/p>\n<p>Amici d\u2019Italia e un corso di lingua italiana diviso in tre livelli (A1 \u2013 A2 \u2013 B1) calibrati sul QCER. Punti di forza del corso sono la rigorosa gradualita grammaticale, la semplicita dell\u2019esposizione e la vivacita<br \/>\ndegli argomenti trattati e della tipologia degli esercizi. Ideale per stimolare l\u2019interesse in classe e apprendere la lingua italiana in modo semplice, completo e ricco di stimoli interattivi e culturali.<\/p>\n<p>Libri dello studente<br \/>\n\u2022 9 unita didattiche divise in sezioni: Dialogo di apertura con esercizi,Lessico, Comunicazione, Grammatica, Verso la certificazione, A spasso in Italia.<br \/>\n\u2022 Ricca gamma di attivita: esercizi di vocabolario, sulle funzioni comunicative e la grammatica, esercizi di fonetica e ortografia nel primo volume, e sulle certificazioni della lingua italiana (CELI, CILS o Plida), per sviluppare le quattro abilita e monitorare i progressi fatti.<br \/>\n\u2022 Ogni tre unita, due pagine di esercizi di riepilogo e verifica, nella sezione<\/p>\n<p>Tiriamo le somme.<br \/>\n\u2022 Sezioni di civilta A spasso in Italia, complete di video per arricchire quanto presentato in modo vivace e autentico, con scene di film, pubblicita, servizi giornalistici, documentari e tanto altro.<br \/>\n\u2022 Pagine di Geografia e Storia per la conoscenza dell\u2019Italia, con una simpatica commedia per divertirsi tutti insieme in italiano.<br \/>\n\u2022 Utile glossario finale per consolidare la conoscenza del lessico italiano.<\/p>\n<p>Eserciziari + Audio-CD<br \/>\n\u2022 Molteplici esercizi aggiuntivi per fissare e verificare quanto appreso nelle singole unita del libro dello studente.<br \/>\n\u2022 Un Audio-CD per ciascun livello del corso.<\/p>\n<p>PER L\u2019INSEGNANTE<br \/>\nGuida per l\u2019insegnante<br \/>\n\u2022 Utili arricchimenti metodologici e diversificati percorsi didattici.<br \/>\n\u2022 Esercizi extra e le soluzioni degli esercizi del libro dello studente e dell\u2019eserciziario.<br \/>\n\u2022 Trascrizione di tutte le parti dell\u2019Audio-CD.<\/p>\n<p>3 Audio-CDs<br \/>\n\u2022 Tracce per le attivita di ascolto da proporre in classe.<\/p>\n<p>Libro digitale<br \/>\n\u2022 Versione multimediale del libro dello studente, con esercizi interattivi, audio e video presentati nel libro dello studente.<\/p>\n","protected":false},"excerpt":{"rendered":"<p>Amici d\u2019Italia Nov\u00fd italsk\u00fd kurz pro dosp\u011bl\u00e9 a ml\u00e1de\u017e dovede studenty na st\u0159edn\u011b pokro\u010dilou \u00farove\u0148 B1 podle SERR pro jazyky kurz rozv\u00edj\u00ed v\u0161echny jazykov\u00e9 dovednosti u\u010debnice obsahuje velk\u00e9 mno\u017estv\u00ed cvi\u010den\u00ed [&hellip;]<\/p>\n","protected":false},"featured_media":0,"comment_status":"closed","ping_status":"open","template":"","meta":{"_acf_changed":false,"_monsterinsights_skip_tracking":false,"_monsterinsights_sitenote_active":false,"_monsterinsights_sitenote_note":"","_monsterinsights_sitenote_category":0,"_EventAllDay":false,"_EventTimezone":"","_EventStartDate":"","_EventEndDate":"","_EventStartDateUTC":"","_EventEndDateUTC":"","_EventShowMap":false,"_EventShowMapLink":false,"_EventURL":"","_EventCost":"","_EventCostDescription":"","_EventCurrencySymbol":"","_EventCurrencyCode":"","_EventCurrencyPosition":"","_EventDateTimeSeparator":"","_EventTimeRangeSeparator":"","_EventOrganizerID":[],"_EventVenueID":[],"_OrganizerEmail":"","_OrganizerPhone":"","_OrganizerWebsite":"","_VenueAddress":"","_VenueCity":"","_VenueCountry":"","_VenueProvince":"","_VenueState":"","_VenueZip":"","_VenuePhone":"","_VenueURL":"","_VenueStateProvince":"","_VenueLat":"","_VenueLng":"","_VenueShowMap":false,"_VenueShowMapLink":false,"twitterCardType":"","cardImageID":0,"cardImage":"","cardTitle":"","cardDesc":"","cardImageAlt":"","cardPlayer":"","cardPlayerWidth":0,"cardPlayerHeight":0,"cardPlayerStream":"","cardPlayerCodec":""},"product_cat":[],"product_tag":[],"class_list":["post-110518","product","type-product","status-publish","hentry"],"acf":{"description":"Amici d\u2019Italia\n\nNov\u00fd italsk\u00fd kurz pro dosp\u011bl\u00e9 a ml\u00e1de\u017e dovede studenty na st\u0159edn\u011b pokro\u010dilou \u00farove\u0148 B1 podle SERR pro jazyky\nkurz rozv\u00edj\u00ed v\u0161echny jazykov\u00e9 dovednosti\nu\u010debnice obsahuje velk\u00e9 mno\u017estv\u00ed cvi\u010den\u00ed  a aktivit na procvi\u010dov\u00e1n\u00ed slovn\u00ed z\u00e1soby, gramatiky i konverzace\npo t\u0159ech lekc\u00edch je v u\u010debnici v\u017edy dvoustrana v\u011bnovan\u00e1 shrnut\u00ed, ov\u011b\u0159en\u00ed znalost\u00ed a pokroku\n\u010d\u00e1st v\u011bnovan\u00e1 re\u00e1li\u00edm It\u00e1lie je obohacen\u00e1 videem s autentickou prezentac\u00ed, sc\u00e9nami z film\u016f, reklam, zpravodajsk\u00fdch report\u00e1\u017e\u00ed, dokument\u016f apod., znalostn\u00ed hry z oblasti d\u011bjepisu a zem\u011bpisu\npracovn\u00ed se\u0161it obsahuje dal\u0161\u00ed cvi\u010den\u00ed na procvi\u010den\u00ed a poslechy na audio CD\nmetodick\u00e1 p\u0159\u00edru\u010dka pro u\u010ditele obsahuje metodick\u00e9 pokyny pro pr\u00e1ci s u\u010debnic\u00ed, transkripci poslechov\u00fdch text\u016f, extra cvi\u010den\u00ed a \u0159e\u0161en\u00ed ke v\u0161em cvi\u010den\u00edm v knize i pracovn\u00edm se\u0161it\u011b\nkurz doprov\u00e1z\u00ed mno\u017estv\u00ed poslech\u016f na CD\ndigit\u00e1ln\u00ed verze knihy nab\u00edz\u00ed multimedi\u00e1ln\u00ed  verzi u\u010debnice s interaktivn\u00edmi cvi\u010den\u00edmi, audio a videoz\u00e1znamy prezentovan\u00fdmi v u\u010debnici pro pou\u017eit\u00ed na interaktivn\u00ed tabuli nebo po\u010d\u00edta\u010di\n\n\nAmici d\u2019Italia\nCorso di lingua italiana\nAutori: E. Ercolino, T. A. Pellegrino\n\nAmici d\u2019Italia e un corso di lingua italiana diviso in tre livelli (A1 \u2013 A2 \u2013 B1) calibrati sul QCER. Punti di forza del corso sono la rigorosa gradualita grammaticale, la semplicita dell\u2019esposizione e la vivacita\ndegli argomenti trattati e della tipologia degli esercizi. Ideale per stimolare l\u2019interesse in classe e apprendere la lingua italiana in modo semplice, completo e ricco di stimoli interattivi e culturali.\n\nLibri dello studente\n\u2022 9 unita didattiche divise in sezioni: Dialogo di apertura con esercizi,Lessico, Comunicazione, Grammatica, Verso la certificazione, A spasso in Italia.\n\u2022 Ricca gamma di attivita: esercizi di vocabolario, sulle funzioni comunicative e la grammatica, esercizi di fonetica e ortografia nel primo volume, e sulle certificazioni della lingua italiana (CELI, CILS o Plida), per sviluppare le quattro abilita e monitorare i progressi fatti.\n\u2022 Ogni tre unita, due pagine di esercizi di riepilogo e verifica, nella sezione\n\nTiriamo le somme.\n\u2022 Sezioni di civilta A spasso in Italia, complete di video per arricchire quanto presentato in modo vivace e autentico, con scene di film, pubblicita, servizi giornalistici, documentari e tanto altro.\n\u2022 Pagine di Geografia e Storia per la conoscenza dell\u2019Italia, con una simpatica commedia per divertirsi tutti insieme in italiano.\n\u2022 Utile glossario finale per consolidare la conoscenza del lessico italiano.\n\n\nEserciziari + Audio-CD\n\u2022 Molteplici esercizi aggiuntivi per fissare e verificare quanto appreso nelle singole unita del libro dello studente.\n\u2022 Un Audio-CD per ciascun livello del corso.\n\n\nPER L\u2019INSEGNANTE\nGuida per l\u2019insegnante\n\u2022 Utili arricchimenti metodologici e diversificati percorsi didattici.\n\u2022 Esercizi extra e le soluzioni degli esercizi del libro dello studente e dell\u2019eserciziario.\n\u2022 Trascrizione di tutte le parti dell\u2019Audio-CD.\n\n\n3 Audio-CDs\n\u2022 Tracce per le attivita di ascolto da proporre in classe.\n\nLibro digitale\n\u2022 Versione multimediale del libro dello studente, con esercizi interattivi, audio e video presentati nel libro dello studente.","item_id":"LX1733384","productname":"Amici d\u00b4Italia - 1 Libro dello studente","product":"Amici d\u00b4Italia - 1 Libro dello studente","url":"https:\/\/www.luxor.cz\/v\/1733384\/amici-ditalia-1-libro-dello-studente","imgurl":"https:\/\/img.luxor.cz\/orig\/produkty\/9788853615114.jpg","price_vat":"278.00","margin":"","vat":"","paramname1":"","paramval1":"","paramname2":"","paramval2":"","paramname3":"","paramval3":"","paramname4":"","paramval4":"","paramname5":"","paramval5":"","paramname6":"","paramval6":"","paramname7":"","paramval7":"","paramname8":"","paramval8":"","paramname9":"","paramval9":"","paramname10":"","paramval10":"","ean":"9788853615114","manufacturer":"Eli","categorytext":""},"_links":{"self":[{"href":"https:\/\/www.luxor.cz\/blog\/wp-json\/wp\/v2\/product\/110518","targetHints":{"allow":["GET"]}}],"collection":[{"href":"https:\/\/www.luxor.cz\/blog\/wp-json\/wp\/v2\/product"}],"about":[{"href":"https:\/\/www.luxor.cz\/blog\/wp-json\/wp\/v2\/types\/product"}],"replies":[{"embeddable":true,"href":"https:\/\/www.luxor.cz\/blog\/wp-json\/wp\/v2\/comments?post=110518"}],"wp:attachment":[{"href":"https:\/\/www.luxor.cz\/blog\/wp-json\/wp\/v2\/media?parent=110518"}],"wp:term":[{"taxonomy":"product_cat","embeddable":true,"href":"https:\/\/www.luxor.cz\/blog\/wp-json\/wp\/v2\/product_cat?post=110518"},{"taxonomy":"product_tag","embeddable":true,"href":"https:\/\/www.luxor.cz\/blog\/wp-json\/wp\/v2\/product_tag?post=110518"}],"curies":[{"name":"wp","href":"https:\/\/api.w.org\/{rel}","templated":true}]}}