{"id":101463,"date":"2023-08-14T16:07:03","date_gmt":"2023-08-14T14:07:03","guid":{"rendered":"https:\/\/www.luxor.cz\/blog\/produkt\/poldark-7-besnici-priboj\/"},"modified":"2023-08-14T16:07:03","modified_gmt":"2023-08-14T14:07:03","slug":"poldark-7-besnici-priboj","status":"publish","type":"product","link":"https:\/\/www.luxor.cz\/blog\/produkt\/poldark-7-besnici-priboj\/","title":{"rendered":"Poldark 7 &#8211; B\u011bsn\u00edc\u00ed p\u0159\u00edboj"},"content":{"rendered":"<p>Ross Poldark se st\u00e1v\u00e1 poslancem parlamentu za Truro a d\u011bl\u00ed sv\u016fj \u010das mezi Lond\u00fdn a Cornwall. Do sv\u00e9ho nov\u00e9ho \u017eivota v hlavn\u00edm m\u011bst\u011b si v\u0161ak s sebou bere star\u00e9 k\u0159ivdy, zklam\u00e1n\u00ed a vztek, kter\u00e9 ho ochromuj\u00ed a zat\u011b\u017euj\u00ed jeho vztah s man\u017eelkou Demelzou, je\u017e se p\u0159izp\u016fsobuje lond\u00fdnsk\u00e9 spole\u010dnosti l\u00e9pe ne\u017e on. Hn\u011bv je tak\u00e9 p\u0159\u00ed\u010dinou, d\u016fsledkem i hnac\u00ed silou v\u0161ech ud\u00e1lost\u00ed, kter\u00e9 se na obyvatele Nampary a Trenwithu \u0159\u00edt\u00ed jako prudk\u00e1 mo\u0159sk\u00e1 vlna: Ross\u016fv hn\u011bv v\u016f\u010di bezskrupul\u00f3zn\u00edmu Georgi Warlegganovi; hn\u011bv zem\u0159el\u00e9 tety Agathy, kter\u00e1 sv\u00fdmi posledn\u00edmi slovy zasadila zni\u010duj\u00edc\u00ed r\u00e1nu nejen nen\u00e1vid\u011bn\u00e9mu Georgeovi, ale ne\u00famysln\u011b i jeho man\u017eelce Elizabeth; Warleggan\u016fv hn\u011bv na cel\u00e9 okol\u00ed, kter\u00fd nab\u00edr\u00e1 na s\u00edle s t\u00edm, jak jeho vymodlen\u00fd syn Valentine roste a George v n\u011bm st\u00e1le hled\u00e1 a nach\u00e1z\u00ed Rossovy rysy. O nic \u0161\u0165astn\u011bji ne\u017eije ani Elizabethina sest\u0159enka Morwenna, kterou George Warleggan p\u0159im\u011bl ke s\u0148atku s ovdov\u011bl\u00fdm \u0161lechticem, reverendem Ossiem Whitworthem. Porod\u00ed sice syna, ale potom s man\u017eelem odm\u00edt\u00e1 sp\u00e1t a vystavuje se jeho krutostem. P\u0159itom nep\u0159est\u00e1v\u00e1 milovat mlad\u00e9ho Drakea, Rossova \u0161vagra, a tajn\u011b se s n\u00edm v\u00edd\u00e1. P\u0159ed n\u00e1stupem nov\u00e9ho stolet\u00ed v\u0161ak Rosse a George spoj\u00ed obrovsk\u00e1 ztr\u00e1ta, kter\u00e1 je mnohon\u00e1sobn\u011b v\u011bt\u0161\u00ed ne\u017e jejich odv\u011bk\u00e1 nen\u00e1vist. A jin\u00e1 trag\u00e9die naopak vlije nad\u011bji do \u017eivota Drakea a Morwenny.<\/p>\n","protected":false},"excerpt":{"rendered":"<p>Ross Poldark se st\u00e1v\u00e1 poslancem parlamentu za Truro a d\u011bl\u00ed sv\u016fj \u010das mezi Lond\u00fdn a Cornwall. Do sv\u00e9ho nov\u00e9ho \u017eivota v hlavn\u00edm m\u011bst\u011b si v\u0161ak s sebou bere star\u00e9 k\u0159ivdy, [&hellip;]<\/p>\n","protected":false},"featured_media":0,"comment_status":"closed","ping_status":"open","template":"","meta":{"_acf_changed":false,"_monsterinsights_skip_tracking":false,"_monsterinsights_sitenote_active":false,"_monsterinsights_sitenote_note":"","_monsterinsights_sitenote_category":0,"_EventAllDay":false,"_EventTimezone":"","_EventStartDate":"","_EventEndDate":"","_EventStartDateUTC":"","_EventEndDateUTC":"","_EventShowMap":false,"_EventShowMapLink":false,"_EventURL":"","_EventCost":"","_EventCostDescription":"","_EventCurrencySymbol":"","_EventCurrencyCode":"","_EventCurrencyPosition":"","_EventDateTimeSeparator":"","_EventTimeRangeSeparator":"","_EventOrganizerID":[],"_EventVenueID":[],"_OrganizerEmail":"","_OrganizerPhone":"","_OrganizerWebsite":"","_VenueAddress":"","_VenueCity":"","_VenueCountry":"","_VenueProvince":"","_VenueState":"","_VenueZip":"","_VenuePhone":"","_VenueURL":"","_VenueStateProvince":"","_VenueLat":"","_VenueLng":"","_VenueShowMap":false,"_VenueShowMapLink":false,"twitterCardType":"","cardImageID":0,"cardImage":"","cardTitle":"","cardDesc":"","cardImageAlt":"","cardPlayer":"","cardPlayerWidth":0,"cardPlayerHeight":0,"cardPlayerStream":"","cardPlayerCodec":""},"product_cat":[],"product_tag":[],"class_list":["post-101463","product","type-product","status-publish","hentry"],"acf":{"description":"Ross Poldark se st\u00e1v\u00e1 poslancem parlamentu za Truro a d\u011bl\u00ed sv\u016fj \u010das mezi Lond\u00fdn a Cornwall. Do sv\u00e9ho nov\u00e9ho \u017eivota v hlavn\u00edm m\u011bst\u011b si v\u0161ak s sebou bere star\u00e9 k\u0159ivdy, zklam\u00e1n\u00ed a vztek, kter\u00e9 ho ochromuj\u00ed a zat\u011b\u017euj\u00ed jeho vztah s man\u017eelkou Demelzou, je\u017e se p\u0159izp\u016fsobuje lond\u00fdnsk\u00e9 spole\u010dnosti l\u00e9pe ne\u017e on. Hn\u011bv je tak\u00e9 p\u0159\u00ed\u010dinou, d\u016fsledkem i hnac\u00ed silou v\u0161ech ud\u00e1lost\u00ed, kter\u00e9 se na obyvatele Nampary a Trenwithu \u0159\u00edt\u00ed jako prudk\u00e1 mo\u0159sk\u00e1 vlna: Ross\u016fv hn\u011bv v\u016f\u010di bezskrupul\u00f3zn\u00edmu Georgi Warlegganovi; hn\u011bv zem\u0159el\u00e9 tety Agathy, kter\u00e1 sv\u00fdmi posledn\u00edmi slovy zasadila zni\u010duj\u00edc\u00ed r\u00e1nu nejen nen\u00e1vid\u011bn\u00e9mu Georgeovi, ale ne\u00famysln\u011b i jeho man\u017eelce Elizabeth; Warleggan\u016fv hn\u011bv na cel\u00e9 okol\u00ed, kter\u00fd nab\u00edr\u00e1 na s\u00edle s t\u00edm, jak jeho vymodlen\u00fd syn Valentine roste a George v n\u011bm st\u00e1le hled\u00e1 a nach\u00e1z\u00ed Rossovy rysy. O nic \u0161\u0165astn\u011bji ne\u017eije ani Elizabethina sest\u0159enka Morwenna, kterou George Warleggan p\u0159im\u011bl ke s\u0148atku s ovdov\u011bl\u00fdm \u0161lechticem, reverendem Ossiem Whitworthem. Porod\u00ed sice syna, ale potom s man\u017eelem odm\u00edt\u00e1 sp\u00e1t a vystavuje se jeho krutostem. P\u0159itom nep\u0159est\u00e1v\u00e1 milovat mlad\u00e9ho Drakea, Rossova \u0161vagra, a tajn\u011b se s n\u00edm v\u00edd\u00e1. P\u0159ed n\u00e1stupem nov\u00e9ho stolet\u00ed v\u0161ak Rosse a George spoj\u00ed obrovsk\u00e1 ztr\u00e1ta, kter\u00e1 je mnohon\u00e1sobn\u011b v\u011bt\u0161\u00ed ne\u017e jejich odv\u011bk\u00e1 nen\u00e1vist. A jin\u00e1 trag\u00e9die naopak vlije nad\u011bji do \u017eivota Drakea a Morwenny.","item_id":"LX1708447","productname":"Poldark 7 - B\u011bsn\u00edc\u00ed p\u0159\u00edboj","product":"Poldark 7 - B\u011bsn\u00edc\u00ed p\u0159\u00edboj","url":"https:\/\/www.luxor.cz\/v\/1708447\/poldark-7-besnici-priboj","imgurl":"https:\/\/img.luxor.cz\/orig\/produkty\/9788026910855.jpg","price_vat":"449.00","margin":"","vat":"","paramname1":"","paramval1":"","paramname2":"","paramval2":"","paramname3":"","paramval3":"","paramname4":"","paramval4":"","paramname5":"","paramval5":"","paramname6":"","paramval6":"","paramname7":"","paramval7":"","paramname8":"","paramval8":"","paramname9":"","paramval9":"","paramname10":"","paramval10":"","ean":"9788026910855","manufacturer":"Baronet","categorytext":""},"_links":{"self":[{"href":"https:\/\/www.luxor.cz\/blog\/wp-json\/wp\/v2\/product\/101463","targetHints":{"allow":["GET"]}}],"collection":[{"href":"https:\/\/www.luxor.cz\/blog\/wp-json\/wp\/v2\/product"}],"about":[{"href":"https:\/\/www.luxor.cz\/blog\/wp-json\/wp\/v2\/types\/product"}],"replies":[{"embeddable":true,"href":"https:\/\/www.luxor.cz\/blog\/wp-json\/wp\/v2\/comments?post=101463"}],"wp:attachment":[{"href":"https:\/\/www.luxor.cz\/blog\/wp-json\/wp\/v2\/media?parent=101463"}],"wp:term":[{"taxonomy":"product_cat","embeddable":true,"href":"https:\/\/www.luxor.cz\/blog\/wp-json\/wp\/v2\/product_cat?post=101463"},{"taxonomy":"product_tag","embeddable":true,"href":"https:\/\/www.luxor.cz\/blog\/wp-json\/wp\/v2\/product_tag?post=101463"}],"curies":[{"name":"wp","href":"https:\/\/api.w.org\/{rel}","templated":true}]}}